{"id":745953,"date":"2025-08-28T02:31:33","date_gmt":"2025-08-27T23:31:33","guid":{"rendered":"https:\/\/roveyayinevi.com.tr\/index.php\/urun\/mekanik-dunya\/"},"modified":"2026-03-13T02:53:34","modified_gmt":"2026-03-12T23:53:34","slug":"mekanik-dunya","status":"publish","type":"product","link":"https:\/\/roveyayinevi.com.tr\/index.php\/urun\/mekanik-dunya\/","title":{"rendered":"Mekanik D\u00fcnya"},"content":{"rendered":"<p>\u201cNatez kendi ya\u015fad\u0131\u011f\u0131 ve sonras\u0131nda ad\u0131n\u0131n a\u015fk oldu\u011funu \u00f6\u011frendi\u011fi duygular\u0131 kendi halk\u0131n\u0131n da ya\u015famas\u0131n\u0131, elde edilmi\u015f hi\u00e7bir zenginlik ve bilginin bu duygunun yerini tutamayaca\u011f\u0131n\u0131, herkesin kendisi kadar \u015fansl\u0131 veya b\u00f6yle e\u015fi benzeri olmayan bir duyguya ula\u015fma amac\u0131 olamayaca\u011f\u0131 i\u00e7in mahrum kalacaklar\u0131n\u0131, D\u00fcnya ile birlikte kurulacak bu yeni ya\u015fam formunun kendi halk\u0131n\u0131 da yava\u015f yava\u015f duygu ya\u015fayan ve hissedebilen birer canl\u0131 haline getirece\u011fini d\u00fc\u015f\u00fcn\u00fcyordu. D\u00fcnya\u2019daki gibi g\u00fcne\u015fin do\u011fup batt\u0131\u011f\u0131, \u00e7i\u00e7eklerin yeti\u015fti\u011fi, tat ve kokular\u0131n oldu\u011fu, a\u015fk ve sevginin ya\u015fand\u0131\u011f\u0131 bir ya\u015fam formu istiyordu.\u201d <\/p>\n","protected":false},"excerpt":{"rendered":"<p>\u201cNatez kendi ya\u015fad\u0131\u011f\u0131 ve sonras\u0131nda ad\u0131n\u0131n a\u015fk oldu\u011funu \u00f6\u011frendi\u011fi duygular\u0131 kendi halk\u0131n\u0131n da ya\u015famas\u0131n\u0131, elde edilmi\u015f hi\u00e7bir zenginlik ve bilginin bu duygunun yerini tutamayaca\u011f\u0131n\u0131, herkesin kendisi<span class=\"excerpt-hellip\"> [\u2026]<\/span><\/p>\n","protected":false},"featured_media":0,"template":"","meta":{"_monsterinsights_skip_tracking":false,"_monsterinsights_sitenote_active":false,"_monsterinsights_sitenote_note":"","_monsterinsights_sitenote_category":0},"product_brand":[],"product_cat":[12291,12711],"product_tag":[],"class_list":{"0":"post-745953","1":"product","2":"type-product","3":"status-publish","5":"product_cat-edebiyat","6":"product_cat-roman-oyku","7":"pa_cilt-ciltsiz","8":"pa_tur-kitap","9":"pa_yayinevi-kirmizi-cati-yayinlari","10":"pa_yazar-melahat-kanoglu","12":"first","13":"instock","14":"sale","15":"shipping-taxable","16":"purchasable","17":"product-type-simple"},"_links":{"self":[{"href":"https:\/\/roveyayinevi.com.tr\/index.php\/wp-json\/wp\/v2\/product\/745953","targetHints":{"allow":["GET"]}}],"collection":[{"href":"https:\/\/roveyayinevi.com.tr\/index.php\/wp-json\/wp\/v2\/product"}],"about":[{"href":"https:\/\/roveyayinevi.com.tr\/index.php\/wp-json\/wp\/v2\/types\/product"}],"wp:attachment":[{"href":"https:\/\/roveyayinevi.com.tr\/index.php\/wp-json\/wp\/v2\/media?parent=745953"}],"wp:term":[{"taxonomy":"product_brand","embeddable":true,"href":"https:\/\/roveyayinevi.com.tr\/index.php\/wp-json\/wp\/v2\/product_brand?post=745953"},{"taxonomy":"product_cat","embeddable":true,"href":"https:\/\/roveyayinevi.com.tr\/index.php\/wp-json\/wp\/v2\/product_cat?post=745953"},{"taxonomy":"product_tag","embeddable":true,"href":"https:\/\/roveyayinevi.com.tr\/index.php\/wp-json\/wp\/v2\/product_tag?post=745953"}],"curies":[{"name":"wp","href":"https:\/\/api.w.org\/{rel}","templated":true}]}}