{"id":745945,"date":"2025-08-28T02:31:25","date_gmt":"2025-08-27T23:31:25","guid":{"rendered":"https:\/\/roveyayinevi.com.tr\/index.php\/urun\/cografyada-yeni-yaklasimlar-guncel-arastirma-ve-incelemeler\/"},"modified":"2026-04-16T02:58:25","modified_gmt":"2026-04-15T23:58:25","slug":"cografyada-yeni-yaklasimlar-guncel-arastirma-ve-incelemeler","status":"publish","type":"product","link":"https:\/\/roveyayinevi.com.tr\/index.php\/urun\/cografyada-yeni-yaklasimlar-guncel-arastirma-ve-incelemeler\/","title":{"rendered":"Co\u011frafyada Yeni Yakla\u015f\u0131mlar &amp; G\u00fcncel Ara\u015ft\u0131rma ve \u0130ncelemeler"},"content":{"rendered":"<p>\u00b7         ANTALYA \u015eEH\u0130R FONKS\u0130YONLARININ G\u00d6\u00c7E ETK\u0130S\u0130 \u00b7         \u00c2\u015eIK TARZI DESTANLARDA DO\u011eAL AFETLER \u00b7         BOZKIR \u0130L\u00c7ES\u0130NDE (KONYA) B\u0130R TOPLAYICILIK FAAL\u0130YET\u0130: KUZUG\u00d6BE\u011e\u0130 MANTARI (MORCHELLA ESCULANTA) \u00b7         BURDUR \u0130L\u0130 MERMERLER\u0130N CO\u011eRAF\u0130 \u00d6ZELL\u0130KLER\u0130 VE MERMER SANAY\u0130S\u0130N\u0130N \u0130L EKONOM\u0130S\u0130NE ETK\u0130LER\u0130 \u00b7         CO\u011eRAFYA E\u011e\u0130T\u0130M\u0130N\u0130N BUG\u00dcN\u00dc VE GELECE\u011e\u0130 \u00dcZER\u0130NE CO\u011eRAFYA \u00d6\u011eRETMENLER\u0130N\u0130N G\u00d6R\u00dc\u015eLER\u0130N\u0130N \u0130NCELENMES\u0130 \u00b7         D\u00dcZCE \u0130L\u0130NDE BA\u015eLICA \u015eELALELER VE TUR\u0130ZM POTANS\u0130YEL\u0130 \u00b7         HASSAS\u0130YET KAVRAMI VE CO\u011eRAFYA B\u0130L\u0130M\u0130 KAPSAMINDA GEL\u0130\u015eT\u0130R\u0130LEN HASSAS\u0130YET KAVRAMSAL \u00c7ER\u00c7EVELER\u0130NE TEOR\u0130K B\u0130R BAKI\u015e \u00b7         MEK\u00c2NLAR VE TUR\u0130STLER \u0130\u00c7\u0130N YEN\u0130LEY\u0130C\u0130, CANLANDIRICI VE D\u00d6N\u00dc\u015eT\u00dcR\u00dcC\u00dc \u0130\u015eLEVLER\u0130YLE \u0130K\u0130NC\u0130 NES\u0130L KIRSAL TUR\u0130ZM \u00b7         PAMUKOVA \u0130L\u00c7ES\u0130NDE 2004-2020 YILLARI ARASINDAK\u0130 TARIMSAL \u00dcRET\u0130M DESEN\u0130NDEK\u0130 DE\u011e\u0130\u015e\u0130MLER VE NEDENLER\u0130 \u00b7         \u015eEH\u0130R \u0130\u00c7\u0130 ULA\u015eIM S\u0130STEMLER\u0130 \u00dcZER\u0130NE \u00b7         SER\u00c7EME \u00c7AYI HAVZASINDA TARIM VE HAYVANCILIK FAAL\u0130YETLER\u0130 \u00b7         SER\u00c7EME \u00c7AYI HAVZASININ N\u00dcFUS GEL\u0130\u015e\u0130M\u0130 \u00b7         \u015eEH\u0130R \u0130\u00c7\u0130 ULA\u015eIM S\u0130STEMLER\u0130 \u00dcZER\u0130NE \u00b7         SER\u00c7EME \u00c7AYI HAVZASINDA TARIM VE HAYVANCILIK FAAL\u0130YETLER\u0130 \u00b7         SER\u00c7EME \u00c7AYI HAVZASININ N\u00dcFUS GEL\u0130\u015e\u0130M\u0130 \u00b7         \u015eANS TUR\u0130ZM\u0130N\u0130N (LAST CHANCE TOUR\u0130SM) BUZUL TUR\u0130ZM\u0130 VE T\u00dcRK\u0130YE\u2019N\u0130N G\u00dcNCEL BUZULLARI BA\u011eLAMINDA DE\u011eERLEND\u0130R\u0130LMES\u0130 \u00b7         SOSYAL \u0130NOVASYONA CO\u011eRAF\u0130 BAKI\u015e \u00b7         S\u00dcRD\u00dcR\u00dcLEB\u0130L\u0130R KENT \u0130\u00c7\u0130 ULA\u015eIM KAVRAMINA DA\u0130R B\u0130R DE\u011eERLEND\u0130RME \u00b7         T\u00dcRK\u0130YE\u2019DE H\u00dcZ\u00dcN TUR\u0130ZM\u0130 \u00dcZER\u0130NE YAPILAN ARA\u015eTIRMALARA Y\u00d6NEL\u0130K \u0130\u00c7ER\u0130K ANAL\u0130Z\u0130 \u00b7         T\u00dcRK\u0130YE\u2019DE ENERJ\u0130 EKONOM\u0130S\u0130 \u00b7         T\u00dcRK\u0130YE\u2019DE RAMSAR STAT\u00dcS\u00dcNDE KORUNAN SULAK ALANLARIN HAVZALARA G\u00d6RE DA\u011eILI\u015eI, EKOLOJ\u0130K \u00d6ZELL\u0130KLER\u0130 VE Y\u00d6NET\u0130M\u0130 \u00b7         BAYBURT \u0130L\u0130N\u0130N TAR\u0130H\u0130 CO\u011eRAFYASI ve ARKEOLOJ\u0130S\u0130 <\/p>\n","protected":false},"excerpt":{"rendered":"<p>\u00b7 ANTALYA \u015eEH\u0130R FONKS\u0130YONLARININ G\u00d6\u00c7E ETK\u0130S\u0130 \u00b7 \u00c2\u015eIK TARZI DESTANLARDA DO\u011eAL AFETLER \u00b7 BOZKIR \u0130L\u00c7ES\u0130NDE (KONYA) B\u0130R TOPLAYICILIK FAAL\u0130YET\u0130: KUZUG\u00d6BE\u011e\u0130 MANTARI (MORCHELLA ESCULANTA) \u00b7 BURDUR \u0130L\u0130<span class=\"excerpt-hellip\"> [\u2026]<\/span><\/p>\n","protected":false},"featured_media":0,"template":"","meta":{"_monsterinsights_skip_tracking":false,"_monsterinsights_sitenote_active":false,"_monsterinsights_sitenote_note":"","_monsterinsights_sitenote_category":0},"product_brand":[],"product_cat":[12573,12566],"product_tag":[],"class_list":{"0":"post-745945","1":"product","2":"type-product","3":"status-publish","5":"product_cat-akademik-kitaplar","6":"product_cat-egitim","7":"pa_cilt-ciltsiz","8":"pa_tur-kitap","9":"pa_yayinevi-gazi-kitabevi","10":"pa_yazar-kolektif","12":"first","13":"instock","14":"sale","15":"shipping-taxable","16":"purchasable","17":"product-type-simple"},"_links":{"self":[{"href":"https:\/\/roveyayinevi.com.tr\/index.php\/wp-json\/wp\/v2\/product\/745945","targetHints":{"allow":["GET"]}}],"collection":[{"href":"https:\/\/roveyayinevi.com.tr\/index.php\/wp-json\/wp\/v2\/product"}],"about":[{"href":"https:\/\/roveyayinevi.com.tr\/index.php\/wp-json\/wp\/v2\/types\/product"}],"wp:attachment":[{"href":"https:\/\/roveyayinevi.com.tr\/index.php\/wp-json\/wp\/v2\/media?parent=745945"}],"wp:term":[{"taxonomy":"product_brand","embeddable":true,"href":"https:\/\/roveyayinevi.com.tr\/index.php\/wp-json\/wp\/v2\/product_brand?post=745945"},{"taxonomy":"product_cat","embeddable":true,"href":"https:\/\/roveyayinevi.com.tr\/index.php\/wp-json\/wp\/v2\/product_cat?post=745945"},{"taxonomy":"product_tag","embeddable":true,"href":"https:\/\/roveyayinevi.com.tr\/index.php\/wp-json\/wp\/v2\/product_tag?post=745945"}],"curies":[{"name":"wp","href":"https:\/\/api.w.org\/{rel}","templated":true}]}}