{"id":745941,"date":"2025-08-28T02:31:21","date_gmt":"2025-08-27T23:31:21","guid":{"rendered":"https:\/\/roveyayinevi.com.tr\/index.php\/urun\/hatay-da-gecis-donemlerinde-gerceklestirilen-yoresel-mutfak-uygulamalari\/"},"modified":"2026-04-16T02:58:25","modified_gmt":"2026-04-15T23:58:25","slug":"hatay-da-gecis-donemlerinde-gerceklestirilen-yoresel-mutfak-uygulamalari","status":"publish","type":"product","link":"https:\/\/roveyayinevi.com.tr\/index.php\/urun\/hatay-da-gecis-donemlerinde-gerceklestirilen-yoresel-mutfak-uygulamalari\/","title":{"rendered":"Hatay&#8217; da Ge\u00e7i\u015f D\u00f6nemlerinde Ger\u00e7ekle\u015ftirilen Y\u00f6resel Mutfak Uygulamalar\u0131"},"content":{"rendered":"<p>1.      B\u00d6L\u00dcM 1.1. Tarihsel S\u00fcre\u00e7 \u0130\u00e7erisinde Hata   2.      B\u00d6L\u00dcM 2.1. Yemek Kavram   3.      B\u00d6L\u00dcM 3.1. Ge\u00e7i\u015f D\u00f6nemi Kavram   4.      B\u00d6L\u00dcM 4.1. Ara\u015ft\u0131rman\u0131n Modeli ve T\u00fcr\u00fc   5.      B\u00d6L\u00dcM 5.1. Kat\u0131l\u0131mc\u0131lar\u0131n Demografik \u00d6zellikleri <\/p>\n","protected":false},"excerpt":{"rendered":"<p>1. B\u00d6L\u00dcM 1.1. Tarihsel S\u00fcre\u00e7 \u0130\u00e7erisinde Hata 2. B\u00d6L\u00dcM 2.1. Yemek Kavram 3. B\u00d6L\u00dcM 3.1. Ge\u00e7i\u015f D\u00f6nemi Kavram 4. B\u00d6L\u00dcM 4.1. Ara\u015ft\u0131rman\u0131n Modeli ve T\u00fcr\u00fc 5.<span class=\"excerpt-hellip\"> [\u2026]<\/span><\/p>\n","protected":false},"featured_media":0,"template":"","meta":{"_monsterinsights_skip_tracking":false,"_monsterinsights_sitenote_active":false,"_monsterinsights_sitenote_note":"","_monsterinsights_sitenote_category":0},"product_brand":[],"product_cat":[12573,12566],"product_tag":[],"class_list":{"0":"post-745941","1":"product","2":"type-product","3":"status-publish","5":"product_cat-akademik-kitaplar","6":"product_cat-egitim","7":"pa_cilt-ciltsiz","8":"pa_tur-kitap","9":"pa_yayinevi-gazi-kitabevi","10":"pa_yazar-adem-yetim-gurkan-akdag","12":"first","13":"instock","14":"sale","15":"shipping-taxable","16":"purchasable","17":"product-type-simple"},"_links":{"self":[{"href":"https:\/\/roveyayinevi.com.tr\/index.php\/wp-json\/wp\/v2\/product\/745941","targetHints":{"allow":["GET"]}}],"collection":[{"href":"https:\/\/roveyayinevi.com.tr\/index.php\/wp-json\/wp\/v2\/product"}],"about":[{"href":"https:\/\/roveyayinevi.com.tr\/index.php\/wp-json\/wp\/v2\/types\/product"}],"wp:attachment":[{"href":"https:\/\/roveyayinevi.com.tr\/index.php\/wp-json\/wp\/v2\/media?parent=745941"}],"wp:term":[{"taxonomy":"product_brand","embeddable":true,"href":"https:\/\/roveyayinevi.com.tr\/index.php\/wp-json\/wp\/v2\/product_brand?post=745941"},{"taxonomy":"product_cat","embeddable":true,"href":"https:\/\/roveyayinevi.com.tr\/index.php\/wp-json\/wp\/v2\/product_cat?post=745941"},{"taxonomy":"product_tag","embeddable":true,"href":"https:\/\/roveyayinevi.com.tr\/index.php\/wp-json\/wp\/v2\/product_tag?post=745941"}],"curies":[{"name":"wp","href":"https:\/\/api.w.org\/{rel}","templated":true}]}}