{"id":745936,"date":"2025-08-28T02:31:15","date_gmt":"2025-08-27T23:31:15","guid":{"rendered":"https:\/\/roveyayinevi.com.tr\/index.php\/urun\/bir-ruh-macerasi\/"},"modified":"2026-04-16T02:58:24","modified_gmt":"2026-04-15T23:58:24","slug":"bir-ruh-macerasi","status":"publish","type":"product","link":"https:\/\/roveyayinevi.com.tr\/index.php\/urun\/bir-ruh-macerasi\/","title":{"rendered":"Bir Ruh Maceras\u0131"},"content":{"rendered":"<p>\u201c\u2018\u0130slam bizi geri b\u0131rakt\u0131, Bat\u0131 kar\u015f\u0131s\u0131ndaki yenilgilerimizin sebebi \u0130slam\u2019d\u0131r!\u2019 hu\u0308kmu\u0308; giderek bir inan\u00e7, bir ya\u015fama bi\u00e7imi halini ald\u0131. Bunu da modernlik kisvesi alt\u0131nda h\u0131n\u00e7 ve taassupla dolu telkinler halinde yayd\u0131lar, bu tu\u0308r ideolojilere ve ak\u0131mlara neredeyse me\u015fruiyet kazand\u0131r\u0131ld\u0131. Bu yan\u0131lg\u0131lar\u0131n ortas\u0131nda do\u011fdum ve yeti\u015ftim. Ger\u00e7e\u011fin ise tam tersi oldu\u011funu pek \u00e7ok bedel \u00f6deyerek idrak ettim. Hayat\u0131m\u0131n ilk yar\u0131s\u0131 bir korku filmi gibi ge\u00e7ti. Varolu\u015funa sahih neden bulamayan insan, bilsin yahut bilmesin, korku, endi\u015fe ve vehim i\u00e7indedir. Ben bu maraz\u00ee h\u00e2li, bir imtihandan ge\u00e7iyor gibi ve en a\u011f\u0131r derecelerde ya\u015fad\u0131m. \u015eimdi \u015fu eski koltuklarda oturuyorum ve gu\u0308cu\u0308m yetti\u011fince tefekku\u0308r ediyorum. Herkes gelece\u011fe do\u011fru hayal kurar, bense ge\u00e7mi\u015fe do\u011fru hayal kuruyorum. Bir bah\u00e7eye yolculuk yap\u0131yorum. Manolyalar, frenk u\u0308zu\u0308mleri, y\u0131ld\u0131z \u00e7i\u00e7ekleri, \u00e7imenler; tam bir cennet bah\u00e7esi\u2026 Bir zamanlar, yani \u00e7ocuklu\u011fumda \u00f6yle bir bah\u00e7enin ortas\u0131ndayd\u0131m ama o gu\u0308nlerde o nimetin \u015fu\u0308kru\u0308nu\u0308 eda edebilme hassasiyetine sahip de\u011fildim. \u015eimdiki halimle, akl\u0131m ve g\u00f6nlu\u0308mle o gu\u0308zel bah\u00e7eye d\u00f6nu\u0308yorum. \u00c7imenlerin u\u0308zerine seccademi serip \u015fu\u0308ku\u0308r namaz\u0131 k\u0131l\u0131yorum. Bu, benim ge\u00e7mi\u015fe do\u011fru yolculu\u011fum; ge\u00e7mi\u015fe d\u00f6nu\u0308k hayalim\u2026\u201d<\/p>\n","protected":false},"excerpt":{"rendered":"<p>\u201c\u2018\u0130slam bizi geri b\u0131rakt\u0131, Bat\u0131 kar\u015f\u0131s\u0131ndaki yenilgilerimizin sebebi \u0130slam\u2019d\u0131r!\u2019 hu\u0308kmu\u0308; giderek bir inan\u00e7, bir ya\u015fama bi\u00e7imi halini ald\u0131. Bunu da modernlik kisvesi alt\u0131nda h\u0131n\u00e7 ve taassupla<span class=\"excerpt-hellip\"> [\u2026]<\/span><\/p>\n","protected":false},"featured_media":0,"template":"","meta":{"_monsterinsights_skip_tracking":false,"_monsterinsights_sitenote_active":false,"_monsterinsights_sitenote_note":"","_monsterinsights_sitenote_category":0},"product_brand":[],"product_cat":[13701,12291],"product_tag":[],"class_list":{"0":"post-745936","1":"product","2":"type-product","3":"status-publish","5":"product_cat-ani-mektup-gunluk","6":"product_cat-edebiyat","7":"pa_cilt-ciltsiz","8":"pa_tur-kitap","9":"pa_yayinevi-ketebe-yayinlari","10":"pa_yazar-ayse-sasa","12":"first","13":"instock","14":"sale","15":"shipping-taxable","16":"purchasable","17":"product-type-simple"},"_links":{"self":[{"href":"https:\/\/roveyayinevi.com.tr\/index.php\/wp-json\/wp\/v2\/product\/745936","targetHints":{"allow":["GET"]}}],"collection":[{"href":"https:\/\/roveyayinevi.com.tr\/index.php\/wp-json\/wp\/v2\/product"}],"about":[{"href":"https:\/\/roveyayinevi.com.tr\/index.php\/wp-json\/wp\/v2\/types\/product"}],"wp:attachment":[{"href":"https:\/\/roveyayinevi.com.tr\/index.php\/wp-json\/wp\/v2\/media?parent=745936"}],"wp:term":[{"taxonomy":"product_brand","embeddable":true,"href":"https:\/\/roveyayinevi.com.tr\/index.php\/wp-json\/wp\/v2\/product_brand?post=745936"},{"taxonomy":"product_cat","embeddable":true,"href":"https:\/\/roveyayinevi.com.tr\/index.php\/wp-json\/wp\/v2\/product_cat?post=745936"},{"taxonomy":"product_tag","embeddable":true,"href":"https:\/\/roveyayinevi.com.tr\/index.php\/wp-json\/wp\/v2\/product_tag?post=745936"}],"curies":[{"name":"wp","href":"https:\/\/api.w.org\/{rel}","templated":true}]}}