{"id":745927,"date":"2025-08-28T02:31:03","date_gmt":"2025-08-27T23:31:03","guid":{"rendered":"https:\/\/roveyayinevi.com.tr\/index.php\/urun\/between-religion-and-language\/"},"modified":"2026-04-16T02:58:24","modified_gmt":"2026-04-15T23:58:24","slug":"between-religion-and-language","status":"publish","type":"product","link":"https:\/\/roveyayinevi.com.tr\/index.php\/urun\/between-religion-and-language\/","title":{"rendered":"Between Religion And Language"},"content":{"rendered":"<p>1300 y\u0131ll\u0131k yaz\u0131 tarihi i\u00e7erisinde T\u00fcrk\u00e7e birbirinden farkl\u0131 alfabelerleyaz\u0131lm\u0131\u015ft\u0131r. Tek bir alfabe birka\u00e7 hanedan, birka\u00e7 devlet taraf\u0131ndankullan\u0131labildi\u011fi gibi tek bir devletin s\u0131n\u0131rlar\u0131 i\u00e7erisinde birka\u00e7 alafabeninkullan\u0131ld\u0131\u011f\u0131 da olamu\u015ftur. Daha Uygurlar d\u00f6neminde, Uygurca birka\u00e7alfabeyle, T\u00fcrk runik yaz\u0131s\u0131yla, So\u011fud, Mani, S\u00fcryani, Brahmialfabeleriyle yaz\u0131ld\u0131\u011f\u0131 gibi Osmanl\u0131can\u0131n da birka\u00e7 alfabeyle yaz\u0131ld\u0131\u011f\u0131g\u00f6r\u00fcl\u00fcr. \u00d6zellikle Osmanl\u0131can\u0131n son 200 y\u0131l\u0131nda gayrim\u00fcslim tebaataraf\u0131ndan Grek alfabesinin, Ermeni alfabesinin, S\u00fcryani alfabesinin,\u0130bran\u00ee alfabesinin T\u00fcrk\u00e7eyi yazmakta kullan\u0131ld\u0131\u011f\u0131 g\u00f6r\u00fcl\u00fcr. Bunlar\u0131ni\u00e7erisinde en ilgi \u00e7ekicilerinden birisi T\u00fcrk\u00e7e konu\u015fan ve Grek harfleriyleT\u00fcrk\u00e7e yazan Karamanl\u0131lard\u0131r. Kitap bu konular\u0131n ele al\u0131nd\u0131\u011f\u0131 yaz\u0131lardanolu\u015fan bir derlemedir.<\/p>\n","protected":false},"excerpt":{"rendered":"<p>1300 y\u0131ll\u0131k yaz\u0131 tarihi i\u00e7erisinde T\u00fcrk\u00e7e birbirinden farkl\u0131 alfabelerleyaz\u0131lm\u0131\u015ft\u0131r. Tek bir alfabe birka\u00e7 hanedan, birka\u00e7 devlet taraf\u0131ndankullan\u0131labildi\u011fi gibi tek bir devletin s\u0131n\u0131rlar\u0131 i\u00e7erisinde birka\u00e7 alafabeninkullan\u0131ld\u0131\u011f\u0131 da<span class=\"excerpt-hellip\"> [\u2026]<\/span><\/p>\n","protected":false},"featured_media":0,"template":"","meta":{"_monsterinsights_skip_tracking":false,"_monsterinsights_sitenote_active":false,"_monsterinsights_sitenote_note":"","_monsterinsights_sitenote_category":0},"product_brand":[],"product_cat":[20225,12291],"product_tag":[],"class_list":{"0":"post-745927","1":"product","2":"type-product","3":"status-publish","5":"product_cat-dil-bilim","6":"product_cat-edebiyat","7":"pa_cilt-ciltsiz","8":"pa_tur-kitap","9":"pa_yayinevi-bilgesu-yayincilik","10":"pa_yazar-evangelia-balta-mehmet-olmez","12":"first","13":"instock","14":"sale","15":"shipping-taxable","16":"purchasable","17":"product-type-simple"},"_links":{"self":[{"href":"https:\/\/roveyayinevi.com.tr\/index.php\/wp-json\/wp\/v2\/product\/745927","targetHints":{"allow":["GET"]}}],"collection":[{"href":"https:\/\/roveyayinevi.com.tr\/index.php\/wp-json\/wp\/v2\/product"}],"about":[{"href":"https:\/\/roveyayinevi.com.tr\/index.php\/wp-json\/wp\/v2\/types\/product"}],"wp:attachment":[{"href":"https:\/\/roveyayinevi.com.tr\/index.php\/wp-json\/wp\/v2\/media?parent=745927"}],"wp:term":[{"taxonomy":"product_brand","embeddable":true,"href":"https:\/\/roveyayinevi.com.tr\/index.php\/wp-json\/wp\/v2\/product_brand?post=745927"},{"taxonomy":"product_cat","embeddable":true,"href":"https:\/\/roveyayinevi.com.tr\/index.php\/wp-json\/wp\/v2\/product_cat?post=745927"},{"taxonomy":"product_tag","embeddable":true,"href":"https:\/\/roveyayinevi.com.tr\/index.php\/wp-json\/wp\/v2\/product_tag?post=745927"}],"curies":[{"name":"wp","href":"https:\/\/api.w.org\/{rel}","templated":true}]}}