{"id":745915,"date":"2025-08-28T02:30:46","date_gmt":"2025-08-27T23:30:46","guid":{"rendered":"https:\/\/roveyayinevi.com.tr\/index.php\/urun\/yeni-yil-dilegi\/"},"modified":"2026-04-16T02:58:24","modified_gmt":"2026-04-15T23:58:24","slug":"yeni-yil-dilegi","status":"publish","type":"product","link":"https:\/\/roveyayinevi.com.tr\/index.php\/urun\/yeni-yil-dilegi\/","title":{"rendered":"Yeni Y\u0131l Dile\u011fi"},"content":{"rendered":"<p>Yeni y\u0131l romanlar\u0131n\u0131n krali\u00e7esi Debbie Macomber, s\u0131cac\u0131k anlat\u0131m\u0131yla bizi masals\u0131 bir atmosfere davet ediyor ve sevgi dolu karakterleriyle yeni y\u0131la dair umutlar\u0131m\u0131z\u0131 tazeliyor.      Olduk\u00e7a stresli bir i\u015f hayat\u0131 ve fena halde k\u0131r\u0131lm\u0131\u015f bir kalbi olan Lindy, yeni y\u0131l tatilini ailesiyle birlikte ge\u00e7irmek i\u00e7in \u00e7ocuklu\u011funun ge\u00e7ti\u011fi \u015firin kasabaya do\u011fru yola \u00e7\u0131km\u0131\u015ft\u0131. Ancak i\u00e7inde yeni y\u0131l ne\u015fesinden eser yoktu. Eve vard\u0131\u011f\u0131nda onu \u00f6nce \u00e7at\u0131daki parlak \u0131\u015f\u0131klar ve t\u00fcrl\u00fc y\u0131lba\u015f\u0131 s\u00fcsleri, sonra da annesinin enfes kurabiyeleri kar\u015f\u0131lad\u0131.   Yeni y\u0131lda evde olmak&#8230; \u0130htiyac\u0131 olan tam da buydu. Gelecekten umutlu de\u011fildi belki ama annesinin \u015fefkatiyle ve evin tan\u0131d\u0131k huzuruyla sar\u0131p sarmalanm\u0131\u015ft\u0131. Lindy\u2019nin a\u015fka ve arkada\u015fl\u0131\u011fa dair yitip giden umudunu geri getirmek i\u00e7in annesinin ilgin\u00e7 bir fikri vard\u0131. Ona \u00e7ocukken Noel Baba\u2019ya yazd\u0131\u011f\u0131 mektuplarla dolu bir kutu verdi.   Lindy\u2019nin \u00e7ocukken dileklerinin ger\u00e7ek olaca\u011f\u0131na dair b\u00fcy\u00fck bir inan\u00e7la yazd\u0131\u011f\u0131 bu mektuplar, kendisiyle ilgili uzun y\u0131llard\u0131r g\u00f6z ard\u0131 etti\u011fi ger\u00e7ekleri beklenmedik bir bi\u00e7imde fark etmesini sa\u011flayacak, ona hayat\u0131n\u0131 yoluna koyman\u0131n s\u0131rad\u0131\u015f\u0131 bir yolunu g\u00f6sterecekti.     Yeni Y\u0131l Dile\u011fi; i\u00e7imizdeki yeni y\u0131l co\u015fkusunu harekete ge\u00e7iren, bol s\u00fcrprizli bir roman&#8230;<\/p>\n","protected":false},"excerpt":{"rendered":"<p>Yeni y\u0131l romanlar\u0131n\u0131n krali\u00e7esi Debbie Macomber, s\u0131cac\u0131k anlat\u0131m\u0131yla bizi masals\u0131 bir atmosfere davet ediyor ve sevgi dolu karakterleriyle yeni y\u0131la dair umutlar\u0131m\u0131z\u0131 tazeliyor. Olduk\u00e7a stresli bir<span class=\"excerpt-hellip\"> [\u2026]<\/span><\/p>\n","protected":false},"featured_media":0,"template":"","meta":{"_monsterinsights_skip_tracking":false,"_monsterinsights_sitenote_active":false,"_monsterinsights_sitenote_note":"","_monsterinsights_sitenote_category":0},"product_brand":[],"product_cat":[12291,50487],"product_tag":[],"class_list":{"0":"post-745915","1":"product","2":"type-product","3":"status-publish","5":"product_cat-edebiyat","6":"product_cat-kurgu","7":"pa_cilt-ciltsiz","8":"pa_tur-kitap","9":"pa_yayinevi-epsilon-yayinlari","10":"pa_yazar-debbie-macomber","12":"first","13":"instock","14":"sale","15":"shipping-taxable","16":"purchasable","17":"product-type-simple"},"_links":{"self":[{"href":"https:\/\/roveyayinevi.com.tr\/index.php\/wp-json\/wp\/v2\/product\/745915","targetHints":{"allow":["GET"]}}],"collection":[{"href":"https:\/\/roveyayinevi.com.tr\/index.php\/wp-json\/wp\/v2\/product"}],"about":[{"href":"https:\/\/roveyayinevi.com.tr\/index.php\/wp-json\/wp\/v2\/types\/product"}],"wp:attachment":[{"href":"https:\/\/roveyayinevi.com.tr\/index.php\/wp-json\/wp\/v2\/media?parent=745915"}],"wp:term":[{"taxonomy":"product_brand","embeddable":true,"href":"https:\/\/roveyayinevi.com.tr\/index.php\/wp-json\/wp\/v2\/product_brand?post=745915"},{"taxonomy":"product_cat","embeddable":true,"href":"https:\/\/roveyayinevi.com.tr\/index.php\/wp-json\/wp\/v2\/product_cat?post=745915"},{"taxonomy":"product_tag","embeddable":true,"href":"https:\/\/roveyayinevi.com.tr\/index.php\/wp-json\/wp\/v2\/product_tag?post=745915"}],"curies":[{"name":"wp","href":"https:\/\/api.w.org\/{rel}","templated":true}]}}