{"id":745909,"date":"2025-08-28T02:30:38","date_gmt":"2025-08-27T23:30:38","guid":{"rendered":"https:\/\/roveyayinevi.com.tr\/index.php\/urun\/dakikalar-icinde-astronomi\/"},"modified":"2026-04-16T02:58:24","modified_gmt":"2026-04-15T23:58:24","slug":"dakikalar-icinde-astronomi","status":"publish","type":"product","link":"https:\/\/roveyayinevi.com.tr\/index.php\/urun\/dakikalar-icinde-astronomi\/","title":{"rendered":"Dakikalar \u0130\u00e7inde Astronomi"},"content":{"rendered":"<p>ASTRONOM\u0130N\u0130N B\u00dcY\u00dcLEY\u0130C\u0130 D\u00dcNYASINA DA\u0130R200 TEMEL KAVRAM Geni\u015f evrendeki yerimizi kavramak i\u00e7in kendi gezegenimizden ba\u015flayarak G\u00fcne\u015f sistemimizdeki di\u011fer b\u00fcy\u00fck gezegenlere, onlar\u0131n b\u00fcy\u00fck aylar\u0131na ve haklar\u0131nda daha az \u015fey bilinen b\u00fcy\u00fcleyici g\u00f6k cisimlerine ve tak\u0131my\u0131ld\u0131zlara do\u011fru \u00e7\u0131k\u0131lan soluksuz bir macera\u2026 \u201cD\u00fcnyay\u0131 ka\u00e7 tak\u0131my\u0131ld\u0131z kapl\u0131yor? Bir y\u0131ld\u0131z \u00f6ld\u00fc\u011f\u00fcnde ne olur? G\u00fcne\u015f sistemimizde ka\u00e7 asteroit var? Galaksiler \u00e7arp\u0131\u015fabilir mi? Karanl\u0131k madde ve kara delik nedir? Evrenin k\u00f6keni nas\u0131l a\u00e7\u0131klan\u0131yor?\u201d gibi bir\u00e7ok sorunun cevab\u0131n\u0131 bulurken Samanyolu\u2019na g\u00f6z atacak, galaksileri ve b\u00fcy\u00fck \u00f6l\u00e7ekli evreni ke\u015ffedecek, evrenin k\u00f6keni ve do\u011fas\u0131na dair en temel sorular\u0131n cevab\u0131n\u0131 bulacak ve kozmolojiye g\u00f6z atacaks\u0131n\u0131z. Bunlar\u0131 yaparken her tak\u0131my\u0131ld\u0131za e\u015flik eden harita, her bir teoriyi netle\u015ftiren basit diyagramlar ve uzaydan al\u0131nan en son foto\u011fraflar da evrenin g\u00f6z\u00fcn\u00fczde t\u00fcm ger\u00e7ekli\u011fiyle canlanmas\u0131n\u0131 sa\u011flayacak. Dakikalar \u0130\u00e7inde Astronomi, astronominin b\u00fcy\u00fcleyici d\u00fcnyas\u0131na m\u00fckemmel bir giri\u015f&#8230; Evrenin gizemini ke\u015ffetmenin m\u00fcmk\u00fcn olan en e\u011flenceli ve h\u0131zl\u0131 yolu\u2026 <\/p>\n","protected":false},"excerpt":{"rendered":"<p>ASTRONOM\u0130N\u0130N B\u00dcY\u00dcLEY\u0130C\u0130 D\u00dcNYASINA DA\u0130R200 TEMEL KAVRAM Geni\u015f evrendeki yerimizi kavramak i\u00e7in kendi gezegenimizden ba\u015flayarak G\u00fcne\u015f sistemimizdeki di\u011fer b\u00fcy\u00fck gezegenlere, onlar\u0131n b\u00fcy\u00fck aylar\u0131na ve haklar\u0131nda daha az<span class=\"excerpt-hellip\"> [\u2026]<\/span><\/p>\n","protected":false},"featured_media":0,"template":"","meta":{"_monsterinsights_skip_tracking":false,"_monsterinsights_sitenote_active":false,"_monsterinsights_sitenote_note":"","_monsterinsights_sitenote_category":0},"product_brand":[],"product_cat":[13005,13006],"product_tag":[],"class_list":{"0":"post-745909","1":"product","2":"type-product","3":"status-publish","5":"product_cat-bilim-muhendislik","6":"product_cat-populer-bilim","7":"pa_cilt-ciltsiz","8":"pa_tur-kitap","9":"pa_yayinevi-kronik-kitap","10":"pa_yazar-giles-sparrow","12":"first","13":"instock","14":"sale","15":"shipping-taxable","16":"purchasable","17":"product-type-simple"},"_links":{"self":[{"href":"https:\/\/roveyayinevi.com.tr\/index.php\/wp-json\/wp\/v2\/product\/745909","targetHints":{"allow":["GET"]}}],"collection":[{"href":"https:\/\/roveyayinevi.com.tr\/index.php\/wp-json\/wp\/v2\/product"}],"about":[{"href":"https:\/\/roveyayinevi.com.tr\/index.php\/wp-json\/wp\/v2\/types\/product"}],"wp:attachment":[{"href":"https:\/\/roveyayinevi.com.tr\/index.php\/wp-json\/wp\/v2\/media?parent=745909"}],"wp:term":[{"taxonomy":"product_brand","embeddable":true,"href":"https:\/\/roveyayinevi.com.tr\/index.php\/wp-json\/wp\/v2\/product_brand?post=745909"},{"taxonomy":"product_cat","embeddable":true,"href":"https:\/\/roveyayinevi.com.tr\/index.php\/wp-json\/wp\/v2\/product_cat?post=745909"},{"taxonomy":"product_tag","embeddable":true,"href":"https:\/\/roveyayinevi.com.tr\/index.php\/wp-json\/wp\/v2\/product_tag?post=745909"}],"curies":[{"name":"wp","href":"https:\/\/api.w.org\/{rel}","templated":true}]}}