{"id":745904,"date":"2025-08-28T02:30:32","date_gmt":"2025-08-27T23:30:32","guid":{"rendered":"https:\/\/roveyayinevi.com.tr\/index.php\/urun\/ekoloji\/"},"modified":"2026-04-16T02:58:24","modified_gmt":"2026-04-15T23:58:24","slug":"ekoloji","status":"publish","type":"product","link":"https:\/\/roveyayinevi.com.tr\/index.php\/urun\/ekoloji\/","title":{"rendered":"Ekoloji"},"content":{"rendered":"<p>Ekolojik y\u0131k\u0131m ve tahribat gezegenimizin en kritik, \u00f6ncelikli ve acil sorunu. Kitlesel hayvan \u00f6l\u00fcmleri, t\u00fcrlerin kayb\u0131, biyo\u00e7e\u015fitlili\u011fin azalmas\u0131 ve kirlilik her ge\u00e7en g\u00fcn h\u0131zlan\u0131yor. Yerk\u00fcreyle ili\u015fkimizi g\u00f6zden ge\u00e7irmemiz, iktisat politikalar\u0131na, \u00fcretim modellerine, t\u00fcketim al\u0131\u015fkanl\u0131klar\u0131m\u0131za acilen m\u00fcdahale etmemiz gerekiyor. \u00c7\u00fcnk\u00fc gezegenimiz yan\u0131yor.       \u0130\u015fte bu kayg\u0131larla ortaya \u00e7\u0131kan Ekoloji: Bir Arada Ya\u015fam\u0131n Gelece\u011fi \u201cgeri d\u00f6n\u00fc\u015f\u00fc olmayan noktaya bir ad\u0131m kala\u201d ekolojik y\u0131k\u0131m\u0131 \u00e7ok boyutlu dinamikleriyle ele al\u0131yor, sadece kolektif evimiz olan D\u00fcnya\u2019yla ili\u015fkimize de\u011fil; ayn\u0131 zamanda Gaia\u2019n\u0131n, canl\u0131 ve cans\u0131z varl\u0131klar\u0131n, gezegenin d\u00fcn\u00fcne, bug\u00fcn\u00fcne ve gelece\u011fine bak\u0131yor. Derlemeye katk\u0131da bulunan yazarlar uzmanl\u0131k alanlar\u0131n\u0131n \u00e7er\u00e7evesinden gerek bireysel ve toplumsal hayatlar\u0131m\u0131zda gerekse k\u00fcresel \u00f6rg\u00fctler ve devletler baz\u0131nda de\u011fi\u015fmek zorunda olu\u015fumuzun bilimsel ve felsefi gerek\u00e7elerini sunuyor, canl\u0131 ve cans\u0131z t\u00fcm varl\u0131klarla yery\u00fcz\u00fcn\u00fcn bir b\u00fct\u00fcn oldu\u011funu hat\u0131rlamak, hat\u0131rlatmak amac\u0131n\u0131 ta\u015f\u0131yor.<\/p>\n","protected":false},"excerpt":{"rendered":"<p>Ekolojik y\u0131k\u0131m ve tahribat gezegenimizin en kritik, \u00f6ncelikli ve acil sorunu. Kitlesel hayvan \u00f6l\u00fcmleri, t\u00fcrlerin kayb\u0131, biyo\u00e7e\u015fitlili\u011fin azalmas\u0131 ve kirlilik her ge\u00e7en g\u00fcn h\u0131zlan\u0131yor. Yerk\u00fcreyle ili\u015fkimizi<span class=\"excerpt-hellip\"> [\u2026]<\/span><\/p>\n","protected":false},"featured_media":0,"template":"","meta":{"_monsterinsights_skip_tracking":false,"_monsterinsights_sitenote_active":false,"_monsterinsights_sitenote_note":"","_monsterinsights_sitenote_category":0},"product_brand":[],"product_cat":[23323,12364],"product_tag":[],"class_list":{"0":"post-745904","1":"product","2":"type-product","3":"status-publish","5":"product_cat-ekoloji","6":"product_cat-genel-konular","7":"pa_cilt-ciltsiz","8":"pa_tur-kitap","9":"pa_yayinevi-tellekt","10":"pa_yazar-didem-bayindir-mine-yildirim","12":"first","13":"instock","14":"sale","15":"shipping-taxable","16":"purchasable","17":"product-type-simple"},"_links":{"self":[{"href":"https:\/\/roveyayinevi.com.tr\/index.php\/wp-json\/wp\/v2\/product\/745904","targetHints":{"allow":["GET"]}}],"collection":[{"href":"https:\/\/roveyayinevi.com.tr\/index.php\/wp-json\/wp\/v2\/product"}],"about":[{"href":"https:\/\/roveyayinevi.com.tr\/index.php\/wp-json\/wp\/v2\/types\/product"}],"wp:attachment":[{"href":"https:\/\/roveyayinevi.com.tr\/index.php\/wp-json\/wp\/v2\/media?parent=745904"}],"wp:term":[{"taxonomy":"product_brand","embeddable":true,"href":"https:\/\/roveyayinevi.com.tr\/index.php\/wp-json\/wp\/v2\/product_brand?post=745904"},{"taxonomy":"product_cat","embeddable":true,"href":"https:\/\/roveyayinevi.com.tr\/index.php\/wp-json\/wp\/v2\/product_cat?post=745904"},{"taxonomy":"product_tag","embeddable":true,"href":"https:\/\/roveyayinevi.com.tr\/index.php\/wp-json\/wp\/v2\/product_tag?post=745904"}],"curies":[{"name":"wp","href":"https:\/\/api.w.org\/{rel}","templated":true}]}}