{"id":745903,"date":"2025-08-28T02:30:31","date_gmt":"2025-08-27T23:30:31","guid":{"rendered":"https:\/\/roveyayinevi.com.tr\/index.php\/urun\/clifford-iyilik-pesinde\/"},"modified":"2026-04-16T02:58:24","modified_gmt":"2026-04-15T23:58:24","slug":"clifford-iyilik-pesinde","status":"publish","type":"product","link":"https:\/\/roveyayinevi.com.tr\/index.php\/urun\/clifford-iyilik-pesinde\/","title":{"rendered":"Clifford \u2013 \u0130yilik Pe\u015finde"},"content":{"rendered":"<p>B\u00fcy\u00fck k\u0131rm\u0131z\u0131 k\u00f6pek Clifford, \u015fimdi de iyilik pe\u015finde\u2026 Clifford, Emily ve Tim ile bir iyilik yolculu\u011funa \u00e7\u0131k\u0131yor. Haydi, bu maceraya sen de kat\u0131l! Bakal\u0131m Clifford i\u00e7in i\u015fler umdu\u011fu gibi olacak m\u0131?<\/p>\n","protected":false},"excerpt":{"rendered":"<p>B\u00fcy\u00fck k\u0131rm\u0131z\u0131 k\u00f6pek Clifford, \u015fimdi de iyilik pe\u015finde\u2026 Clifford, Emily ve Tim ile bir iyilik yolculu\u011funa \u00e7\u0131k\u0131yor. Haydi, bu maceraya sen de kat\u0131l! Bakal\u0131m Clifford i\u00e7in<span class=\"excerpt-hellip\"> [\u2026]<\/span><\/p>\n","protected":false},"featured_media":0,"template":"","meta":{"_monsterinsights_skip_tracking":false,"_monsterinsights_sitenote_active":false,"_monsterinsights_sitenote_note":"","_monsterinsights_sitenote_category":0},"product_brand":[],"product_cat":[12274,12284],"product_tag":[],"class_list":{"0":"post-745903","1":"product","2":"type-product","3":"status-publish","5":"product_cat-cocuk-ve-genclik-kitaplari","6":"product_cat-hikayeler","7":"pa_cilt-ciltsiz","8":"pa_tur-kitap","9":"pa_yayinevi-ucan-fil-yayinlari","10":"pa_yazar-norman-bridwell","12":"first","13":"instock","14":"sale","15":"shipping-taxable","16":"purchasable","17":"product-type-simple"},"_links":{"self":[{"href":"https:\/\/roveyayinevi.com.tr\/index.php\/wp-json\/wp\/v2\/product\/745903","targetHints":{"allow":["GET"]}}],"collection":[{"href":"https:\/\/roveyayinevi.com.tr\/index.php\/wp-json\/wp\/v2\/product"}],"about":[{"href":"https:\/\/roveyayinevi.com.tr\/index.php\/wp-json\/wp\/v2\/types\/product"}],"wp:attachment":[{"href":"https:\/\/roveyayinevi.com.tr\/index.php\/wp-json\/wp\/v2\/media?parent=745903"}],"wp:term":[{"taxonomy":"product_brand","embeddable":true,"href":"https:\/\/roveyayinevi.com.tr\/index.php\/wp-json\/wp\/v2\/product_brand?post=745903"},{"taxonomy":"product_cat","embeddable":true,"href":"https:\/\/roveyayinevi.com.tr\/index.php\/wp-json\/wp\/v2\/product_cat?post=745903"},{"taxonomy":"product_tag","embeddable":true,"href":"https:\/\/roveyayinevi.com.tr\/index.php\/wp-json\/wp\/v2\/product_tag?post=745903"}],"curies":[{"name":"wp","href":"https:\/\/api.w.org\/{rel}","templated":true}]}}