{"id":745902,"date":"2025-08-28T02:30:30","date_gmt":"2025-08-27T23:30:30","guid":{"rendered":"https:\/\/roveyayinevi.com.tr\/index.php\/urun\/clifford-buyuk-kirmizi-kopek\/"},"modified":"2026-04-16T02:58:24","modified_gmt":"2026-04-15T23:58:24","slug":"clifford-buyuk-kirmizi-kopek","status":"publish","type":"product","link":"https:\/\/roveyayinevi.com.tr\/index.php\/urun\/clifford-buyuk-kirmizi-kopek\/","title":{"rendered":"Clifford \u2013 B\u00fcy\u00fck K\u0131rm\u0131z\u0131 K\u00f6pek"},"content":{"rendered":"<p>Haydi,Emily Elizabeth ve Onun can dostu Clifford ile tan\u0131\u015f!    Clifford, kocaman! Clifford\u2019\u0131n k\u0131pk\u0131rm\u0131z\u0131 t\u00fcyleri var.    Ama hepsinden \u00f6nemlisi, Clifford nas\u0131l iyi bir arkada\u015f olunaca\u011f\u0131n\u0131 iyi biliyor!<\/p>\n","protected":false},"excerpt":{"rendered":"<p>Haydi,Emily Elizabeth ve Onun can dostu Clifford ile tan\u0131\u015f! Clifford, kocaman! Clifford\u2019\u0131n k\u0131pk\u0131rm\u0131z\u0131 t\u00fcyleri var. Ama hepsinden \u00f6nemlisi, Clifford nas\u0131l iyi bir arkada\u015f olunaca\u011f\u0131n\u0131 iyi biliyor!<\/p>\n","protected":false},"featured_media":0,"template":"","meta":{"_monsterinsights_skip_tracking":false,"_monsterinsights_sitenote_active":false,"_monsterinsights_sitenote_note":"","_monsterinsights_sitenote_category":0},"product_brand":[],"product_cat":[12274,12284],"product_tag":[],"class_list":{"0":"post-745902","1":"product","2":"type-product","3":"status-publish","5":"product_cat-cocuk-ve-genclik-kitaplari","6":"product_cat-hikayeler","7":"pa_cilt-ciltsiz","8":"pa_tur-kitap","9":"pa_yayinevi-ucan-fil-yayinlari","10":"pa_yazar-norman-bridwell","12":"first","13":"instock","14":"sale","15":"shipping-taxable","16":"purchasable","17":"product-type-simple"},"_links":{"self":[{"href":"https:\/\/roveyayinevi.com.tr\/index.php\/wp-json\/wp\/v2\/product\/745902","targetHints":{"allow":["GET"]}}],"collection":[{"href":"https:\/\/roveyayinevi.com.tr\/index.php\/wp-json\/wp\/v2\/product"}],"about":[{"href":"https:\/\/roveyayinevi.com.tr\/index.php\/wp-json\/wp\/v2\/types\/product"}],"wp:attachment":[{"href":"https:\/\/roveyayinevi.com.tr\/index.php\/wp-json\/wp\/v2\/media?parent=745902"}],"wp:term":[{"taxonomy":"product_brand","embeddable":true,"href":"https:\/\/roveyayinevi.com.tr\/index.php\/wp-json\/wp\/v2\/product_brand?post=745902"},{"taxonomy":"product_cat","embeddable":true,"href":"https:\/\/roveyayinevi.com.tr\/index.php\/wp-json\/wp\/v2\/product_cat?post=745902"},{"taxonomy":"product_tag","embeddable":true,"href":"https:\/\/roveyayinevi.com.tr\/index.php\/wp-json\/wp\/v2\/product_tag?post=745902"}],"curies":[{"name":"wp","href":"https:\/\/api.w.org\/{rel}","templated":true}]}}