{"id":745866,"date":"2025-08-28T02:29:42","date_gmt":"2025-08-27T23:29:42","guid":{"rendered":"https:\/\/roveyayinevi.com.tr\/index.php\/urun\/ici-bos-yeminler\/"},"modified":"2026-04-16T02:58:23","modified_gmt":"2026-04-15T23:58:23","slug":"ici-bos-yeminler","status":"publish","type":"product","link":"https:\/\/roveyayinevi.com.tr\/index.php\/urun\/ici-bos-yeminler\/","title":{"rendered":"\u0130\u00e7i Bo\u015f Yeminler"},"content":{"rendered":"<p>KARANLIKTA OLMAKTAN ZEVK ALIYORDUM. \u015e\u0130MD\u0130 CASUSLARIN VE HIRSIZLARIN ZAMANIYDI. BEN\u0130M ZAMANIMDI. Brie perilerle anla\u015fma yapmaktansa \u00f6lmeyi tercih ederdi. Onun i\u00e7in \u00f6l\u00fcm, onlar\u0131n zalim oyunlar\u0131ndan daha iyiydi. Ama Nasi\u011fli Saray\u0131\u2019n\u0131n sadist kral\u0131 k\u0131z karde\u015fini ka\u00e7\u0131r\u0131nca Brie, onu geri almak i\u00e7in her \u015feyi yapmak zorunda kald\u0131. Buna bizzat kralla anla\u015fma yap\u0131p Nasi\u011fli\u2019lerin ezeli d\u00fc\u015fman\u0131 Si\u011fli Saray\u0131\u2019ndan \u00fc\u00e7 sihirli eser \u00e7almak da dahildi\u2026 Fakat Si\u011fli Saray\u0131\u2019nda \u00f6zg\u00fcrce dola\u015fmak sand\u0131\u011f\u0131ndan \u00e7ok daha zordu. Brie\u2019nin tek se\u00e7ene\u011fi, d\u00fc\u015f\u00fcnd\u00fc\u011f\u00fc gibi k\u00f6t\u00fc kalpli olmayan Si\u011fli prensi Ronan\u2019\u0131n gelin adaylar\u0131ndan biri rol\u00fcn\u00fc oynamakt\u0131. Kalbinin dikkatini da\u011f\u0131tmas\u0131na m\u00fcsaade etmeyen Brie, kendince farkl\u0131 ama\u00e7lar\u0131 olan bir Nasi\u011fli \u00e7etesiyle i\u015fbirli\u011fi yapt\u0131. Ama gizemli \u00e7ete lideri Finn ile vakit ge\u00e7irdik\u00e7e onun ba\u015ftan \u00e7\u0131kar\u0131c\u0131 cazibesine kar\u015f\u0131 koyamad\u0131. \u0130ki tehlikeli saray\u0131n aras\u0131nda kalan Brie, ba\u011fl\u0131l\u0131\u011f\u0131n\u0131n kime ait olaca\u011f\u0131na karar vermeliydi\u2026 ve kalbinin. <\/p>\n","protected":false},"excerpt":{"rendered":"<p>KARANLIKTA OLMAKTAN ZEVK ALIYORDUM. \u015e\u0130MD\u0130 CASUSLARIN VE HIRSIZLARIN ZAMANIYDI. BEN\u0130M ZAMANIMDI. Brie perilerle anla\u015fma yapmaktansa \u00f6lmeyi tercih ederdi. Onun i\u00e7in \u00f6l\u00fcm, onlar\u0131n zalim oyunlar\u0131ndan daha iyiydi.<span class=\"excerpt-hellip\"> [\u2026]<\/span><\/p>\n","protected":false},"featured_media":0,"template":"","meta":{"_monsterinsights_skip_tracking":false,"_monsterinsights_sitenote_active":false,"_monsterinsights_sitenote_note":"","_monsterinsights_sitenote_category":0},"product_brand":[],"product_cat":[12291,15117],"product_tag":[],"class_list":{"0":"post-745866","1":"product","2":"type-product","3":"status-publish","5":"product_cat-edebiyat","6":"product_cat-genclik-edebiyati","7":"pa_cilt-ciltsiz","8":"pa_tur-kitap","9":"pa_yayinevi-marti-yayinlari","10":"pa_yazar-lexi-ryan","12":"first","13":"instock","14":"sale","15":"shipping-taxable","16":"purchasable","17":"product-type-simple"},"_links":{"self":[{"href":"https:\/\/roveyayinevi.com.tr\/index.php\/wp-json\/wp\/v2\/product\/745866","targetHints":{"allow":["GET"]}}],"collection":[{"href":"https:\/\/roveyayinevi.com.tr\/index.php\/wp-json\/wp\/v2\/product"}],"about":[{"href":"https:\/\/roveyayinevi.com.tr\/index.php\/wp-json\/wp\/v2\/types\/product"}],"wp:attachment":[{"href":"https:\/\/roveyayinevi.com.tr\/index.php\/wp-json\/wp\/v2\/media?parent=745866"}],"wp:term":[{"taxonomy":"product_brand","embeddable":true,"href":"https:\/\/roveyayinevi.com.tr\/index.php\/wp-json\/wp\/v2\/product_brand?post=745866"},{"taxonomy":"product_cat","embeddable":true,"href":"https:\/\/roveyayinevi.com.tr\/index.php\/wp-json\/wp\/v2\/product_cat?post=745866"},{"taxonomy":"product_tag","embeddable":true,"href":"https:\/\/roveyayinevi.com.tr\/index.php\/wp-json\/wp\/v2\/product_tag?post=745866"}],"curies":[{"name":"wp","href":"https:\/\/api.w.org\/{rel}","templated":true}]}}