{"id":745858,"date":"2025-08-28T02:29:33","date_gmt":"2025-08-27T23:29:33","guid":{"rendered":"https:\/\/roveyayinevi.com.tr\/index.php\/urun\/evrimci-politik-iktisat\/"},"modified":"2026-04-16T02:58:23","modified_gmt":"2026-04-15T23:58:23","slug":"evrimci-politik-iktisat","status":"publish","type":"product","link":"https:\/\/roveyayinevi.com.tr\/index.php\/urun\/evrimci-politik-iktisat\/","title":{"rendered":"Evrimci Politik \u0130ktisat"},"content":{"rendered":"<p>\u0130ktisat, yakla\u015f\u0131k 150 y\u0131ld\u0131r do\u011fa bilimlerinin izinden giderek bilimle\u015fme yolunda \u00f6nemli ad\u0131mlar atmaya \u00e7al\u0131\u015fm\u0131\u015ft\u0131r. Fizikle ba\u015flayan do\u011fa bilimi olma \u00e7abalar\u0131 biyoloji \u00f6yk\u00fcnmesiyle devam etmi\u015ftir. B\u00f6ylece iktisat, do\u011fa bilimlerine en yak\u0131n disiplin olarak sosyal bilimler i\u00e7inde ayr\u0131cal\u0131kl\u0131 bir yer edinmi\u015ftir. Hatta kimi iktisat\u00e7\u0131lara g\u00f6re bu durum, iktisad\u0131, sosyal bilimlerin krali\u00e7esi yapm\u0131\u015ft\u0131r. S\u00f6z konusu egemen konum ve ba\u015far\u0131l\u0131 adaptasyon tecr\u00fcbesiyle iktisat, di\u011fer sosyal bilimlere de bilimle\u015fme yolunda ciddi ipu\u00e7lar\u0131 sunmu\u015ftur.     Elinizdeki eser, iktisad\u0131n biyolojik evrimcilikten \u00f6d\u00fcn\u00e7 alarak olu\u015fan ilgili bilimle\u015fme s\u00fcrecini ele\u015ftirel a\u00e7\u0131dan analiz etmektedir. Ayn\u0131 zamanda, biyolojik evrimcili\u011fin iktisada yans\u0131yan b\u00fct\u00fcn y\u00f6nlerini irdeleyerek bilimler yoluyla \u00f6rg\u00fctlenen Bat\u0131 d\u00fc\u015f\u00fcncesinin g\u00fcncel bilimsel g\u00f6r\u00fcn\u00fcm\u00fcn\u00fc sunmay\u0131 hedeflemektedir. Ayr\u0131ca eser, Veblen, Schumpeter ve Hayek gibi Bat\u0131 d\u00fc\u015f\u00fcncesine y\u00f6n veren \u00f6nemli d\u00fc\u015f\u00fcn\u00fcrler \u00fczerinden bilim ve kapitalizm aras\u0131ndaki ili\u015fkiye dair de \u00e7arp\u0131c\u0131 analizler sunmaktad\u0131r.  <\/p>\n","protected":false},"excerpt":{"rendered":"<p>\u0130ktisat, yakla\u015f\u0131k 150 y\u0131ld\u0131r do\u011fa bilimlerinin izinden giderek bilimle\u015fme yolunda \u00f6nemli ad\u0131mlar atmaya \u00e7al\u0131\u015fm\u0131\u015ft\u0131r. Fizikle ba\u015flayan do\u011fa bilimi olma \u00e7abalar\u0131 biyoloji \u00f6yk\u00fcnmesiyle devam etmi\u015ftir. B\u00f6ylece iktisat,<span class=\"excerpt-hellip\"> [\u2026]<\/span><\/p>\n","protected":false},"featured_media":0,"template":"","meta":{"_monsterinsights_skip_tracking":false,"_monsterinsights_sitenote_active":false,"_monsterinsights_sitenote_note":"","_monsterinsights_sitenote_category":0},"product_brand":[],"product_cat":[13005,13010],"product_tag":[],"class_list":{"0":"post-745858","1":"product","2":"type-product","3":"status-publish","5":"product_cat-bilim-muhendislik","6":"product_cat-doga-bilimleri","7":"pa_cilt-ciltsiz","8":"pa_tur-kitap","9":"pa_yayinevi-albaraka-yayinlari","10":"pa_yazar-adem-levent","12":"first","13":"instock","14":"sale","15":"shipping-taxable","16":"purchasable","17":"product-type-simple"},"_links":{"self":[{"href":"https:\/\/roveyayinevi.com.tr\/index.php\/wp-json\/wp\/v2\/product\/745858","targetHints":{"allow":["GET"]}}],"collection":[{"href":"https:\/\/roveyayinevi.com.tr\/index.php\/wp-json\/wp\/v2\/product"}],"about":[{"href":"https:\/\/roveyayinevi.com.tr\/index.php\/wp-json\/wp\/v2\/types\/product"}],"wp:attachment":[{"href":"https:\/\/roveyayinevi.com.tr\/index.php\/wp-json\/wp\/v2\/media?parent=745858"}],"wp:term":[{"taxonomy":"product_brand","embeddable":true,"href":"https:\/\/roveyayinevi.com.tr\/index.php\/wp-json\/wp\/v2\/product_brand?post=745858"},{"taxonomy":"product_cat","embeddable":true,"href":"https:\/\/roveyayinevi.com.tr\/index.php\/wp-json\/wp\/v2\/product_cat?post=745858"},{"taxonomy":"product_tag","embeddable":true,"href":"https:\/\/roveyayinevi.com.tr\/index.php\/wp-json\/wp\/v2\/product_tag?post=745858"}],"curies":[{"name":"wp","href":"https:\/\/api.w.org\/{rel}","templated":true}]}}