{"id":745855,"date":"2025-08-28T02:29:29","date_gmt":"2025-08-27T23:29:29","guid":{"rendered":"https:\/\/roveyayinevi.com.tr\/index.php\/urun\/denemeler-birinci-seri\/"},"modified":"2026-04-16T02:58:23","modified_gmt":"2026-04-15T23:58:23","slug":"denemeler-birinci-seri","status":"publish","type":"product","link":"https:\/\/roveyayinevi.com.tr\/index.php\/urun\/denemeler-birinci-seri\/","title":{"rendered":"Denemeler: Birinci Seri"},"content":{"rendered":"<p>19. y\u00fczy\u0131l ortalar\u0131nda Amerikan zihninin ilk k\u0131v\u0131lc\u0131mlar\u0131n\u0131 \u00e7akt\u0131ran Emerson, denemeleri, \u015fiirleri ve konferanslar\u0131yla geni\u015f bir izler\u00e7evre edinmi\u015ftir. Amerikan d\u00fc\u015f\u00fcncesindeki etkileri H.D. Thoreau, M. Fuller, W. James, J. Dewey, G. Santayana ve R. Rorty\u2019e, Amerikan \u015fiirindeki etkileri W. Whitman, E. Dickinson, W.C Williams, R. Frost ve W. Stevens\u2019a uzan\u0131r. Ya\u015farken \u00fcn\u00fc Avrupa\u2019ya da yay\u0131larak 20. y\u00fczy\u0131ldan g\u00fcn\u00fcm\u00fcze do\u011fru dalga dalga geni\u015flemi\u015ftir. Nietzsche\u2019nin ba\u015fucu yazarlar\u0131ndand\u0131r Emerson; Baudelaire onu erkenden ke\u015ffeder; Proust yaz\u0131lar\u0131n\u0131 Emerson al\u0131nt\u0131lar\u0131yla s\u00fcsler; G. Eliot, Wilde, Musil, Tolstoy, Kipling, A. N. Whitehead, Bergson ve Camus iyi birer Emerson okurudur. Borges, ya\u015fam boyu \u201ckendine k\u00fclt yapt\u0131\u011f\u0131\u201d Emerson\u2019\u0131 Poe\u2019dan daha b\u00fcy\u00fck bir \u015fair ve Nietzsche\u2019den daha iyi bir d\u00fc\u015f\u00fcn\u00fcr olarak g\u00f6r\u00fcr. Harold Bloom\u2019a g\u00f6re o, \u201cAmerikan k\u00fclt\u00fcr\u00fcn\u00fcn merkezindeki isim\u201ddir.   Kitap\u00e7\u0131k boyutundaki ilk yap\u0131t\u0131 Do\u011fa\u2019da insan ve do\u011fa ili\u015fkisini ele alan Emerson, Denemeler: Birinci Seri\u2019de Ben\u2019i ba\u015fkalar\u0131yla ve do\u011fayla olan yo\u011fun, dinamik ba\u011flar\u0131 \u00fczerinden Varl\u0131\u011f\u0131n tinsel bulutuna yerle\u015ftirir. Denemeler: \u0130kinci Seri ve Ya\u015fam\u0131n \u0130daresi ile beraber Emerson\u2019\u0131n yap\u0131tlar\u0131n\u0131n \u00e7ekirde\u011fini olu\u015fturan Denemeler: Birinci Seri, dipnotland\u0131r\u0131lm\u0131\u015f tam metin olarak ilk kez T\u00fcrk\u00e7ede. <\/p>\n","protected":false},"excerpt":{"rendered":"<p>19. y\u00fczy\u0131l ortalar\u0131nda Amerikan zihninin ilk k\u0131v\u0131lc\u0131mlar\u0131n\u0131 \u00e7akt\u0131ran Emerson, denemeleri, \u015fiirleri ve konferanslar\u0131yla geni\u015f bir izler\u00e7evre edinmi\u015ftir. Amerikan d\u00fc\u015f\u00fcncesindeki etkileri H.D. Thoreau, M. Fuller, W. James,<span class=\"excerpt-hellip\"> [\u2026]<\/span><\/p>\n","protected":false},"featured_media":0,"template":"","meta":{"_monsterinsights_skip_tracking":false,"_monsterinsights_sitenote_active":false,"_monsterinsights_sitenote_note":"","_monsterinsights_sitenote_category":0},"product_brand":[],"product_cat":[12777,12291],"product_tag":[],"class_list":{"0":"post-745855","1":"product","2":"type-product","3":"status-publish","5":"product_cat-deneme","6":"product_cat-edebiyat","7":"pa_cilt-ciltsiz","8":"pa_tur-kitap","9":"pa_yayinevi-dogu-bati-yayinlari","10":"pa_yazar-ralph-waldo-emerson","12":"first","13":"instock","14":"sale","15":"shipping-taxable","16":"purchasable","17":"product-type-simple"},"_links":{"self":[{"href":"https:\/\/roveyayinevi.com.tr\/index.php\/wp-json\/wp\/v2\/product\/745855","targetHints":{"allow":["GET"]}}],"collection":[{"href":"https:\/\/roveyayinevi.com.tr\/index.php\/wp-json\/wp\/v2\/product"}],"about":[{"href":"https:\/\/roveyayinevi.com.tr\/index.php\/wp-json\/wp\/v2\/types\/product"}],"wp:attachment":[{"href":"https:\/\/roveyayinevi.com.tr\/index.php\/wp-json\/wp\/v2\/media?parent=745855"}],"wp:term":[{"taxonomy":"product_brand","embeddable":true,"href":"https:\/\/roveyayinevi.com.tr\/index.php\/wp-json\/wp\/v2\/product_brand?post=745855"},{"taxonomy":"product_cat","embeddable":true,"href":"https:\/\/roveyayinevi.com.tr\/index.php\/wp-json\/wp\/v2\/product_cat?post=745855"},{"taxonomy":"product_tag","embeddable":true,"href":"https:\/\/roveyayinevi.com.tr\/index.php\/wp-json\/wp\/v2\/product_tag?post=745855"}],"curies":[{"name":"wp","href":"https:\/\/api.w.org\/{rel}","templated":true}]}}