{"id":745854,"date":"2025-08-28T02:29:28","date_gmt":"2025-08-27T23:29:28","guid":{"rendered":"https:\/\/roveyayinevi.com.tr\/index.php\/urun\/uretimin-aynasi\/"},"modified":"2026-04-16T02:58:23","modified_gmt":"2026-04-15T23:58:23","slug":"uretimin-aynasi","status":"publish","type":"product","link":"https:\/\/roveyayinevi.com.tr\/index.php\/urun\/uretimin-aynasi\/","title":{"rendered":"\u00dcretimin Aynas\u0131"},"content":{"rendered":"<p>Jean Baudrillard \u00dcretimin Aynas\u0131\u2019nda, kendini kapitalizmin radikal bir ele\u015ftirisi olarak sunan Marksist ekonomi politi\u011fi ele\u015ftirmektedir. Ona g\u00f6re Marksizm, modern toplumun merkezine \u00fcretimi koymakla asl\u0131nda burjuvaziye hizmet etmektedir: Tarih\u00ee materyalizm, diyalektik, \u00fcretim bi\u00e7imi, emek g\u00fcc\u00fc gibi kavramlar Marksist kuram\u0131n, burjuva d\u00fc\u015f\u00fcn\u00fcrler taraf\u0131ndan \u00fcretilen do\u011fa, geli\u015fme, ak\u0131l, emek, de\u011fi\u015f toku\u015f gibi evrensel kavramlara bir son vermek amac\u0131yla yararland\u0131\u011f\u0131 kavramlar iken g\u00fcn\u00fcm\u00fczde ayn\u0131 tarih\u00ee materyalizm, \u00fcretti\u011fi b\u00fct\u00fcn bu kavramlar\u0131 en az burjuvazininki kadar ac\u0131mas\u0131z bir \u201cele\u015ftirel\u201d emperyalizmle evrenselle\u015ftirmeye \u00e7al\u0131\u015fmaktad\u0131r.   Baudrillard\u2019a g\u00f6re Marx\u2019\u0131n ortaya att\u0131\u011f\u0131 \u00fcretim, \u00fcretim bi\u00e7imi, de\u011fi\u015fim de\u011feri gibi kavramlar evrenselle\u015ftikleri andan itibaren \u00e7\u00f6z\u00fcmleme yeteneklerini yitirip anlam dininin egemenli\u011fi alt\u0131na girerek bir t\u00fcr kutsal kurala d\u00f6n\u00fc\u015fmekte ve genelle\u015fmi\u015f bir sistemi kuramsal a\u00e7\u0131dan yeniden \u00fcretmektedirler. Bu kavramlar g\u00f6stergelere, yani \u201cger\u00e7ek\u201d bir g\u00f6sterilenin g\u00f6sterenlerine d\u00f6n\u00fc\u015fmekte ve varl\u0131klar\u0131n\u0131 ancak g\u00f6stergelerden olu\u015fan d\u00fc\u015fsel bir evrende, insan\u0131 bask\u0131 alt\u0131na alan bir sim\u00fclasyon evreninde s\u00fcrd\u00fcrebilmektedirler. <\/p>\n","protected":false},"excerpt":{"rendered":"<p>Jean Baudrillard \u00dcretimin Aynas\u0131\u2019nda, kendini kapitalizmin radikal bir ele\u015ftirisi olarak sunan Marksist ekonomi politi\u011fi ele\u015ftirmektedir. Ona g\u00f6re Marksizm, modern toplumun merkezine \u00fcretimi koymakla asl\u0131nda burjuvaziye hizmet<span class=\"excerpt-hellip\"> [\u2026]<\/span><\/p>\n","protected":false},"featured_media":0,"template":"","meta":{"_monsterinsights_skip_tracking":false,"_monsterinsights_sitenote_active":false,"_monsterinsights_sitenote_note":"","_monsterinsights_sitenote_category":0},"product_brand":[],"product_cat":[12325,12324],"product_tag":[],"class_list":{"0":"post-745854","1":"product","2":"type-product","3":"status-publish","5":"product_cat-diger-sosyoloji","6":"product_cat-sosyoloji","7":"pa_cilt-ciltsiz","8":"pa_tur-kitap","9":"pa_yayinevi-dogu-bati-yayinlari","10":"pa_yazar-jean-baudrillard","12":"first","13":"instock","14":"sale","15":"shipping-taxable","16":"purchasable","17":"product-type-simple"},"_links":{"self":[{"href":"https:\/\/roveyayinevi.com.tr\/index.php\/wp-json\/wp\/v2\/product\/745854","targetHints":{"allow":["GET"]}}],"collection":[{"href":"https:\/\/roveyayinevi.com.tr\/index.php\/wp-json\/wp\/v2\/product"}],"about":[{"href":"https:\/\/roveyayinevi.com.tr\/index.php\/wp-json\/wp\/v2\/types\/product"}],"wp:attachment":[{"href":"https:\/\/roveyayinevi.com.tr\/index.php\/wp-json\/wp\/v2\/media?parent=745854"}],"wp:term":[{"taxonomy":"product_brand","embeddable":true,"href":"https:\/\/roveyayinevi.com.tr\/index.php\/wp-json\/wp\/v2\/product_brand?post=745854"},{"taxonomy":"product_cat","embeddable":true,"href":"https:\/\/roveyayinevi.com.tr\/index.php\/wp-json\/wp\/v2\/product_cat?post=745854"},{"taxonomy":"product_tag","embeddable":true,"href":"https:\/\/roveyayinevi.com.tr\/index.php\/wp-json\/wp\/v2\/product_tag?post=745854"}],"curies":[{"name":"wp","href":"https:\/\/api.w.org\/{rel}","templated":true}]}}