{"id":745853,"date":"2025-08-28T02:29:27","date_gmt":"2025-08-27T23:29:27","guid":{"rendered":"https:\/\/roveyayinevi.com.tr\/index.php\/urun\/her-yer-ekran\/"},"modified":"2026-04-16T02:58:23","modified_gmt":"2026-04-15T23:58:23","slug":"her-yer-ekran","status":"publish","type":"product","link":"https:\/\/roveyayinevi.com.tr\/index.php\/urun\/her-yer-ekran\/","title":{"rendered":"Her Yer Ekran"},"content":{"rendered":"<p>\u201cYa\u015fam\u0131n her alan\u0131nda birbirinden ayr\u0131 olan \u015feyleri art\u0131k birbirinden ay\u0131ram\u0131yoruz, \u00e7\u00fcnk\u00fc cinsiyetler, kar\u015f\u0131t kutuplar, sahne ve salon, eylemin kahramanlar\u0131, \u00f6zne ve nesne, ger\u00e7ek ve yans\u0131mas\u0131 aras\u0131ndaki mesafe yok edildi. Terimlerin bu \u015fekilde birbirine kar\u0131\u015ft\u0131r\u0131lmas\u0131, kutuplar aras\u0131ndaki bu gizli anla\u015fma sonu\u00e7 olarak sanat, ahl\u00e2k, politika d\u00e2hil ya\u015fam\u0131n hi\u00e7bir alan\u0131nda de\u011fer yarg\u0131s\u0131 diye bir \u015fey b\u0131rakmad\u0131. Mesafe bilincine, \u2018araya bir mesafe koyma tutkusuna\u2019 bir son verilmesi her \u015feyin kesinli\u011fini yitirmesine neden oldu.\u201d   Her Yer Ekran, ger\u00e7eklik duygusunun nas\u0131l yitirildi\u011fine ili\u015fkin bir \u00e7\u00f6z\u00fcmlemedir. Kendini tekrar eden tarihsel bir anlay\u0131\u015f\u0131n bundan b\u00f6yle ikiy\u00fczl\u00fc bir ya\u015fam ortaya koymas\u0131 ka\u00e7\u0131n\u0131lmazd\u0131r. Bu kendini gizleme ve ger\u00e7eklerin \u00fczerini \u00f6rtme hali, sanattan politikaya felsefeden toplumun t\u00fcm katmanlar\u0131na sinmi\u015ftir. B\u00fct\u00fcn sistem uzun s\u00fcreden beri devasa bir ekrandan kendi yorgunlu\u011funu ve \u00e7aresizli\u011fini seyretmektedir. S\u00f6zde yenilikler, teknik ve teknolojik ilerlemeler \u00e2deta bir sim\u00fclasyon evreninde kaybolup gitmektedir.   Baudrillard\u2019\u0131n Lib\u00e9ration gazetesi i\u00e7in kaleme ald\u0131\u011f\u0131 yaz\u0131lar g\u00fcncelli\u011finden hi\u00e7bir \u015fey yitirmemi\u015ftir. D\u00fcnyan\u0131n bug\u00fcn geldi\u011fi durumu, \u2018demokratik despotlu\u011fa\u2019 d\u00f6n\u00fc\u015fen egemenlik anlay\u0131\u015flar\u0131n\u0131 ve Bat\u0131\u2019n\u0131n riyak\u00e2r politikalar\u0131n\u0131 a\u00e7\u0131k ve net bir \u015fekilde sorgulamaktad\u0131r. <\/p>\n","protected":false},"excerpt":{"rendered":"<p>\u201cYa\u015fam\u0131n her alan\u0131nda birbirinden ayr\u0131 olan \u015feyleri art\u0131k birbirinden ay\u0131ram\u0131yoruz, \u00e7\u00fcnk\u00fc cinsiyetler, kar\u015f\u0131t kutuplar, sahne ve salon, eylemin kahramanlar\u0131, \u00f6zne ve nesne, ger\u00e7ek ve yans\u0131mas\u0131 aras\u0131ndaki<span class=\"excerpt-hellip\"> [\u2026]<\/span><\/p>\n","protected":false},"featured_media":0,"template":"","meta":{"_monsterinsights_skip_tracking":false,"_monsterinsights_sitenote_active":false,"_monsterinsights_sitenote_note":"","_monsterinsights_sitenote_category":0},"product_brand":[],"product_cat":[12325,12324],"product_tag":[],"class_list":{"0":"post-745853","1":"product","2":"type-product","3":"status-publish","5":"product_cat-diger-sosyoloji","6":"product_cat-sosyoloji","7":"pa_cilt-ciltsiz","8":"pa_tur-kitap","9":"pa_yayinevi-dogu-bati-yayinlari","10":"pa_yazar-jean-baudrillard","12":"first","13":"instock","14":"sale","15":"shipping-taxable","16":"purchasable","17":"product-type-simple"},"_links":{"self":[{"href":"https:\/\/roveyayinevi.com.tr\/index.php\/wp-json\/wp\/v2\/product\/745853","targetHints":{"allow":["GET"]}}],"collection":[{"href":"https:\/\/roveyayinevi.com.tr\/index.php\/wp-json\/wp\/v2\/product"}],"about":[{"href":"https:\/\/roveyayinevi.com.tr\/index.php\/wp-json\/wp\/v2\/types\/product"}],"wp:attachment":[{"href":"https:\/\/roveyayinevi.com.tr\/index.php\/wp-json\/wp\/v2\/media?parent=745853"}],"wp:term":[{"taxonomy":"product_brand","embeddable":true,"href":"https:\/\/roveyayinevi.com.tr\/index.php\/wp-json\/wp\/v2\/product_brand?post=745853"},{"taxonomy":"product_cat","embeddable":true,"href":"https:\/\/roveyayinevi.com.tr\/index.php\/wp-json\/wp\/v2\/product_cat?post=745853"},{"taxonomy":"product_tag","embeddable":true,"href":"https:\/\/roveyayinevi.com.tr\/index.php\/wp-json\/wp\/v2\/product_tag?post=745853"}],"curies":[{"name":"wp","href":"https:\/\/api.w.org\/{rel}","templated":true}]}}