{"id":745850,"date":"2025-08-28T02:29:23","date_gmt":"2025-08-27T23:29:23","guid":{"rendered":"https:\/\/roveyayinevi.com.tr\/index.php\/urun\/balkan-blues\/"},"modified":"2026-04-16T02:58:22","modified_gmt":"2026-04-15T23:58:22","slug":"balkan-blues","status":"publish","type":"product","link":"https:\/\/roveyayinevi.com.tr\/index.php\/urun\/balkan-blues\/","title":{"rendered":"Balkan Blues"},"content":{"rendered":"<p>Komiser Haritos da di\u011fer t\u00fcm Atinal\u0131larla birlikte sokakta olmay\u0131 ve Yunanistan\u2019\u0131n Avrupa Futbol \u015eampiyonas\u0131ndaki zaferini kutlamay\u0131 tercih ederdi ama o etraf\u0131nda olan bitenleri g\u00f6rmezden gelemiyordu. Olimpiyat stad\u0131n\u0131n in\u015fas\u0131nda \u00e7al\u0131\u015fan ve cinayete kar\u0131\u015fan Arnavut i\u015f\u00e7ileri, ya\u015fl\u0131 bir Yunan\u0131n en iyi arkada\u015f\u0131 olan Afrikal\u0131 k\u00fc\u00e7\u00fck bir k\u0131z \u00e7ocu\u011funu, Bosnal\u0131 bir S\u0131rp oldu\u011funu iddia eden ve dilencilik yaparak ge\u00e7inen Yunan bir kimyageri, fahi\u015felik yaparak hayatlar\u0131n\u0131 kazanan Bulgarlar, Ruslar ve Rumenleri; \u00f6zellikle de her sabah parka b\u0131rak\u0131lan ve her ak\u015fam tekrar oradan al\u0131nan gen\u00e7 k\u0131z\u0131\u2026 Petros Markaris Balkan Blues\u2019ta, daha iyi bir ya\u015fam aray\u0131\u015f\u0131yla \u00e7o\u011funlukla Balkan \u00fclkelerinden Atina\u2019ya gelen m\u00fcltecileri konu alan dokuz \u00f6yk\u00fcye yer veriyor. \u201cPetros Markaris bu kitapta kentin perde arkas\u0131na g\u00f6z at\u0131yor.\u201d \u2013Andrea Fischer, Buchjournal \u201cAtina\u2019n\u0131n karanl\u0131k y\u00fcz\u00fcn\u00fc ortaya koyan bir toplum portresi.\u201d \u2013Berthold Seewald , Die Welt \u201cMarkaris gerilim, mizah ve toplumsal ele\u015ftiriyi bir araya getirerek karma bir sanat eseri yarat\u0131yor.\u201d \u2013Welt am Sonntag \u201cPetros Markaris g\u00fcn\u00fcm\u00fcz s\u00f6m\u00fcr\u00fc sisteminin sismograf\u0131d\u0131r.\u201d \u2013Stefan Berkholz, WDR3 \u201cAvrupa\u2019n\u0131n en iyi 10 modern polisiye yazar\u0131ndan biri.\u201d \u2013Brian Oliver, The Observer <\/p>\n","protected":false},"excerpt":{"rendered":"<p>Komiser Haritos da di\u011fer t\u00fcm Atinal\u0131larla birlikte sokakta olmay\u0131 ve Yunanistan\u2019\u0131n Avrupa Futbol \u015eampiyonas\u0131ndaki zaferini kutlamay\u0131 tercih ederdi ama o etraf\u0131nda olan bitenleri g\u00f6rmezden gelemiyordu. Olimpiyat<span class=\"excerpt-hellip\"> [\u2026]<\/span><\/p>\n","protected":false},"featured_media":0,"template":"","meta":{"_monsterinsights_skip_tracking":false,"_monsterinsights_sitenote_active":false,"_monsterinsights_sitenote_note":"","_monsterinsights_sitenote_category":0},"product_brand":[],"product_cat":[12291,15445],"product_tag":[],"class_list":{"0":"post-745850","1":"product","2":"type-product","3":"status-publish","5":"product_cat-edebiyat","6":"product_cat-polisiye","7":"pa_cilt-ciltsiz","8":"pa_tur-kitap","9":"pa_yayinevi-alfa-yayinlari","10":"pa_yazar-petros-markaris","12":"first","13":"instock","14":"sale","15":"shipping-taxable","16":"purchasable","17":"product-type-simple"},"_links":{"self":[{"href":"https:\/\/roveyayinevi.com.tr\/index.php\/wp-json\/wp\/v2\/product\/745850","targetHints":{"allow":["GET"]}}],"collection":[{"href":"https:\/\/roveyayinevi.com.tr\/index.php\/wp-json\/wp\/v2\/product"}],"about":[{"href":"https:\/\/roveyayinevi.com.tr\/index.php\/wp-json\/wp\/v2\/types\/product"}],"wp:attachment":[{"href":"https:\/\/roveyayinevi.com.tr\/index.php\/wp-json\/wp\/v2\/media?parent=745850"}],"wp:term":[{"taxonomy":"product_brand","embeddable":true,"href":"https:\/\/roveyayinevi.com.tr\/index.php\/wp-json\/wp\/v2\/product_brand?post=745850"},{"taxonomy":"product_cat","embeddable":true,"href":"https:\/\/roveyayinevi.com.tr\/index.php\/wp-json\/wp\/v2\/product_cat?post=745850"},{"taxonomy":"product_tag","embeddable":true,"href":"https:\/\/roveyayinevi.com.tr\/index.php\/wp-json\/wp\/v2\/product_tag?post=745850"}],"curies":[{"name":"wp","href":"https:\/\/api.w.org\/{rel}","templated":true}]}}