{"id":745841,"date":"2025-08-28T02:29:11","date_gmt":"2025-08-27T23:29:11","guid":{"rendered":"https:\/\/roveyayinevi.com.tr\/index.php\/urun\/tecrube-damlalari\/"},"modified":"2026-04-16T02:58:22","modified_gmt":"2026-04-15T23:58:22","slug":"tecrube-damlalari","status":"publish","type":"product","link":"https:\/\/roveyayinevi.com.tr\/index.php\/urun\/tecrube-damlalari\/","title":{"rendered":"Tecr\u00fcbe Damlalar\u0131"},"content":{"rendered":"<p>Hayat\u0131n tan\u0131m\u0131n\u0131 yeniden yapmak, de\u011fi\u015fime f\u0131rsat tan\u0131mak, ger\u00e7ek mutlulu\u011fa varmak m\u0131 istiyorsunuz? Durun! Acele etmeyin. Damla damla yol alal\u0131m o zaman\u201d Ya\u015fam\u0131n merkezinde i\u00e7imizdeki birinden\u2026<\/p>\n","protected":false},"excerpt":{"rendered":"<p>Hayat\u0131n tan\u0131m\u0131n\u0131 yeniden yapmak, de\u011fi\u015fime f\u0131rsat tan\u0131mak, ger\u00e7ek mutlulu\u011fa varmak m\u0131 istiyorsunuz? Durun! Acele etmeyin. Damla damla yol alal\u0131m o zaman\u201d Ya\u015fam\u0131n merkezinde i\u00e7imizdeki birinden\u2026<\/p>\n","protected":false},"featured_media":0,"template":"","meta":{"_monsterinsights_skip_tracking":false,"_monsterinsights_sitenote_active":false,"_monsterinsights_sitenote_note":"","_monsterinsights_sitenote_category":0},"product_brand":[],"product_cat":[12777,12291],"product_tag":[],"class_list":{"0":"post-745841","1":"product","2":"type-product","3":"status-publish","5":"product_cat-deneme","6":"product_cat-edebiyat","7":"pa_cilt-ciltsiz","8":"pa_tur-kitap","9":"pa_yayinevi-platanus-publishing","10":"pa_yazar-murat-sariguzel","12":"first","13":"instock","14":"sale","15":"shipping-taxable","16":"purchasable","17":"product-type-simple"},"_links":{"self":[{"href":"https:\/\/roveyayinevi.com.tr\/index.php\/wp-json\/wp\/v2\/product\/745841","targetHints":{"allow":["GET"]}}],"collection":[{"href":"https:\/\/roveyayinevi.com.tr\/index.php\/wp-json\/wp\/v2\/product"}],"about":[{"href":"https:\/\/roveyayinevi.com.tr\/index.php\/wp-json\/wp\/v2\/types\/product"}],"wp:attachment":[{"href":"https:\/\/roveyayinevi.com.tr\/index.php\/wp-json\/wp\/v2\/media?parent=745841"}],"wp:term":[{"taxonomy":"product_brand","embeddable":true,"href":"https:\/\/roveyayinevi.com.tr\/index.php\/wp-json\/wp\/v2\/product_brand?post=745841"},{"taxonomy":"product_cat","embeddable":true,"href":"https:\/\/roveyayinevi.com.tr\/index.php\/wp-json\/wp\/v2\/product_cat?post=745841"},{"taxonomy":"product_tag","embeddable":true,"href":"https:\/\/roveyayinevi.com.tr\/index.php\/wp-json\/wp\/v2\/product_tag?post=745841"}],"curies":[{"name":"wp","href":"https:\/\/api.w.org\/{rel}","templated":true}]}}