{"id":745833,"date":"2025-08-28T02:28:59","date_gmt":"2025-08-27T23:28:59","guid":{"rendered":"https:\/\/roveyayinevi.com.tr\/index.php\/urun\/benim-gorunmez-evim\/"},"modified":"2026-04-16T02:58:22","modified_gmt":"2026-04-15T23:58:22","slug":"benim-gorunmez-evim","status":"publish","type":"product","link":"https:\/\/roveyayinevi.com.tr\/index.php\/urun\/benim-gorunmez-evim\/","title":{"rendered":"Benim G\u00f6r\u00fcnmez Evim"},"content":{"rendered":"<p>Kumru bir g\u00fcn evini terk etmek zorunda kal\u0131r. En sevdi\u011fi tav\u015fan\u0131n\u0131, b\u00fcy\u00fckbabas\u0131n\u0131, b\u00fcy\u00fckannesini ve onun ay \u0131\u015f\u0131\u011f\u0131n\u0131 ard\u0131nda b\u0131rak\u0131r. Anne ve babas\u0131yla sonu gelmeyen \u00e7ok uzun, yorucu ve korkutucu bir yolculu\u011fa \u00e7\u0131kar. Kumru tam olarak anlamasa da k\u00f6t\u00fc bir \u015feylerin oldu\u011funu hisseder. O yuvas\u0131n\u0131 ve sevdiklerini \u00f6zlemektedir. Hem de \u00e7ok\u2026   Evlerini, ailelerini ve arkada\u015flar\u0131n\u0131 kaybeden t\u00fcm \u00e7ocuklara\u2026 Sevdi\u011fi her \u015feyi \u00e7ok geride b\u0131rakan ve yabanc\u0131 \u00fclkelere ula\u015fmak i\u00e7in zor bir yolu gitmek zorunda kalan herkese\u2026 Ve nerede olurlarsa olsunlar evlerini her zaman yan\u0131nda ta\u015f\u0131yanlara\u2026   Vane ve Biljana<\/p>\n","protected":false},"excerpt":{"rendered":"<p>Kumru bir g\u00fcn evini terk etmek zorunda kal\u0131r. En sevdi\u011fi tav\u015fan\u0131n\u0131, b\u00fcy\u00fckbabas\u0131n\u0131, b\u00fcy\u00fckannesini ve onun ay \u0131\u015f\u0131\u011f\u0131n\u0131 ard\u0131nda b\u0131rak\u0131r. Anne ve babas\u0131yla sonu gelmeyen \u00e7ok uzun,<span class=\"excerpt-hellip\"> [\u2026]<\/span><\/p>\n","protected":false},"featured_media":0,"template":"","meta":{"_monsterinsights_skip_tracking":false,"_monsterinsights_sitenote_active":false,"_monsterinsights_sitenote_note":"","_monsterinsights_sitenote_category":0},"product_brand":[],"product_cat":[12274,12284],"product_tag":[],"class_list":{"0":"post-745833","1":"product","2":"type-product","3":"status-publish","5":"product_cat-cocuk-ve-genclik-kitaplari","6":"product_cat-hikayeler","7":"pa_cilt-ciltsiz","8":"pa_tur-kitap","9":"pa_yayinevi-albaraka-yayinlari","10":"pa_yazar-biljana-s-crvenskovska","12":"first","13":"instock","14":"sale","15":"shipping-taxable","16":"purchasable","17":"product-type-simple"},"_links":{"self":[{"href":"https:\/\/roveyayinevi.com.tr\/index.php\/wp-json\/wp\/v2\/product\/745833","targetHints":{"allow":["GET"]}}],"collection":[{"href":"https:\/\/roveyayinevi.com.tr\/index.php\/wp-json\/wp\/v2\/product"}],"about":[{"href":"https:\/\/roveyayinevi.com.tr\/index.php\/wp-json\/wp\/v2\/types\/product"}],"wp:attachment":[{"href":"https:\/\/roveyayinevi.com.tr\/index.php\/wp-json\/wp\/v2\/media?parent=745833"}],"wp:term":[{"taxonomy":"product_brand","embeddable":true,"href":"https:\/\/roveyayinevi.com.tr\/index.php\/wp-json\/wp\/v2\/product_brand?post=745833"},{"taxonomy":"product_cat","embeddable":true,"href":"https:\/\/roveyayinevi.com.tr\/index.php\/wp-json\/wp\/v2\/product_cat?post=745833"},{"taxonomy":"product_tag","embeddable":true,"href":"https:\/\/roveyayinevi.com.tr\/index.php\/wp-json\/wp\/v2\/product_tag?post=745833"}],"curies":[{"name":"wp","href":"https:\/\/api.w.org\/{rel}","templated":true}]}}