{"id":745799,"date":"2025-08-28T02:28:07","date_gmt":"2025-08-27T23:28:07","guid":{"rendered":"https:\/\/roveyayinevi.com.tr\/index.php\/urun\/saftirik-gregin-gunlugu-17-pis-kokulu-sarkilar-ciltli\/"},"modified":"2026-04-16T02:58:21","modified_gmt":"2026-04-15T23:58:21","slug":"saftirik-gregin-gunlugu-17-pis-kokulu-sarkilar-ciltli","status":"publish","type":"product","link":"https:\/\/roveyayinevi.com.tr\/index.php\/urun\/saftirik-gregin-gunlugu-17-pis-kokulu-sarkilar-ciltli\/","title":{"rendered":"Saftirik Greg\u2019in G\u00fcnl\u00fc\u011f\u00fc 17: Pis Kokulu \u015eark\u0131lar  (Ciltli)"},"content":{"rendered":"<p>Greg Heffley, \u015f\u00f6hrete ve zafere giden yolun baz\u0131 zorlu s\u0131navlardan ge\u00e7ti\u011fini ke\u015ffediyor.   Karde\u015fi Rodrick bir m\u00fczik grubu kuruyor ve bu grubun ismi hi\u00e7 de normal gruplar\u0131n ismine benzemiyor: \u00c7\u00fcnk\u00fc ad\u0131n\u0131 B\u00f6kl\u00fc Be\u011fz koyuyor, \u015fark\u0131lar\u0131 da buram buram pis kokuyor. Bu B\u00f6kl\u00fc Be\u011fz\u2019in ad\u0131 d\u0131\u015f\u0131nda bir\u00e7ok sorun daha ortaya \u00e7\u0131k\u0131yor. Ge\u00e7 saatlere kadar provalar, \u00fccretsiz konserler, grup \u00fcyeleri aras\u0131ndaki kavgalar ve para s\u0131k\u0131nt\u0131lar\u0131 t\u00fcm grubu olduk\u00e7a zorluyor.   Greg, B\u00f6kl\u00fc Be\u011fz\u2019in bir efsaneye d\u00f6n\u00fc\u015fmesine yard\u0131m edebilecek mi? Yoksa B\u00f6kl\u00fc Be\u011fz\u2019in ismi unutulup gidecek ve y\u0131ld\u0131z\u0131 parlamadan h\u0131zla s\u00f6necek mi? <\/p>\n","protected":false},"excerpt":{"rendered":"<p>Greg Heffley, \u015f\u00f6hrete ve zafere giden yolun baz\u0131 zorlu s\u0131navlardan ge\u00e7ti\u011fini ke\u015ffediyor. Karde\u015fi Rodrick bir m\u00fczik grubu kuruyor ve bu grubun ismi hi\u00e7 de normal gruplar\u0131n<span class=\"excerpt-hellip\"> [\u2026]<\/span><\/p>\n","protected":false},"featured_media":0,"template":"","meta":{"_monsterinsights_skip_tracking":false,"_monsterinsights_sitenote_active":false,"_monsterinsights_sitenote_note":"","_monsterinsights_sitenote_category":0},"product_brand":[],"product_cat":[12689,12274],"product_tag":[],"class_list":{"0":"post-745799","1":"product","2":"type-product","3":"status-publish","5":"product_cat-cizgi-roman-cocuk-ve-genclik-kitaplari","6":"product_cat-cocuk-ve-genclik-kitaplari","7":"pa_cilt-ciltli","8":"pa_tur-kitap","9":"pa_yayinevi-epsilon-yayinlari","10":"pa_yazar-jeff-kinney","12":"first","13":"instock","14":"sale","15":"shipping-taxable","16":"purchasable","17":"product-type-simple"},"_links":{"self":[{"href":"https:\/\/roveyayinevi.com.tr\/index.php\/wp-json\/wp\/v2\/product\/745799","targetHints":{"allow":["GET"]}}],"collection":[{"href":"https:\/\/roveyayinevi.com.tr\/index.php\/wp-json\/wp\/v2\/product"}],"about":[{"href":"https:\/\/roveyayinevi.com.tr\/index.php\/wp-json\/wp\/v2\/types\/product"}],"wp:attachment":[{"href":"https:\/\/roveyayinevi.com.tr\/index.php\/wp-json\/wp\/v2\/media?parent=745799"}],"wp:term":[{"taxonomy":"product_brand","embeddable":true,"href":"https:\/\/roveyayinevi.com.tr\/index.php\/wp-json\/wp\/v2\/product_brand?post=745799"},{"taxonomy":"product_cat","embeddable":true,"href":"https:\/\/roveyayinevi.com.tr\/index.php\/wp-json\/wp\/v2\/product_cat?post=745799"},{"taxonomy":"product_tag","embeddable":true,"href":"https:\/\/roveyayinevi.com.tr\/index.php\/wp-json\/wp\/v2\/product_tag?post=745799"}],"curies":[{"name":"wp","href":"https:\/\/api.w.org\/{rel}","templated":true}]}}