{"id":745797,"date":"2025-08-28T02:28:05","date_gmt":"2025-08-27T23:28:05","guid":{"rendered":"https:\/\/roveyayinevi.com.tr\/index.php\/urun\/45-durak-ciltli\/"},"modified":"2026-04-16T02:58:21","modified_gmt":"2026-04-15T23:58:21","slug":"45-durak-ciltli","status":"publish","type":"product","link":"https:\/\/roveyayinevi.com.tr\/index.php\/urun\/45-durak-ciltli\/","title":{"rendered":"45. Durak (Ciltli)"},"content":{"rendered":"<p>\u201cSevgi, bir g\u00fcn kopaca\u011f\u0131n\u0131 bile bile ba\u011flanmakt\u0131r.\u201d   Akasya ge\u00e7mi\u015fin ona hissettirdiklerinden ka\u00e7arken her y\u0131l \u015fehir de\u011fi\u015ftirmek zorundad\u0131r. On yedi ya\u015f\u0131ndan beri gitti\u011fi her \u015fehirden biraz daha yar\u0131m ayr\u0131lan Akasya, bir haziran gecesi \u015fehre veda ederken kaybetti\u011fi an\u0131lar\u0131n parmak izlerini ruhunda ta\u015f\u0131r.   Ankara\u2019ya ayak basarken bu \u015fehrin, onu ka\u00e7t\u0131\u011f\u0131 ge\u00e7mi\u015fin ortas\u0131na b\u0131rakaca\u011f\u0131ndan bihaberdir. K\u0131rk be\u015finci durakta buldu\u011fu Yekta Emir Ilgaz, onu kaybetti\u011fi an\u0131larla y\u00fczle\u015ftirerek b\u00fct\u00fcn do\u011frular\u0131n\u0131 sarsacakt\u0131r.   Ayn\u0131 ac\u0131lardan ge\u00e7ip, ayr\u0131 ayr\u0131 yollarda y\u00fcr\u00fcd\u00fc\u011f\u00fc bu adamla korktu\u011fu ge\u00e7mi\u015fin i\u00e7erisine d\u00fc\u015fen Akasya, bu y\u0131l Ankara\u2019y\u0131 ve en \u00f6nemlisi de Yekta\u2019y\u0131 terk edebilecek midir?   \u201cBuz kesmi\u015f ellerin\u2026 Bir g\u00fcn gideceksin diye mi hep kap\u0131da as\u0131l\u0131 ceketin? Sevgilim, birinin gidi\u015flerini sevebilir misin? Ben sevece\u011fim, ad\u0131mlar\u0131n\u0131 izleyece\u011fim.\u201d<\/p>\n","protected":false},"excerpt":{"rendered":"<p>\u201cSevgi, bir g\u00fcn kopaca\u011f\u0131n\u0131 bile bile ba\u011flanmakt\u0131r.\u201d Akasya ge\u00e7mi\u015fin ona hissettirdiklerinden ka\u00e7arken her y\u0131l \u015fehir de\u011fi\u015ftirmek zorundad\u0131r. On yedi ya\u015f\u0131ndan beri gitti\u011fi her \u015fehirden biraz daha<span class=\"excerpt-hellip\"> [\u2026]<\/span><\/p>\n","protected":false},"featured_media":0,"template":"","meta":{"_monsterinsights_skip_tracking":false,"_monsterinsights_sitenote_active":false,"_monsterinsights_sitenote_note":"","_monsterinsights_sitenote_category":0},"product_brand":[],"product_cat":[12291,12711],"product_tag":[],"class_list":{"0":"post-745797","1":"product","2":"type-product","3":"status-publish","5":"product_cat-edebiyat","6":"product_cat-roman-oyku","7":"pa_cilt-ciltli","8":"pa_tur-kitap","9":"pa_yayinevi-ren-kitap","10":"pa_yazar-busra-nur","12":"first","13":"instock","14":"sale","15":"shipping-taxable","16":"purchasable","17":"product-type-simple"},"_links":{"self":[{"href":"https:\/\/roveyayinevi.com.tr\/index.php\/wp-json\/wp\/v2\/product\/745797","targetHints":{"allow":["GET"]}}],"collection":[{"href":"https:\/\/roveyayinevi.com.tr\/index.php\/wp-json\/wp\/v2\/product"}],"about":[{"href":"https:\/\/roveyayinevi.com.tr\/index.php\/wp-json\/wp\/v2\/types\/product"}],"wp:attachment":[{"href":"https:\/\/roveyayinevi.com.tr\/index.php\/wp-json\/wp\/v2\/media?parent=745797"}],"wp:term":[{"taxonomy":"product_brand","embeddable":true,"href":"https:\/\/roveyayinevi.com.tr\/index.php\/wp-json\/wp\/v2\/product_brand?post=745797"},{"taxonomy":"product_cat","embeddable":true,"href":"https:\/\/roveyayinevi.com.tr\/index.php\/wp-json\/wp\/v2\/product_cat?post=745797"},{"taxonomy":"product_tag","embeddable":true,"href":"https:\/\/roveyayinevi.com.tr\/index.php\/wp-json\/wp\/v2\/product_tag?post=745797"}],"curies":[{"name":"wp","href":"https:\/\/api.w.org\/{rel}","templated":true}]}}