{"id":745793,"date":"2025-08-28T02:28:00","date_gmt":"2025-08-27T23:28:00","guid":{"rendered":"https:\/\/roveyayinevi.com.tr\/index.php\/urun\/sansli-olmak-sans-meselesi-degildir\/"},"modified":"2026-04-16T02:58:21","modified_gmt":"2026-04-15T23:58:21","slug":"sansli-olmak-sans-meselesi-degildir","status":"publish","type":"product","link":"https:\/\/roveyayinevi.com.tr\/index.php\/urun\/sansli-olmak-sans-meselesi-degildir\/","title":{"rendered":"\u015eansl\u0131 Olmak \u015eans Meselesi De\u011fildir"},"content":{"rendered":"<p>Ya kendi \u015fans\u0131n\u0131z\u0131 kendiniz belirleyebilseydiniz? Ya b\u00fcy\u00fcleyici bir hayat ya\u015famak kontrol\u00fcn\u00fcz alt\u0131nda olsayd\u0131? Peki, ya hayat\u0131n\u0131z\u0131n a\u015fk\u0131n\u0131 bulmu\u015f olsayd\u0131n\u0131z? Size iyi bir haberim var: T\u00fcm bunlar m\u00fcmk\u00fcn! Tabii, nas\u0131l yap\u0131laca\u011f\u0131n\u0131 bildi\u011finiz zaman\u2026 New York Times\u2019\u0131n \u00e7oksatan yazarlar\u0131 Gay Hendricks ve Carol Kline, \u015eansl\u0131 Olmak \u015eans Meselesi De\u011fildir kitab\u0131nda \u015fans\u0131n\u0131z\u0131n nihayet kap\u0131y\u0131 k\u0131rmas\u0131n\u0131 sa\u011flayacak sekiz s\u0131r payla\u015f\u0131yor. \u015eans\u0131n \u00f6n\u00fcn\u00fcze gelmesini beklemek yerine, kaderinizin kontrol\u00fcn\u00fc nas\u0131l ele alaca\u011f\u0131n\u0131z\u0131 ve hayallerinizdeki g\u00f6z kama\u015ft\u0131r\u0131c\u0131 hayat\u0131 nas\u0131l yarataca\u011f\u0131n\u0131z\u0131 \u00f6\u011frenin. Pratik teknikler, ilham verici ger\u00e7ek hik\u00e2yeler ve yazarlar\u0131n ki\u015fisel yolculuklar\u0131n\u0131 i\u00e7eren bu etkileyici kitap, sizi mutlulu\u011fa davet ediyor. Hendricks ve Kline\u2019\u0131n onlarca y\u0131ll\u0131k \u00e7\u0131\u011f\u0131r a\u00e7\u0131c\u0131 \u00e7al\u0131\u015fmalar\u0131na dayanan bu benzersiz ve son derece etkili teknikler, hayat\u0131n\u0131z\u0131 d\u00f6n\u00fc\u015ft\u00fcrmenin kesin bir yolunu sunuyor!<\/p>\n","protected":false},"excerpt":{"rendered":"<p>Ya kendi \u015fans\u0131n\u0131z\u0131 kendiniz belirleyebilseydiniz? Ya b\u00fcy\u00fcleyici bir hayat ya\u015famak kontrol\u00fcn\u00fcz alt\u0131nda olsayd\u0131? Peki, ya hayat\u0131n\u0131z\u0131n a\u015fk\u0131n\u0131 bulmu\u015f olsayd\u0131n\u0131z? Size iyi bir haberim var: T\u00fcm bunlar<span class=\"excerpt-hellip\"> [\u2026]<\/span><\/p>\n","protected":false},"featured_media":0,"template":"","meta":{"_monsterinsights_skip_tracking":false,"_monsterinsights_sitenote_active":false,"_monsterinsights_sitenote_note":"","_monsterinsights_sitenote_category":0},"product_brand":[],"product_cat":[12364,12376],"product_tag":[],"class_list":{"0":"post-745793","1":"product","2":"type-product","3":"status-publish","5":"product_cat-genel-konular","6":"product_cat-kisisel-gelisim","7":"pa_cilt-ciltsiz","8":"pa_tur-kitap","9":"pa_yayinevi-sola-unitas","10":"pa_yazar-gay-hendricks-carole-kline","12":"first","13":"instock","14":"sale","15":"shipping-taxable","16":"purchasable","17":"product-type-simple"},"_links":{"self":[{"href":"https:\/\/roveyayinevi.com.tr\/index.php\/wp-json\/wp\/v2\/product\/745793","targetHints":{"allow":["GET"]}}],"collection":[{"href":"https:\/\/roveyayinevi.com.tr\/index.php\/wp-json\/wp\/v2\/product"}],"about":[{"href":"https:\/\/roveyayinevi.com.tr\/index.php\/wp-json\/wp\/v2\/types\/product"}],"wp:attachment":[{"href":"https:\/\/roveyayinevi.com.tr\/index.php\/wp-json\/wp\/v2\/media?parent=745793"}],"wp:term":[{"taxonomy":"product_brand","embeddable":true,"href":"https:\/\/roveyayinevi.com.tr\/index.php\/wp-json\/wp\/v2\/product_brand?post=745793"},{"taxonomy":"product_cat","embeddable":true,"href":"https:\/\/roveyayinevi.com.tr\/index.php\/wp-json\/wp\/v2\/product_cat?post=745793"},{"taxonomy":"product_tag","embeddable":true,"href":"https:\/\/roveyayinevi.com.tr\/index.php\/wp-json\/wp\/v2\/product_tag?post=745793"}],"curies":[{"name":"wp","href":"https:\/\/api.w.org\/{rel}","templated":true}]}}