{"id":745792,"date":"2025-08-28T02:27:59","date_gmt":"2025-08-27T23:27:59","guid":{"rendered":"https:\/\/roveyayinevi.com.tr\/index.php\/urun\/aristoteles\/"},"modified":"2026-04-16T02:58:21","modified_gmt":"2026-04-15T23:58:21","slug":"aristoteles","status":"publish","type":"product","link":"https:\/\/roveyayinevi.com.tr\/index.php\/urun\/aristoteles\/","title":{"rendered":"Aristoteles"},"content":{"rendered":"<p>Aristoteles\u2019i antik\u00e7a\u011f\u0131n en \u00f6nemli filozoflar\u0131ndan biri k\u0131lan \u00f6zellik, geni\u015f bir yelpazeye yay\u0131l\u0131 farkl\u0131 konular\u0131 sistematik bir b\u00fct\u00fcnl\u00fck haline getirebilmi\u015f olmas\u0131d\u0131r. Christopher Shields tam da bu do\u011frultuda, her birine ayr\u0131 bir b\u00f6l\u00fcm ay\u0131rarak, Aristoteles\u2019in metafizi\u011finin, ruh-beden anlay\u0131\u015f\u0131n\u0131n, etik ile politika aras\u0131ndaki ili\u015fkinin, retori\u011fin ve sanat kuram\u0131n\u0131n hem kendine \u00f6zg\u00fc yanlar\u0131n\u0131 hem de nas\u0131l bir b\u00fct\u00fcnl\u00fck in\u015fa ettiklerini yetkin bir bi\u00e7imde ortaya koyuyor. Bunu yaparken Aristoteles\u2019in a\u00e7\u0131klay\u0131c\u0131 \u00e7er\u00e7evesini ve felsefi metodolojisini ihmal etmemesi ise, nas\u0131l bir bak\u0131\u015f a\u00e7\u0131s\u0131 ve yakla\u015f\u0131mla hareket etti\u011fini g\u00f6stermesi bak\u0131m\u0131ndan \u00f6nem ta\u015f\u0131makta. Shields bu kitab\u0131nda ayr\u0131ca, Aristoteles\u2019in miras\u0131n\u0131n geni\u015f\u00e7e bir de\u011ferlendirmesine yer vererek g\u00fcn\u00fcm\u00fczde ortaya \u00e7\u0131kan yeni Aristoteles\u00e7i hareketlerin ana hatlar\u0131n\u0131 da \u00e7iziyor.<\/p>\n","protected":false},"excerpt":{"rendered":"<p>Aristoteles\u2019i antik\u00e7a\u011f\u0131n en \u00f6nemli filozoflar\u0131ndan biri k\u0131lan \u00f6zellik, geni\u015f bir yelpazeye yay\u0131l\u0131 farkl\u0131 konular\u0131 sistematik bir b\u00fct\u00fcnl\u00fck haline getirebilmi\u015f olmas\u0131d\u0131r. Christopher Shields tam da bu do\u011frultuda,<span class=\"excerpt-hellip\"> [\u2026]<\/span><\/p>\n","protected":false},"featured_media":0,"template":"","meta":{"_monsterinsights_skip_tracking":false,"_monsterinsights_sitenote_active":false,"_monsterinsights_sitenote_note":"","_monsterinsights_sitenote_category":0},"product_brand":[],"product_cat":[12388,26788],"product_tag":[],"class_list":{"0":"post-745792","1":"product","2":"type-product","3":"status-publish","5":"product_cat-felsefe","6":"product_cat-filozoflar","7":"pa_cilt-ciltsiz","8":"pa_tur-kitap","9":"pa_yayinevi-alfa-yayinlari","10":"pa_yazar-christopher-shields","12":"first","13":"instock","14":"sale","15":"shipping-taxable","16":"purchasable","17":"product-type-simple"},"_links":{"self":[{"href":"https:\/\/roveyayinevi.com.tr\/index.php\/wp-json\/wp\/v2\/product\/745792","targetHints":{"allow":["GET"]}}],"collection":[{"href":"https:\/\/roveyayinevi.com.tr\/index.php\/wp-json\/wp\/v2\/product"}],"about":[{"href":"https:\/\/roveyayinevi.com.tr\/index.php\/wp-json\/wp\/v2\/types\/product"}],"wp:attachment":[{"href":"https:\/\/roveyayinevi.com.tr\/index.php\/wp-json\/wp\/v2\/media?parent=745792"}],"wp:term":[{"taxonomy":"product_brand","embeddable":true,"href":"https:\/\/roveyayinevi.com.tr\/index.php\/wp-json\/wp\/v2\/product_brand?post=745792"},{"taxonomy":"product_cat","embeddable":true,"href":"https:\/\/roveyayinevi.com.tr\/index.php\/wp-json\/wp\/v2\/product_cat?post=745792"},{"taxonomy":"product_tag","embeddable":true,"href":"https:\/\/roveyayinevi.com.tr\/index.php\/wp-json\/wp\/v2\/product_tag?post=745792"}],"curies":[{"name":"wp","href":"https:\/\/api.w.org\/{rel}","templated":true}]}}