{"id":745785,"date":"2025-08-28T02:27:49","date_gmt":"2025-08-27T23:27:49","guid":{"rendered":"https:\/\/roveyayinevi.com.tr\/index.php\/urun\/adim-adim-origami-katla-eglenceyi-yakala\/"},"modified":"2026-04-16T02:58:21","modified_gmt":"2026-04-15T23:58:21","slug":"adim-adim-origami-katla-eglenceyi-yakala","status":"publish","type":"product","link":"https:\/\/roveyayinevi.com.tr\/index.php\/urun\/adim-adim-origami-katla-eglenceyi-yakala\/","title":{"rendered":"Ad\u0131m Ad\u0131m Origami Katla, E\u011flenceyi Yakala!"},"content":{"rendered":"<p>OR\u0130GAM\u0130N\u0130N S\u0130H\u0130RL\u0130 D\u00dcNYASINI KE\u015eFED\u0130N!   OR\u0130GAM\u0130 \u0130LE K\u00c2\u011eITLARI HAYVANLARA, E\u015eYALARA VEYA ARA\u00c7LARA D\u00d6N\u00dc\u015eT\u00dcRMEYE NE DERS\u0130N\u0130Z?   Origami, \u00e7ocuklar\u0131n tek ba\u015flar\u0131na, aileleriyle veya arkada\u015flar\u0131yla birlikte yapabilecekleri, e\u011flenceli ve faydal\u0131 etkinliklerden biridir. \u2022 \u00c7ocuklarda \u00fcretme, \u015fekillendirme yetene\u011fini ve sanatsal zek\u00e2y\u0131 geli\u015ftirir. \u2022 \u00c7ocuklar, sanat ve matemati\u011fi bir arada ve oyun yoluyla \u00f6\u011frenirler. \u2022 Geometrik \u015fekilleri yaparak \u00f6\u011frenirler. \u2022 Origami, el becerileriyle birlikte \u00e7ocuklar\u0131n estetik duygular\u0131n\u0131 da geli\u015ftirir. \u2022 Origami gibi sanatsal faaliyetler, \u00e7ocu\u011fun sosyalle\u015fmesine katk\u0131 sa\u011flar. \u2022 Yapacaklar\u0131 fig\u00fcre, rengine ve boyutuna karar vererek \u00e7ocuklar, duygular\u0131n\u0131 ve d\u00fc\u015f\u00fcncelerini yans\u0131tma imk\u00e2n\u0131 bulurlar. (Arka kapak yaz\u0131s\u0131) <\/p>\n","protected":false},"excerpt":{"rendered":"<p>OR\u0130GAM\u0130N\u0130N S\u0130H\u0130RL\u0130 D\u00dcNYASINI KE\u015eFED\u0130N! OR\u0130GAM\u0130 \u0130LE K\u00c2\u011eITLARI HAYVANLARA, E\u015eYALARA VEYA ARA\u00c7LARA D\u00d6N\u00dc\u015eT\u00dcRMEYE NE DERS\u0130N\u0130Z? Origami, \u00e7ocuklar\u0131n tek ba\u015flar\u0131na, aileleriyle veya arkada\u015flar\u0131yla birlikte yapabilecekleri, e\u011flenceli ve faydal\u0131<span class=\"excerpt-hellip\"> [\u2026]<\/span><\/p>\n","protected":false},"featured_media":0,"template":"","meta":{"_monsterinsights_skip_tracking":false,"_monsterinsights_sitenote_active":false,"_monsterinsights_sitenote_note":"","_monsterinsights_sitenote_category":0},"product_brand":[],"product_cat":[28265,15563],"product_tag":[],"class_list":{"0":"post-745785","1":"product","2":"type-product","3":"status-publish","5":"product_cat-diger-hobi","6":"product_cat-hobi","7":"pa_cilt-ciltsiz","8":"pa_tur-kitap","9":"pa_yayinevi-beyaz-balina-yayinlari","10":"pa_yazar-ramazan-oktay","12":"first","13":"instock","14":"sale","15":"shipping-taxable","16":"purchasable","17":"product-type-simple"},"_links":{"self":[{"href":"https:\/\/roveyayinevi.com.tr\/index.php\/wp-json\/wp\/v2\/product\/745785","targetHints":{"allow":["GET"]}}],"collection":[{"href":"https:\/\/roveyayinevi.com.tr\/index.php\/wp-json\/wp\/v2\/product"}],"about":[{"href":"https:\/\/roveyayinevi.com.tr\/index.php\/wp-json\/wp\/v2\/types\/product"}],"wp:attachment":[{"href":"https:\/\/roveyayinevi.com.tr\/index.php\/wp-json\/wp\/v2\/media?parent=745785"}],"wp:term":[{"taxonomy":"product_brand","embeddable":true,"href":"https:\/\/roveyayinevi.com.tr\/index.php\/wp-json\/wp\/v2\/product_brand?post=745785"},{"taxonomy":"product_cat","embeddable":true,"href":"https:\/\/roveyayinevi.com.tr\/index.php\/wp-json\/wp\/v2\/product_cat?post=745785"},{"taxonomy":"product_tag","embeddable":true,"href":"https:\/\/roveyayinevi.com.tr\/index.php\/wp-json\/wp\/v2\/product_tag?post=745785"}],"curies":[{"name":"wp","href":"https:\/\/api.w.org\/{rel}","templated":true}]}}