{"id":745782,"date":"2025-08-28T02:27:45","date_gmt":"2025-08-27T23:27:45","guid":{"rendered":"https:\/\/roveyayinevi.com.tr\/index.php\/urun\/cinayet-kokusu\/"},"modified":"2026-04-16T02:58:21","modified_gmt":"2026-04-15T23:58:21","slug":"cinayet-kokusu","status":"publish","type":"product","link":"https:\/\/roveyayinevi.com.tr\/index.php\/urun\/cinayet-kokusu\/","title":{"rendered":"Cinayet Kokusu"},"content":{"rendered":"<p>Merdivenlerden \u00e7\u0131karken, \u201cNe kokusu bu?\u201d diye sordu polislerden biri. Burunlar\u0131 her kokuya al\u0131\u015f\u0131kt\u0131; benzin kokusu, yan\u0131k kokusu, esrar kokusu, k\u00fcf kokusu, devriye arac\u0131n\u0131n arka koltu\u011funa oturttuklar\u0131 tutuklunun ter kokusu ve elbette \u00f6l\u00fc kokusu&#8230; \u201cHer kokuyu unutabilirsin ama \u00f6l\u00fc kokusunu asla.\u201d Emekli memurlar\u0131n te\u015fkilata yeni girenlere tekrarlad\u0131klar\u0131 bir c\u00fcmleydi bu. Dairenin kap\u0131s\u0131n\u0131, \u201cA\u00e7, polis!\u201d diye birka\u00e7 kez yumruklarken h\u00e2l\u00e2 burunlar\u0131na gelen keskin kokunun ne oldu\u011funu anlamaya \u00e7al\u0131\u015f\u0131yorlard\u0131. Kad\u0131nlar neden polisiye izlemeyi sever? Para kar\u015f\u0131l\u0131\u011f\u0131 bir insana i\u015fkence edilmesini seyredebilece\u011finiz \u201ck\u0131rm\u0131z\u0131 odalar\u201dger\u00e7ekten var m\u0131? DNA analizleri su\u00e7lular\u0131 saptamada ne kadar etkili? Bir tutam toprakla cinayet \u00e7\u00f6zmek m\u00fcmk\u00fcn m\u00fc? \u0130nsan\u0131n kan\u0131n\u0131 donduran seri katil \u00f6yk\u00fcleri Prof. Dr. Sevil Atasoy\u2019un kaleminde hayat buluyor. Y\u0131llarca \u00e7\u00f6z\u00fclemeyen cinayetler, Agatha Christie romanlar\u0131ndan f\u0131rlam\u0131\u015f katiller, ak\u0131l almayacak y\u00f6ntemlerle kurbanlar\u0131n\u0131 yakalay\u0131p \u00f6ld\u00fcren caniler, insan eti yemekten zevk alan canavarlar&#8230; Prof. Dr. Sevil Atasoy, \u00c7in\u2019den Brezilya\u2019ya, ABD\u2019den Avusturya\u2019ya seri katillerin pe\u015finde. Her birinin deh\u015fete d\u00fc\u015f\u00fcren hik\u00e2yesini bizimle payla\u015f\u0131rken adli bilimlerin hayranl\u0131k uyand\u0131ran geli\u015fmesini de aktar\u0131yor. Cinayet Kokusu, yine elinizden b\u0131rakamayaca\u011f\u0131n\u0131z bir Sevil Atasoy kitab\u0131. (Tan\u0131t\u0131m B\u00fclteninden)<\/p>\n","protected":false},"excerpt":{"rendered":"<p>Merdivenlerden \u00e7\u0131karken, \u201cNe kokusu bu?\u201d diye sordu polislerden biri. Burunlar\u0131 her kokuya al\u0131\u015f\u0131kt\u0131; benzin kokusu, yan\u0131k kokusu, esrar kokusu, k\u00fcf kokusu, devriye arac\u0131n\u0131n arka koltu\u011funa oturttuklar\u0131<span class=\"excerpt-hellip\"> [\u2026]<\/span><\/p>\n","protected":false},"featured_media":0,"template":"","meta":{"_monsterinsights_skip_tracking":false,"_monsterinsights_sitenote_active":false,"_monsterinsights_sitenote_note":"","_monsterinsights_sitenote_category":0},"product_brand":[],"product_cat":[12291,15445],"product_tag":[],"class_list":{"0":"post-745782","1":"product","2":"type-product","3":"status-publish","5":"product_cat-edebiyat","6":"product_cat-polisiye","7":"pa_cilt-ciltsiz","8":"pa_tur-kitap","9":"pa_yayinevi-dogan-kitap","10":"pa_yazar-sevil-atasoy","12":"first","13":"instock","14":"sale","15":"shipping-taxable","16":"purchasable","17":"product-type-simple"},"_links":{"self":[{"href":"https:\/\/roveyayinevi.com.tr\/index.php\/wp-json\/wp\/v2\/product\/745782","targetHints":{"allow":["GET"]}}],"collection":[{"href":"https:\/\/roveyayinevi.com.tr\/index.php\/wp-json\/wp\/v2\/product"}],"about":[{"href":"https:\/\/roveyayinevi.com.tr\/index.php\/wp-json\/wp\/v2\/types\/product"}],"wp:attachment":[{"href":"https:\/\/roveyayinevi.com.tr\/index.php\/wp-json\/wp\/v2\/media?parent=745782"}],"wp:term":[{"taxonomy":"product_brand","embeddable":true,"href":"https:\/\/roveyayinevi.com.tr\/index.php\/wp-json\/wp\/v2\/product_brand?post=745782"},{"taxonomy":"product_cat","embeddable":true,"href":"https:\/\/roveyayinevi.com.tr\/index.php\/wp-json\/wp\/v2\/product_cat?post=745782"},{"taxonomy":"product_tag","embeddable":true,"href":"https:\/\/roveyayinevi.com.tr\/index.php\/wp-json\/wp\/v2\/product_tag?post=745782"}],"curies":[{"name":"wp","href":"https:\/\/api.w.org\/{rel}","templated":true}]}}