{"id":745738,"date":"2025-08-28T02:26:47","date_gmt":"2025-08-27T23:26:47","guid":{"rendered":"https:\/\/roveyayinevi.com.tr\/index.php\/urun\/felsefeye-giris-9\/"},"modified":"2026-04-16T02:58:20","modified_gmt":"2026-04-15T23:58:20","slug":"felsefeye-giris-9","status":"publish","type":"product","link":"https:\/\/roveyayinevi.com.tr\/index.php\/urun\/felsefeye-giris-9\/","title":{"rendered":"Felsefeye Giri\u015f"},"content":{"rendered":"<p>Felsefeye Giri\u015f, felsefenin soru ve sorunlar\u0131na \u00e7e\u015fitli a\u00e7\u0131lardan bak\u0131\u015f\u0131n yan\u0131nda felsefeye genel bir bak\u0131\u015f anlam\u0131n\u0131 da i\u00e7ermektedir. \u00c7ok de\u011fil bundan yirmi otuz y\u0131l \u00f6ncesine kadar piyasada felsefe ad\u0131na yaz\u0131lm\u0131\u015f s\u0131n\u0131rl\u0131 say\u0131da kitap bulunurken, \u00e7eviri ya da telif \u015fimdilerde say\u0131n\u0131n artm\u0131\u015f olmas\u0131 olduk\u00e7a sevindiricidir. Bu durum, T\u00fcrk toplumunun giderek felsefeye daha s\u0131cak yakla\u015ft\u0131\u011f\u0131n\u0131n bir g\u00f6stergesi olarak kabul edilebilir.      Felsefeyi sevdirmek, bir \u00fcslup meselesidir. Felsefeye mesafeli duranlar\u0131n bir\u00e7o\u011fu, kitaplarda kullan\u0131lan \u00fcslubun ve anla\u015f\u0131lmaz kavramlar\u0131n \u00e7oklu\u011fundan yak\u0131nmaktad\u0131r. Felsefeyi anlatanlar\u0131n felsefi terimleri \u00e7o\u011funlukla Bat\u0131 dillerinden tercih etmeleri, bu mesafenin a\u00e7\u0131lmas\u0131na sebep olmu\u015ftur. Oysaki bu terimlerden bir\u00e7o\u011fu, T\u00fcrk\u00e7emizle kar\u015f\u0131lanabilecek durumdad\u0131r. T\u00fcrk\u00e7emiz, geli\u015fmi\u015f bir dildir ve hem felsefe, bilim, sanat hem de din dili olarak rahatl\u0131kla ihtiyaca cevap verebilecek seviyededir. Yeter ki bunu isteyelim.      \u00d6yle san\u0131yorum ki son zamanlarda toplumumuzun felsefeye olan yak\u0131nla\u015fmas\u0131n\u0131n en \u00f6nemli nedeni, felsefeyle ilgilenen ve eser veren yazarlar\u0131m\u0131z\u0131n T\u00fcrk\u00e7eyi \u00f6ne \u00e7\u0131karmalar\u0131d\u0131r. Bu d\u00fc\u015f\u00fcnceyle biz de felsefi terimlerin olabildi\u011fince T\u00fcrk\u00e7elerini kullanmaya gayret ettik. En anla\u015f\u0131l\u0131r bi\u00e7imde yazmaya \u00e7al\u0131\u015ft\u0131\u011f\u0131m\u0131z bu kitab\u0131n, T\u00fcrk felsefe gelene\u011finin geli\u015fip ilerlemesine katk\u0131 sunaca\u011f\u0131na inan\u0131yoruz. <\/p>\n","protected":false},"excerpt":{"rendered":"<p>Felsefeye Giri\u015f, felsefenin soru ve sorunlar\u0131na \u00e7e\u015fitli a\u00e7\u0131lardan bak\u0131\u015f\u0131n yan\u0131nda felsefeye genel bir bak\u0131\u015f anlam\u0131n\u0131 da i\u00e7ermektedir. \u00c7ok de\u011fil bundan yirmi otuz y\u0131l \u00f6ncesine kadar piyasada<span class=\"excerpt-hellip\"> [\u2026]<\/span><\/p>\n","protected":false},"featured_media":0,"template":"","meta":{"_monsterinsights_skip_tracking":false,"_monsterinsights_sitenote_active":false,"_monsterinsights_sitenote_note":"","_monsterinsights_sitenote_category":0},"product_brand":[],"product_cat":[12389,12388],"product_tag":[],"class_list":{"0":"post-745738","1":"product","2":"type-product","3":"status-publish","5":"product_cat-diger-felsefe","6":"product_cat-felsefe","7":"pa_cilt-ciltsiz","8":"pa_tur-kitap","9":"pa_yayinevi-bilge-kultur-sanat","10":"pa_yazar-h-omer-ozden","12":"first","13":"instock","14":"sale","15":"shipping-taxable","16":"purchasable","17":"product-type-simple"},"_links":{"self":[{"href":"https:\/\/roveyayinevi.com.tr\/index.php\/wp-json\/wp\/v2\/product\/745738","targetHints":{"allow":["GET"]}}],"collection":[{"href":"https:\/\/roveyayinevi.com.tr\/index.php\/wp-json\/wp\/v2\/product"}],"about":[{"href":"https:\/\/roveyayinevi.com.tr\/index.php\/wp-json\/wp\/v2\/types\/product"}],"wp:attachment":[{"href":"https:\/\/roveyayinevi.com.tr\/index.php\/wp-json\/wp\/v2\/media?parent=745738"}],"wp:term":[{"taxonomy":"product_brand","embeddable":true,"href":"https:\/\/roveyayinevi.com.tr\/index.php\/wp-json\/wp\/v2\/product_brand?post=745738"},{"taxonomy":"product_cat","embeddable":true,"href":"https:\/\/roveyayinevi.com.tr\/index.php\/wp-json\/wp\/v2\/product_cat?post=745738"},{"taxonomy":"product_tag","embeddable":true,"href":"https:\/\/roveyayinevi.com.tr\/index.php\/wp-json\/wp\/v2\/product_tag?post=745738"}],"curies":[{"name":"wp","href":"https:\/\/api.w.org\/{rel}","templated":true}]}}