{"id":745728,"date":"2025-08-28T02:26:36","date_gmt":"2025-08-27T23:26:36","guid":{"rendered":"https:\/\/roveyayinevi.com.tr\/index.php\/urun\/sporda-e-ogrenme-akademik-erteleme-ve-duygusal-zeka\/"},"modified":"2026-04-16T02:58:20","modified_gmt":"2026-04-15T23:58:20","slug":"sporda-e-ogrenme-akademik-erteleme-ve-duygusal-zeka","status":"publish","type":"product","link":"https:\/\/roveyayinevi.com.tr\/index.php\/urun\/sporda-e-ogrenme-akademik-erteleme-ve-duygusal-zeka\/","title":{"rendered":"Sporda E-\u00d6\u011frenme, Akademik Erteleme ve Duygusal Zeka"},"content":{"rendered":"<p>B\u00d6L\u00dcM 1 G\u0130R\u0130\u015e   B\u00d6L\u00dcM 2 KAVRAMSAL \u00c7ER\u00c7EVE   B\u00d6L\u00dcM 3 Y\u00d6NTEM   B\u00d6L\u00dcM 4 BULGULAR   B\u00d6L\u00dcM 6 SONU\u00c7 VE \u00d6NER\u0130LER <\/p>\n","protected":false},"excerpt":{"rendered":"<p>B\u00d6L\u00dcM 1 G\u0130R\u0130\u015e B\u00d6L\u00dcM 2 KAVRAMSAL \u00c7ER\u00c7EVE B\u00d6L\u00dcM 3 Y\u00d6NTEM B\u00d6L\u00dcM 4 BULGULAR B\u00d6L\u00dcM 6 SONU\u00c7 VE \u00d6NER\u0130LER<\/p>\n","protected":false},"featured_media":0,"template":"","meta":{"_monsterinsights_skip_tracking":false,"_monsterinsights_sitenote_active":false,"_monsterinsights_sitenote_note":"","_monsterinsights_sitenote_category":0},"product_brand":[],"product_cat":[15563,15564],"product_tag":[],"class_list":{"0":"post-745728","1":"product","2":"type-product","3":"status-publish","5":"product_cat-hobi","6":"product_cat-spor","7":"pa_cilt-ciltsiz","8":"pa_tur-kitap","9":"pa_yayinevi-gazi-kitabevi","10":"pa_yazar-kemal-tamer-tugba-mutlu-bozkurt","12":"first","13":"instock","14":"sale","15":"shipping-taxable","16":"purchasable","17":"product-type-simple"},"_links":{"self":[{"href":"https:\/\/roveyayinevi.com.tr\/index.php\/wp-json\/wp\/v2\/product\/745728","targetHints":{"allow":["GET"]}}],"collection":[{"href":"https:\/\/roveyayinevi.com.tr\/index.php\/wp-json\/wp\/v2\/product"}],"about":[{"href":"https:\/\/roveyayinevi.com.tr\/index.php\/wp-json\/wp\/v2\/types\/product"}],"wp:attachment":[{"href":"https:\/\/roveyayinevi.com.tr\/index.php\/wp-json\/wp\/v2\/media?parent=745728"}],"wp:term":[{"taxonomy":"product_brand","embeddable":true,"href":"https:\/\/roveyayinevi.com.tr\/index.php\/wp-json\/wp\/v2\/product_brand?post=745728"},{"taxonomy":"product_cat","embeddable":true,"href":"https:\/\/roveyayinevi.com.tr\/index.php\/wp-json\/wp\/v2\/product_cat?post=745728"},{"taxonomy":"product_tag","embeddable":true,"href":"https:\/\/roveyayinevi.com.tr\/index.php\/wp-json\/wp\/v2\/product_tag?post=745728"}],"curies":[{"name":"wp","href":"https:\/\/api.w.org\/{rel}","templated":true}]}}