{"id":745725,"date":"2025-08-28T02:26:33","date_gmt":"2025-08-27T23:26:33","guid":{"rendered":"https:\/\/roveyayinevi.com.tr\/index.php\/urun\/my-english-activity-book-2\/"},"modified":"2026-04-16T02:58:20","modified_gmt":"2026-04-15T23:58:20","slug":"my-english-activity-book-2","status":"publish","type":"product","link":"https:\/\/roveyayinevi.com.tr\/index.php\/urun\/my-english-activity-book-2\/","title":{"rendered":"My English Activity Book 2"},"content":{"rendered":"<p>Uzun y\u0131llar \u0130ngilizce \u00f6\u011fretmenli\u011fi yapan Sarah Sweeney\u2019in ba\u015flang\u0131\u00e7 seviyesinde \u0130ngilizce \u00f6\u011frenen \u00e7ocuklar i\u00e7in yazd\u0131\u011f\u0131 My English Activity Book serisi iki kitaptan olu\u015fuyor. Be\u015f farkl\u0131 b\u00f6l\u00fcmden olu\u015fan bu etkinlik kitaplar\u0131nda her \u00fcnite \u00e7ocuklara \u0130ngilizcede okuma, yazma, dinleme becerilerini ve kelime bilgilerini geli\u015ftirecek al\u0131\u015ft\u0131rmalar sunuyor.   Karikat\u00fcr, bulmaca, e\u015fle\u015ftirme, \u00e7izme, boyama ve e\u011flenceli bir\u00e7ok oyunun yer ald\u0131\u011f\u0131 kitaplardaki kes-yap\u0131\u015ft\u0131r etkinlikleri ve sayfalardaki QR kodu okutarak dinleyebilece\u011finiz sesli al\u0131\u015ft\u0131rmalar, dil \u00f6\u011frenme s\u00fcrecini kolayla\u015ft\u0131r\u0131yor. Ayr\u0131ca her \u00fcnitenin sonunda \u00e7ocuklar\u0131n \u00f6\u011frendiklerini peki\u015ftirebilecekleri bir proje yer al\u0131yor.   \u0130ngilizce dersi e\u011fitim program\u0131na uygun olarak haz\u0131rlanan My English Activity Book 2 kitab\u0131ndaki ba\u015fl\u0131klar \u015f\u00f6yle: 1)    At the Playground 2)    My Body 3)    Our Pets 4)    Yummy Fruit 5)    Animal Kingdom <\/p>\n","protected":false},"excerpt":{"rendered":"<p>Uzun y\u0131llar \u0130ngilizce \u00f6\u011fretmenli\u011fi yapan Sarah Sweeney\u2019in ba\u015flang\u0131\u00e7 seviyesinde \u0130ngilizce \u00f6\u011frenen \u00e7ocuklar i\u00e7in yazd\u0131\u011f\u0131 My English Activity Book serisi iki kitaptan olu\u015fuyor. Be\u015f farkl\u0131 b\u00f6l\u00fcmden olu\u015fan<span class=\"excerpt-hellip\"> [\u2026]<\/span><\/p>\n","protected":false},"featured_media":0,"template":"","meta":{"_monsterinsights_skip_tracking":false,"_monsterinsights_sitenote_active":false,"_monsterinsights_sitenote_note":"","_monsterinsights_sitenote_category":0},"product_brand":[],"product_cat":[14597,12566,14702],"product_tag":[],"class_list":{"0":"post-745725","1":"product","2":"type-product","3":"status-publish","5":"product_cat-dil-ogrenimi","6":"product_cat-egitim","7":"product_cat-ingilizce","8":"pa_cilt-ciltsiz","9":"pa_tur-kitap","10":"pa_yayinevi-redhouse-yayinlari","11":"pa_yazar-sarah-sweeney","13":"first","14":"instock","15":"sale","16":"shipping-taxable","17":"purchasable","18":"product-type-simple"},"_links":{"self":[{"href":"https:\/\/roveyayinevi.com.tr\/index.php\/wp-json\/wp\/v2\/product\/745725","targetHints":{"allow":["GET"]}}],"collection":[{"href":"https:\/\/roveyayinevi.com.tr\/index.php\/wp-json\/wp\/v2\/product"}],"about":[{"href":"https:\/\/roveyayinevi.com.tr\/index.php\/wp-json\/wp\/v2\/types\/product"}],"wp:attachment":[{"href":"https:\/\/roveyayinevi.com.tr\/index.php\/wp-json\/wp\/v2\/media?parent=745725"}],"wp:term":[{"taxonomy":"product_brand","embeddable":true,"href":"https:\/\/roveyayinevi.com.tr\/index.php\/wp-json\/wp\/v2\/product_brand?post=745725"},{"taxonomy":"product_cat","embeddable":true,"href":"https:\/\/roveyayinevi.com.tr\/index.php\/wp-json\/wp\/v2\/product_cat?post=745725"},{"taxonomy":"product_tag","embeddable":true,"href":"https:\/\/roveyayinevi.com.tr\/index.php\/wp-json\/wp\/v2\/product_tag?post=745725"}],"curies":[{"name":"wp","href":"https:\/\/api.w.org\/{rel}","templated":true}]}}