{"id":745722,"date":"2025-08-28T02:26:31","date_gmt":"2025-08-27T23:26:31","guid":{"rendered":"https:\/\/roveyayinevi.com.tr\/index.php\/urun\/iyimserlik-ogrenilebilir\/"},"modified":"2026-04-16T02:58:20","modified_gmt":"2026-04-15T23:58:20","slug":"iyimserlik-ogrenilebilir","status":"publish","type":"product","link":"https:\/\/roveyayinevi.com.tr\/index.php\/urun\/iyimserlik-ogrenilebilir\/","title":{"rendered":"\u0130yimserlik \u00d6\u011frenilebilir"},"content":{"rendered":"<p>Bir paradoks, \u00e7eli\u015fki, tutars\u0131zl\u0131k ve \u00e7at\u0131\u015fma d\u00fcnyas\u0131nda ya\u015f\u0131yoruz. \u0130nmeden \u00e7\u0131kmak, kaybetmeden kazanmak, ihanet olmadan g\u00fcven, kay\u0131ts\u0131zl\u0131k olmadan a\u015fk olmaz. Depresyondan ya da umutsuzluktan muzdaripseniz, kendinizi daha iyi hissedece\u011finize, d\u00fcnyan\u0131n daha iyi bir yer olaca\u011f\u0131na veya bir g\u00fcn sizden ka\u00e7t\u0131\u011f\u0131n\u0131 d\u00fc\u015f\u00fcnd\u00fc\u011f\u00fcn\u00fcz mutlulu\u011fu bulaca\u011f\u0131n\u0131za dair umudunuzu kaybetti\u011finiz g\u00fcnler olabilir. Pek \u00e7ok insan bug\u00fcn, \u00f6zellikle modern d\u00fcnya ya\u015fam\u0131nda umutsuzlukla m\u00fccadele ediyor. \u0130yimserlik \u00d6\u011frenilebilir, pozitiflik kapasitenizi azaltan s\u0131n\u0131rlay\u0131c\u0131 inan\u00e7lar\u0131n\u0131zdan kurtulman\u0131za; motivasyon, dayan\u0131kl\u0131l\u0131k ve zindelik duygular\u0131n\u0131z\u0131 art\u0131rman\u0131za yard\u0131mc\u0131 olmak i\u00e7in pozitif psikolojiye dayanan g\u00fc\u00e7l\u00fc egzersizler sunuyor. Bak\u0131\u015f a\u00e7\u0131n\u0131z\u0131 \u015fimdiki \u00e2na kayd\u0131rarak gelece\u011fe daha olumlu bir mercekle bakarken, ge\u00e7mi\u015fteki olumsuz olaylar\u0131 d\u00fc\u015f\u00fcnmek akl\u0131n\u0131za bile gelmeyecek!<\/p>\n","protected":false},"excerpt":{"rendered":"<p>Bir paradoks, \u00e7eli\u015fki, tutars\u0131zl\u0131k ve \u00e7at\u0131\u015fma d\u00fcnyas\u0131nda ya\u015f\u0131yoruz. \u0130nmeden \u00e7\u0131kmak, kaybetmeden kazanmak, ihanet olmadan g\u00fcven, kay\u0131ts\u0131zl\u0131k olmadan a\u015fk olmaz. Depresyondan ya da umutsuzluktan muzdaripseniz, kendinizi daha<span class=\"excerpt-hellip\"> [\u2026]<\/span><\/p>\n","protected":false},"featured_media":0,"template":"","meta":{"_monsterinsights_skip_tracking":false,"_monsterinsights_sitenote_active":false,"_monsterinsights_sitenote_note":"","_monsterinsights_sitenote_category":0},"product_brand":[],"product_cat":[12358,12357],"product_tag":[],"class_list":{"0":"post-745722","1":"product","2":"type-product","3":"status-publish","5":"product_cat-genel-psikoloji","6":"product_cat-psikoloji","7":"pa_cilt-ciltsiz","8":"pa_tur-kitap","9":"pa_yayinevi-sola-unitas","10":"pa_yazar-dan-tomasulo","12":"first","13":"instock","14":"sale","15":"shipping-taxable","16":"purchasable","17":"product-type-simple"},"_links":{"self":[{"href":"https:\/\/roveyayinevi.com.tr\/index.php\/wp-json\/wp\/v2\/product\/745722","targetHints":{"allow":["GET"]}}],"collection":[{"href":"https:\/\/roveyayinevi.com.tr\/index.php\/wp-json\/wp\/v2\/product"}],"about":[{"href":"https:\/\/roveyayinevi.com.tr\/index.php\/wp-json\/wp\/v2\/types\/product"}],"wp:attachment":[{"href":"https:\/\/roveyayinevi.com.tr\/index.php\/wp-json\/wp\/v2\/media?parent=745722"}],"wp:term":[{"taxonomy":"product_brand","embeddable":true,"href":"https:\/\/roveyayinevi.com.tr\/index.php\/wp-json\/wp\/v2\/product_brand?post=745722"},{"taxonomy":"product_cat","embeddable":true,"href":"https:\/\/roveyayinevi.com.tr\/index.php\/wp-json\/wp\/v2\/product_cat?post=745722"},{"taxonomy":"product_tag","embeddable":true,"href":"https:\/\/roveyayinevi.com.tr\/index.php\/wp-json\/wp\/v2\/product_tag?post=745722"}],"curies":[{"name":"wp","href":"https:\/\/api.w.org\/{rel}","templated":true}]}}