{"id":745711,"date":"2025-08-28T02:26:16","date_gmt":"2025-08-27T23:26:16","guid":{"rendered":"https:\/\/roveyayinevi.com.tr\/index.php\/urun\/gozbebegime-mektuplar\/"},"modified":"2026-04-16T02:58:19","modified_gmt":"2026-04-15T23:58:19","slug":"gozbebegime-mektuplar","status":"publish","type":"product","link":"https:\/\/roveyayinevi.com.tr\/index.php\/urun\/gozbebegime-mektuplar\/","title":{"rendered":"G\u00f6zbebe\u011fime Mektuplar"},"content":{"rendered":"<p>G\u00f6zbebe\u011fime Mektuplar b\u00fct\u00fcn insanl\u0131\u011fa seslenen bir hayat, bir bilgelik, bir felsefe el kitab\u0131d\u0131r. Herkes bu mektuplarda fikir geli\u015ftirecek, derin d\u00fc\u015f\u00fcnecek ve \u00f6\u011frenecek alanlar bulacakt\u0131r. Alain Ayache\u2019\u0131n bu mektuplar\u0131nda, 2 ya\u015f\u0131ndaki k\u0131z\u0131 Prunelle (G\u00f6zbebe\u011fi) i\u00e7in yazd\u0131\u011f\u0131 \u00f6zdeyi\u015fler ve d\u00fc\u015f\u00fcnceler yer almaktad\u0131r. Her baba gibi, Ayache da kendi kendine \u00e7ocu\u011funun gelece\u011fini sorgulam\u0131\u015f, ona hayatta \u0131\u015f\u0131k tutacak, rehberlik edecek tavsiye ve a\u00e7\u0131klamalar\u0131 aktarm\u0131\u015ft\u0131r. Nitelikler, kusurlar ve erdemler, kendisinin kulland\u0131\u011f\u0131 davran\u0131\u015f kal\u0131b\u0131n\u0131 ortaya koyan bu dikkatli baban\u0131n s\u00fczgecinden ge\u00e7mi\u015ftir. K\u0131sa, k\u00fc\u00e7\u00fck metinler halinde, hayattan ve kendi tecr\u00fcbelerinden edindi\u011fi g\u00f6zlemler yolu ile G\u00f6zbebe\u011finde uyuyan ve belki bir g\u00fcn bu sat\u0131rlar\u0131 okuyacak gelece\u011fin kad\u0131n\u0131na seslenmektedir. Alain Ayache\u2019\u0131n yazd\u0131\u011f\u0131 ve Mehmet D\u00fclger taraf\u0131ndan Frans\u0131zca asl\u0131ndan dilimize \u00e7evrilen G\u00f6zbebe\u011fime Mektuplar, hem gen\u00e7 yeti\u015fkinler hem de ebeveynler i\u00e7in yol g\u00f6sterici bir kitap olacakt\u0131r. <\/p>\n","protected":false},"excerpt":{"rendered":"<p>G\u00f6zbebe\u011fime Mektuplar b\u00fct\u00fcn insanl\u0131\u011fa seslenen bir hayat, bir bilgelik, bir felsefe el kitab\u0131d\u0131r. Herkes bu mektuplarda fikir geli\u015ftirecek, derin d\u00fc\u015f\u00fcnecek ve \u00f6\u011frenecek alanlar bulacakt\u0131r. Alain Ayache\u2019\u0131n<span class=\"excerpt-hellip\"> [\u2026]<\/span><\/p>\n","protected":false},"featured_media":0,"template":"","meta":{"_monsterinsights_skip_tracking":false,"_monsterinsights_sitenote_active":false,"_monsterinsights_sitenote_note":"","_monsterinsights_sitenote_category":0},"product_brand":[],"product_cat":[12777,12291],"product_tag":[],"class_list":{"0":"post-745711","1":"product","2":"type-product","3":"status-publish","5":"product_cat-deneme","6":"product_cat-edebiyat","7":"pa_cilt-ciltsiz","8":"pa_tur-kitap","9":"pa_yayinevi-potikare-yayincilik","10":"pa_yazar-alain-ayache","12":"first","13":"instock","14":"sale","15":"shipping-taxable","16":"purchasable","17":"product-type-simple"},"_links":{"self":[{"href":"https:\/\/roveyayinevi.com.tr\/index.php\/wp-json\/wp\/v2\/product\/745711","targetHints":{"allow":["GET"]}}],"collection":[{"href":"https:\/\/roveyayinevi.com.tr\/index.php\/wp-json\/wp\/v2\/product"}],"about":[{"href":"https:\/\/roveyayinevi.com.tr\/index.php\/wp-json\/wp\/v2\/types\/product"}],"wp:attachment":[{"href":"https:\/\/roveyayinevi.com.tr\/index.php\/wp-json\/wp\/v2\/media?parent=745711"}],"wp:term":[{"taxonomy":"product_brand","embeddable":true,"href":"https:\/\/roveyayinevi.com.tr\/index.php\/wp-json\/wp\/v2\/product_brand?post=745711"},{"taxonomy":"product_cat","embeddable":true,"href":"https:\/\/roveyayinevi.com.tr\/index.php\/wp-json\/wp\/v2\/product_cat?post=745711"},{"taxonomy":"product_tag","embeddable":true,"href":"https:\/\/roveyayinevi.com.tr\/index.php\/wp-json\/wp\/v2\/product_tag?post=745711"}],"curies":[{"name":"wp","href":"https:\/\/api.w.org\/{rel}","templated":true}]}}