{"id":745693,"date":"2025-08-28T02:25:49","date_gmt":"2025-08-27T23:25:49","guid":{"rendered":"https:\/\/roveyayinevi.com.tr\/index.php\/urun\/mavi-yumurtanin-hikayesi\/"},"modified":"2026-04-16T02:58:19","modified_gmt":"2026-04-15T23:58:19","slug":"mavi-yumurtanin-hikayesi","status":"publish","type":"product","link":"https:\/\/roveyayinevi.com.tr\/index.php\/urun\/mavi-yumurtanin-hikayesi\/","title":{"rendered":"Mavi Yumurtan\u0131n Hikayesi"},"content":{"rendered":"<p>Siz, hi\u00e7 mavi yumurta g\u00f6rd\u00fcn\u00fcz m\u00fc?Bir g\u00fczel alakarga,Bulursa kap\u0131da mavi bir yumurta,Ba\u015flar Mavi Yumurtan\u0131n Hik\u00e2yesi,\u201cKimin bu g\u00fczel yumurta?Hey arkada\u015f\u0131m! Sen biliyor musun? Haydi, ormanda yumurtan\u0131n sahibini ar\u0131yoruz?Siz de bize kat\u0131l\u0131n, beraber bulal\u0131m?\u201d Keyifli ve \u00f6\u011fretici bir masal. C\u00fcmle aralar\u0131nda nelerneler sakl\u0131?<\/p>\n","protected":false},"excerpt":{"rendered":"<p>Siz, hi\u00e7 mavi yumurta g\u00f6rd\u00fcn\u00fcz m\u00fc?Bir g\u00fczel alakarga,Bulursa kap\u0131da mavi bir yumurta,Ba\u015flar Mavi Yumurtan\u0131n Hik\u00e2yesi,\u201cKimin bu g\u00fczel yumurta?Hey arkada\u015f\u0131m! Sen biliyor musun? Haydi, ormanda yumurtan\u0131n sahibini<span class=\"excerpt-hellip\"> [\u2026]<\/span><\/p>\n","protected":false},"featured_media":0,"template":"","meta":{"_monsterinsights_skip_tracking":false,"_monsterinsights_sitenote_active":false,"_monsterinsights_sitenote_note":"","_monsterinsights_sitenote_category":0},"product_brand":[],"product_cat":[12291,12711],"product_tag":[],"class_list":{"0":"post-745693","1":"product","2":"type-product","3":"status-publish","5":"product_cat-edebiyat","6":"product_cat-roman-oyku","7":"pa_cilt-ciltsiz","8":"pa_tur-kitap","9":"pa_yayinevi-parmak-cocuk-yayinlari","10":"pa_yazar-gamze-yener","12":"first","13":"instock","14":"sale","15":"shipping-taxable","16":"purchasable","17":"product-type-simple"},"_links":{"self":[{"href":"https:\/\/roveyayinevi.com.tr\/index.php\/wp-json\/wp\/v2\/product\/745693","targetHints":{"allow":["GET"]}}],"collection":[{"href":"https:\/\/roveyayinevi.com.tr\/index.php\/wp-json\/wp\/v2\/product"}],"about":[{"href":"https:\/\/roveyayinevi.com.tr\/index.php\/wp-json\/wp\/v2\/types\/product"}],"wp:attachment":[{"href":"https:\/\/roveyayinevi.com.tr\/index.php\/wp-json\/wp\/v2\/media?parent=745693"}],"wp:term":[{"taxonomy":"product_brand","embeddable":true,"href":"https:\/\/roveyayinevi.com.tr\/index.php\/wp-json\/wp\/v2\/product_brand?post=745693"},{"taxonomy":"product_cat","embeddable":true,"href":"https:\/\/roveyayinevi.com.tr\/index.php\/wp-json\/wp\/v2\/product_cat?post=745693"},{"taxonomy":"product_tag","embeddable":true,"href":"https:\/\/roveyayinevi.com.tr\/index.php\/wp-json\/wp\/v2\/product_tag?post=745693"}],"curies":[{"name":"wp","href":"https:\/\/api.w.org\/{rel}","templated":true}]}}