{"id":745691,"date":"2025-08-28T02:25:46","date_gmt":"2025-08-27T23:25:46","guid":{"rendered":"https:\/\/roveyayinevi.com.tr\/index.php\/urun\/nutuk-gencler-icin-sadelestirilmis\/"},"modified":"2026-04-16T02:58:19","modified_gmt":"2026-04-15T23:58:19","slug":"nutuk-gencler-icin-sadelestirilmis","status":"publish","type":"product","link":"https:\/\/roveyayinevi.com.tr\/index.php\/urun\/nutuk-gencler-icin-sadelestirilmis\/","title":{"rendered":"Nutuk &#8211; Gen\u00e7ler \u0130\u00e7in Sadele\u015ftirilmi\u015f"},"content":{"rendered":"<p>Nutuk &#8211; Gen\u00e7ler \u0130\u00e7in Sadele\u015ftirilmi\u015f\u201cEfendiler, bu nutkum ile ulusal varl\u0131\u011f\u0131 sona ermi\u015f say\u0131lan b\u00fcy\u00fck bir ulusun; ba\u011f\u0131ms\u0131zl\u0131\u011f\u0131n\u0131 nas\u0131l kazand\u0131\u011f\u0131n\u0131, bilim ve tekni\u011fin en son ilkelerine dayanan ulusal ve \u00e7a\u011fda\u015f bir devleti nas\u0131l kurdu\u011funu anlatmaya \u00e7al\u0131\u015ft\u0131m. Bug\u00fcn ula\u015ft\u0131\u011f\u0131m\u0131z sonu\u00e7, y\u00fczy\u0131llardan beri \u00e7ekilen ulusal y\u0131k\u0131mlar\u0131n yaratt\u0131\u011f\u0131 uyan\u0131kl\u0131\u011f\u0131n ve bu sevgili yurdun her k\u00f6\u015fesini sulayan kanlar\u0131n kar\u015f\u0131l\u0131\u011f\u0131d\u0131r. Bu sonucu T\u00fcrk Gen\u00e7li\u011fine kutsal bir arma\u011fan olarak emanet ediyorum.\u201d<\/p>\n","protected":false},"excerpt":{"rendered":"<p>Nutuk &#8211; Gen\u00e7ler \u0130\u00e7in Sadele\u015ftirilmi\u015f\u201cEfendiler, bu nutkum ile ulusal varl\u0131\u011f\u0131 sona ermi\u015f say\u0131lan b\u00fcy\u00fck bir ulusun; ba\u011f\u0131ms\u0131zl\u0131\u011f\u0131n\u0131 nas\u0131l kazand\u0131\u011f\u0131n\u0131, bilim ve tekni\u011fin en son ilkelerine dayanan<span class=\"excerpt-hellip\"> [\u2026]<\/span><\/p>\n","protected":false},"featured_media":0,"template":"","meta":{"_monsterinsights_skip_tracking":false,"_monsterinsights_sitenote_active":false,"_monsterinsights_sitenote_note":"","_monsterinsights_sitenote_category":0},"product_brand":[],"product_cat":[18545,12291],"product_tag":[],"class_list":{"0":"post-745691","1":"product","2":"type-product","3":"status-publish","5":"product_cat-anlati","6":"product_cat-edebiyat","7":"pa_cilt-ciltsiz","8":"pa_tur-kitap","9":"pa_yayinevi-smirna-yayinlari","10":"pa_yazar-mustafa-kemal-ataturk","12":"first","13":"instock","14":"sale","15":"shipping-taxable","16":"purchasable","17":"product-type-simple"},"_links":{"self":[{"href":"https:\/\/roveyayinevi.com.tr\/index.php\/wp-json\/wp\/v2\/product\/745691","targetHints":{"allow":["GET"]}}],"collection":[{"href":"https:\/\/roveyayinevi.com.tr\/index.php\/wp-json\/wp\/v2\/product"}],"about":[{"href":"https:\/\/roveyayinevi.com.tr\/index.php\/wp-json\/wp\/v2\/types\/product"}],"wp:attachment":[{"href":"https:\/\/roveyayinevi.com.tr\/index.php\/wp-json\/wp\/v2\/media?parent=745691"}],"wp:term":[{"taxonomy":"product_brand","embeddable":true,"href":"https:\/\/roveyayinevi.com.tr\/index.php\/wp-json\/wp\/v2\/product_brand?post=745691"},{"taxonomy":"product_cat","embeddable":true,"href":"https:\/\/roveyayinevi.com.tr\/index.php\/wp-json\/wp\/v2\/product_cat?post=745691"},{"taxonomy":"product_tag","embeddable":true,"href":"https:\/\/roveyayinevi.com.tr\/index.php\/wp-json\/wp\/v2\/product_tag?post=745691"}],"curies":[{"name":"wp","href":"https:\/\/api.w.org\/{rel}","templated":true}]}}