{"id":745666,"date":"2025-08-28T02:25:12","date_gmt":"2025-08-27T23:25:12","guid":{"rendered":"https:\/\/roveyayinevi.com.tr\/index.php\/urun\/eglenceli-aktivite-rakamlari-ogreniyorum\/"},"modified":"2026-04-16T02:58:18","modified_gmt":"2026-04-15T23:58:18","slug":"eglenceli-aktivite-rakamlari-ogreniyorum","status":"publish","type":"product","link":"https:\/\/roveyayinevi.com.tr\/index.php\/urun\/eglenceli-aktivite-rakamlari-ogreniyorum\/","title":{"rendered":"E\u011flenceli Aktivite-Rakamlar\u0131 \u00d6\u011freniyorum!"},"content":{"rendered":"<p>Okul \u00f6ncesi d\u00f6nem \u00e7ocuklar\u0131n \u00f6\u011frenme h\u0131zlar\u0131n\u0131n ve kapasitelerinin en y\u00fcksek oldu\u011fu d\u00f6nemdir. Bu y\u00fczden \u00e7ocuklar beceri geli\u015ftirici aktivitelerle desteklenmelidir. Okul \u00f6ncesi e\u011fitimde becerilerin geli\u015ftirilmesi \u00e7ocuklar\u0131n okul d\u00f6nemine kolay adapte olmas\u0131n\u0131 sa\u011flar. Bu etkinlikler hem e\u011flenceli hem de becerileri geli\u015ftiriyor. Psikolog Selin B\u0130LG\u0130N<\/p>\n","protected":false},"excerpt":{"rendered":"<p>Okul \u00f6ncesi d\u00f6nem \u00e7ocuklar\u0131n \u00f6\u011frenme h\u0131zlar\u0131n\u0131n ve kapasitelerinin en y\u00fcksek oldu\u011fu d\u00f6nemdir. Bu y\u00fczden \u00e7ocuklar beceri geli\u015ftirici aktivitelerle desteklenmelidir. Okul \u00f6ncesi e\u011fitimde becerilerin geli\u015ftirilmesi \u00e7ocuklar\u0131n okul<span class=\"excerpt-hellip\"> [\u2026]<\/span><\/p>\n","protected":false},"featured_media":0,"template":"","meta":{"_monsterinsights_skip_tracking":false,"_monsterinsights_sitenote_active":false,"_monsterinsights_sitenote_note":"","_monsterinsights_sitenote_category":0},"product_brand":[],"product_cat":[12274,12518],"product_tag":[],"class_list":{"0":"post-745666","1":"product","2":"type-product","3":"status-publish","5":"product_cat-cocuk-ve-genclik-kitaplari","6":"product_cat-okul-oncesi-kitaplar","7":"pa_cilt-ciltsiz","8":"pa_tur-kitap","9":"pa_yayinevi-yagmur-cocuk-yayinlari","10":"pa_yazar-turkan-ada-komurcu","12":"first","13":"instock","14":"sale","15":"shipping-taxable","16":"purchasable","17":"product-type-simple"},"_links":{"self":[{"href":"https:\/\/roveyayinevi.com.tr\/index.php\/wp-json\/wp\/v2\/product\/745666","targetHints":{"allow":["GET"]}}],"collection":[{"href":"https:\/\/roveyayinevi.com.tr\/index.php\/wp-json\/wp\/v2\/product"}],"about":[{"href":"https:\/\/roveyayinevi.com.tr\/index.php\/wp-json\/wp\/v2\/types\/product"}],"wp:attachment":[{"href":"https:\/\/roveyayinevi.com.tr\/index.php\/wp-json\/wp\/v2\/media?parent=745666"}],"wp:term":[{"taxonomy":"product_brand","embeddable":true,"href":"https:\/\/roveyayinevi.com.tr\/index.php\/wp-json\/wp\/v2\/product_brand?post=745666"},{"taxonomy":"product_cat","embeddable":true,"href":"https:\/\/roveyayinevi.com.tr\/index.php\/wp-json\/wp\/v2\/product_cat?post=745666"},{"taxonomy":"product_tag","embeddable":true,"href":"https:\/\/roveyayinevi.com.tr\/index.php\/wp-json\/wp\/v2\/product_tag?post=745666"}],"curies":[{"name":"wp","href":"https:\/\/api.w.org\/{rel}","templated":true}]}}