{"id":745647,"date":"2025-08-28T02:24:47","date_gmt":"2025-08-27T23:24:47","guid":{"rendered":"https:\/\/roveyayinevi.com.tr\/index.php\/urun\/dunyanin-en-kotu-avukati\/"},"modified":"2026-04-12T03:01:31","modified_gmt":"2026-04-12T00:01:31","slug":"dunyanin-en-kotu-avukati","status":"publish","type":"product","link":"https:\/\/roveyayinevi.com.tr\/index.php\/urun\/dunyanin-en-kotu-avukati\/","title":{"rendered":"D\u00fcnyan\u0131n En K\u00f6t\u00fc Avukat\u0131"},"content":{"rendered":"<p>Adaleti sa\u011flamak i\u00e7in\u2018D\u00fcnyan\u0131nEn K\u00f6t\u00fc Avukat\u0131\u2019i\u015fin i\u00e7inde olursa&#8230;D\u00fcnyadaki adaletsizli\u011fe bir yazar\u0131n ba\u015fkald\u0131r\u0131\u015f\u0131, tabii ki kalemiyle olacakt\u0131r.Atay S\u00f6zer, bu romanda hem sanat\u00e7\u0131 kimli\u011fini hem de duru\u015funu g\u00f6zler \u00f6n\u00fcne sermektedir. Ya\u015famdaki baz\u0131 bulu\u015fmalar \u00e7ok \u00f6nemli ve anlaml\u0131d\u0131r. Bu kitap da b\u00f6yle bir bulu\u015fman\u0131n \u00fcr\u00fcn\u00fcd\u00fcr.<\/p>\n","protected":false},"excerpt":{"rendered":"<p>Adaleti sa\u011flamak i\u00e7in\u2018D\u00fcnyan\u0131nEn K\u00f6t\u00fc Avukat\u0131\u2019i\u015fin i\u00e7inde olursa&#8230;D\u00fcnyadaki adaletsizli\u011fe bir yazar\u0131n ba\u015fkald\u0131r\u0131\u015f\u0131, tabii ki kalemiyle olacakt\u0131r.Atay S\u00f6zer, bu romanda hem sanat\u00e7\u0131 kimli\u011fini hem de duru\u015funu g\u00f6zler \u00f6n\u00fcne<span class=\"excerpt-hellip\"> [\u2026]<\/span><\/p>\n","protected":false},"featured_media":0,"template":"","meta":{"_monsterinsights_skip_tracking":false,"_monsterinsights_sitenote_active":false,"_monsterinsights_sitenote_note":"","_monsterinsights_sitenote_category":0},"product_brand":[],"product_cat":[12291,12711],"product_tag":[],"class_list":{"0":"post-745647","1":"product","2":"type-product","3":"status-publish","5":"product_cat-edebiyat","6":"product_cat-roman-oyku","7":"pa_cilt-ciltsiz","8":"pa_tur-kitap","9":"pa_yayinevi-smirna-yayinlari","10":"pa_yazar-atay-sozer","12":"first","13":"instock","14":"sale","15":"shipping-taxable","16":"purchasable","17":"product-type-simple"},"_links":{"self":[{"href":"https:\/\/roveyayinevi.com.tr\/index.php\/wp-json\/wp\/v2\/product\/745647","targetHints":{"allow":["GET"]}}],"collection":[{"href":"https:\/\/roveyayinevi.com.tr\/index.php\/wp-json\/wp\/v2\/product"}],"about":[{"href":"https:\/\/roveyayinevi.com.tr\/index.php\/wp-json\/wp\/v2\/types\/product"}],"wp:attachment":[{"href":"https:\/\/roveyayinevi.com.tr\/index.php\/wp-json\/wp\/v2\/media?parent=745647"}],"wp:term":[{"taxonomy":"product_brand","embeddable":true,"href":"https:\/\/roveyayinevi.com.tr\/index.php\/wp-json\/wp\/v2\/product_brand?post=745647"},{"taxonomy":"product_cat","embeddable":true,"href":"https:\/\/roveyayinevi.com.tr\/index.php\/wp-json\/wp\/v2\/product_cat?post=745647"},{"taxonomy":"product_tag","embeddable":true,"href":"https:\/\/roveyayinevi.com.tr\/index.php\/wp-json\/wp\/v2\/product_tag?post=745647"}],"curies":[{"name":"wp","href":"https:\/\/api.w.org\/{rel}","templated":true}]}}