{"id":745580,"date":"2025-08-28T02:23:06","date_gmt":"2025-08-27T23:23:06","guid":{"rendered":"https:\/\/roveyayinevi.com.tr\/index.php\/urun\/dus-kurdu\/"},"modified":"2026-04-16T02:57:48","modified_gmt":"2026-04-15T23:57:48","slug":"dus-kurdu","status":"publish","type":"product","link":"https:\/\/roveyayinevi.com.tr\/index.php\/urun\/dus-kurdu\/","title":{"rendered":"D\u00fc\u015f Kurdu"},"content":{"rendered":"<p>\u00d6nce bir d\u00fc\u015f kurdum&#8230; Sonra iki d\u00fc\u015f&#8230;Daha sonra \u00fc\u00e7 d\u00fc\u015f&#8230;D\u00fc\u015fler kurdum, bitip t\u00fckenmez ard\u0131 s\u0131ra.\u015eimdi&#8230; S\u0131ra sende, d\u00fc\u015fler kurup d\u00fc\u015f Kurdu olmak s\u0131ras\u0131 sende!D\u00fc\u015fler kuran \u00e7ocuklar\u0131n ya\u015fam g\u00fc\u00e7leri de b\u00fcy\u00fck olur. \u00c7ocuklar\u0131n yarat\u0131c\u0131l\u0131k becerilerinin geli\u015fimine katk\u0131 sa\u011flayacak \u00f6zg\u00fcn bir eser. Sorular soran, yan\u0131tlayan, d\u00fc\u015fler kuran \u00e7ocuklar\u2026 Hitap etti\u011fi ya\u015f grubunun dil geli\u015fimi ve s\u00f6zc\u00fck hazinesine katk\u0131 sa\u011flayacak bir eser.(Tan\u0131t\u0131m B\u00fclteninden)<\/p>\n","protected":false},"excerpt":{"rendered":"<p>\u00d6nce bir d\u00fc\u015f kurdum&#8230; Sonra iki d\u00fc\u015f&#8230;Daha sonra \u00fc\u00e7 d\u00fc\u015f&#8230;D\u00fc\u015fler kurdum, bitip t\u00fckenmez ard\u0131 s\u0131ra.\u015eimdi&#8230; S\u0131ra sende, d\u00fc\u015fler kurup d\u00fc\u015f Kurdu olmak s\u0131ras\u0131 sende!D\u00fc\u015fler kuran \u00e7ocuklar\u0131n<span class=\"excerpt-hellip\"> [\u2026]<\/span><\/p>\n","protected":false},"featured_media":0,"template":"","meta":{"_monsterinsights_skip_tracking":false,"_monsterinsights_sitenote_active":false,"_monsterinsights_sitenote_note":"","_monsterinsights_sitenote_category":0},"product_brand":[],"product_cat":[12274,12523],"product_tag":[],"class_list":{"0":"post-745580","1":"product","2":"type-product","3":"status-publish","5":"product_cat-cocuk-ve-genclik-kitaplari","6":"product_cat-masallar","7":"pa_cilt-ciltsiz","8":"pa_tur-kitap","9":"pa_yayinevi-parmak-cocuk-yayinlari","10":"pa_yazar-mehtap-temiz","12":"first","13":"instock","14":"sale","15":"shipping-taxable","16":"purchasable","17":"product-type-simple"},"_links":{"self":[{"href":"https:\/\/roveyayinevi.com.tr\/index.php\/wp-json\/wp\/v2\/product\/745580","targetHints":{"allow":["GET"]}}],"collection":[{"href":"https:\/\/roveyayinevi.com.tr\/index.php\/wp-json\/wp\/v2\/product"}],"about":[{"href":"https:\/\/roveyayinevi.com.tr\/index.php\/wp-json\/wp\/v2\/types\/product"}],"wp:attachment":[{"href":"https:\/\/roveyayinevi.com.tr\/index.php\/wp-json\/wp\/v2\/media?parent=745580"}],"wp:term":[{"taxonomy":"product_brand","embeddable":true,"href":"https:\/\/roveyayinevi.com.tr\/index.php\/wp-json\/wp\/v2\/product_brand?post=745580"},{"taxonomy":"product_cat","embeddable":true,"href":"https:\/\/roveyayinevi.com.tr\/index.php\/wp-json\/wp\/v2\/product_cat?post=745580"},{"taxonomy":"product_tag","embeddable":true,"href":"https:\/\/roveyayinevi.com.tr\/index.php\/wp-json\/wp\/v2\/product_tag?post=745580"}],"curies":[{"name":"wp","href":"https:\/\/api.w.org\/{rel}","templated":true}]}}