{"id":745541,"date":"2025-08-28T02:22:15","date_gmt":"2025-08-27T23:22:15","guid":{"rendered":"https:\/\/roveyayinevi.com.tr\/index.php\/urun\/dort-islem-kartlari-saatler-6-yas\/"},"modified":"2026-02-03T03:11:19","modified_gmt":"2026-02-03T00:11:19","slug":"dort-islem-kartlari-saatler-6-yas","status":"publish","type":"product","link":"https:\/\/roveyayinevi.com.tr\/index.php\/urun\/dort-islem-kartlari-saatler-6-yas\/","title":{"rendered":"D\u00f6rt \u0130\u015flem Kartlar\u0131 &#8211; Saatler (6+ Ya\u015f)"},"content":{"rendered":"<p>50 Kart 100 EtkinlikSaatleri \u00f6\u011frenmenin e\u011flenceli yolu.Bu kartlar 6 ya\u015f ve \u00fczeri \u00e7ocuklar i\u00e7in saat bilgilerini i\u00e7ermektedir.Bu kartlar \u00e7ocuklar\u0131n zek\u00e2 geli\u015fimine ve haf\u0131zalar\u0131n\u0131n g\u00fc\u00e7lenmesine yard\u0131mc\u0131 olur.Saatler kartlar\u0131 \u00e7ocuklar\u0131n dikkat eksikli\u011fi e\u011fitimine de yard\u0131mc\u0131 olur.Kutunun i\u00e7inde bir adet silgili kalem bulunmaktad\u0131r.Kartlar kullan\u0131ld\u0131ktan sonra silinerek tekrar kullan\u0131labilir.<\/p>\n","protected":false},"excerpt":{"rendered":"<p>50 Kart 100 EtkinlikSaatleri \u00f6\u011frenmenin e\u011flenceli yolu.Bu kartlar 6 ya\u015f ve \u00fczeri \u00e7ocuklar i\u00e7in saat bilgilerini i\u00e7ermektedir.Bu kartlar \u00e7ocuklar\u0131n zek\u00e2 geli\u015fimine ve haf\u0131zalar\u0131n\u0131n g\u00fc\u00e7lenmesine yard\u0131mc\u0131 olur.Saatler<span class=\"excerpt-hellip\"> [\u2026]<\/span><\/p>\n","protected":false},"featured_media":0,"template":"","meta":{"_monsterinsights_skip_tracking":false,"_monsterinsights_sitenote_active":false,"_monsterinsights_sitenote_note":"","_monsterinsights_sitenote_category":0},"product_brand":[],"product_cat":[12274,24599],"product_tag":[],"class_list":{"0":"post-745541","1":"product","2":"type-product","3":"status-publish","5":"product_cat-cocuk-ve-genclik-kitaplari","6":"product_cat-zeka-gelisimi","7":"pa_cilt-ciltsiz","8":"pa_tur-kitap10","9":"pa_yayinevi-yagmur-cocuk-yayinlari","10":"pa_yazar-kollektif","12":"first","13":"instock","14":"sale","15":"shipping-taxable","16":"purchasable","17":"product-type-simple"},"_links":{"self":[{"href":"https:\/\/roveyayinevi.com.tr\/index.php\/wp-json\/wp\/v2\/product\/745541","targetHints":{"allow":["GET"]}}],"collection":[{"href":"https:\/\/roveyayinevi.com.tr\/index.php\/wp-json\/wp\/v2\/product"}],"about":[{"href":"https:\/\/roveyayinevi.com.tr\/index.php\/wp-json\/wp\/v2\/types\/product"}],"wp:attachment":[{"href":"https:\/\/roveyayinevi.com.tr\/index.php\/wp-json\/wp\/v2\/media?parent=745541"}],"wp:term":[{"taxonomy":"product_brand","embeddable":true,"href":"https:\/\/roveyayinevi.com.tr\/index.php\/wp-json\/wp\/v2\/product_brand?post=745541"},{"taxonomy":"product_cat","embeddable":true,"href":"https:\/\/roveyayinevi.com.tr\/index.php\/wp-json\/wp\/v2\/product_cat?post=745541"},{"taxonomy":"product_tag","embeddable":true,"href":"https:\/\/roveyayinevi.com.tr\/index.php\/wp-json\/wp\/v2\/product_tag?post=745541"}],"curies":[{"name":"wp","href":"https:\/\/api.w.org\/{rel}","templated":true}]}}