{"id":745532,"date":"2025-08-28T02:22:04","date_gmt":"2025-08-27T23:22:04","guid":{"rendered":"https:\/\/roveyayinevi.com.tr\/index.php\/urun\/renkli-kalem-boyama-hayvanlar\/"},"modified":"2026-04-16T02:57:46","modified_gmt":"2026-04-15T23:57:46","slug":"renkli-kalem-boyama-hayvanlar","status":"publish","type":"product","link":"https:\/\/roveyayinevi.com.tr\/index.php\/urun\/renkli-kalem-boyama-hayvanlar\/","title":{"rendered":"Renkli Kalem Boyama-Hayvanlar"},"content":{"rendered":"<p>Boyama etkinlikleri 4-6 ya\u015f grubunda fark\u0131ndal\u0131k da yaratan etkinliklerdir. El becerileri geli\u015firken hem ana dil hem de \u0130ngilizce s\u00f6zc\u00fck hazinesini geli\u015ftirirler.Ba\u015fka canl\u0131larla ya\u015fam\u0131 payla\u015f\u0131yoruz, bu sevimli dostlarla yap\u0131lan etkinlikler ve bunlara dair konu\u015fmalar empati kurma becerisini de geli\u015ftirecektir.Boyanan sayfalar\u0131n d\u00f6n\u00fc\u015ft\u00fcr\u00fclece\u011fi hayvan maskeleri ile bir s\u00fcr\u00fc yeni oyun da oynanabilir.<\/p>\n","protected":false},"excerpt":{"rendered":"<p>Boyama etkinlikleri 4-6 ya\u015f grubunda fark\u0131ndal\u0131k da yaratan etkinliklerdir. El becerileri geli\u015firken hem ana dil hem de \u0130ngilizce s\u00f6zc\u00fck hazinesini geli\u015ftirirler.Ba\u015fka canl\u0131larla ya\u015fam\u0131 payla\u015f\u0131yoruz, bu sevimli<span class=\"excerpt-hellip\"> [\u2026]<\/span><\/p>\n","protected":false},"featured_media":0,"template":"","meta":{"_monsterinsights_skip_tracking":false,"_monsterinsights_sitenote_active":false,"_monsterinsights_sitenote_note":"","_monsterinsights_sitenote_category":0},"product_brand":[],"product_cat":[12644,12274],"product_tag":[],"class_list":{"0":"post-745532","1":"product","2":"type-product","3":"status-publish","5":"product_cat-boyama-kitaplari","6":"product_cat-cocuk-ve-genclik-kitaplari","7":"pa_cilt-ciltsiz","8":"pa_tur-kitap","9":"pa_yayinevi-yagmur-cocuk-yayinlari","10":"pa_yazar-turkan-ada-komurcu","12":"first","13":"instock","14":"sale","15":"shipping-taxable","16":"purchasable","17":"product-type-simple"},"_links":{"self":[{"href":"https:\/\/roveyayinevi.com.tr\/index.php\/wp-json\/wp\/v2\/product\/745532","targetHints":{"allow":["GET"]}}],"collection":[{"href":"https:\/\/roveyayinevi.com.tr\/index.php\/wp-json\/wp\/v2\/product"}],"about":[{"href":"https:\/\/roveyayinevi.com.tr\/index.php\/wp-json\/wp\/v2\/types\/product"}],"wp:attachment":[{"href":"https:\/\/roveyayinevi.com.tr\/index.php\/wp-json\/wp\/v2\/media?parent=745532"}],"wp:term":[{"taxonomy":"product_brand","embeddable":true,"href":"https:\/\/roveyayinevi.com.tr\/index.php\/wp-json\/wp\/v2\/product_brand?post=745532"},{"taxonomy":"product_cat","embeddable":true,"href":"https:\/\/roveyayinevi.com.tr\/index.php\/wp-json\/wp\/v2\/product_cat?post=745532"},{"taxonomy":"product_tag","embeddable":true,"href":"https:\/\/roveyayinevi.com.tr\/index.php\/wp-json\/wp\/v2\/product_tag?post=745532"}],"curies":[{"name":"wp","href":"https:\/\/api.w.org\/{rel}","templated":true}]}}