{"id":745529,"date":"2025-08-28T02:22:00","date_gmt":"2025-08-27T23:22:00","guid":{"rendered":"https:\/\/roveyayinevi.com.tr\/index.php\/urun\/ilk-sayilar-kitabim-4-6-yas\/"},"modified":"2026-04-16T02:57:46","modified_gmt":"2026-04-15T23:57:46","slug":"ilk-sayilar-kitabim-4-6-yas","status":"publish","type":"product","link":"https:\/\/roveyayinevi.com.tr\/index.php\/urun\/ilk-sayilar-kitabim-4-6-yas\/","title":{"rendered":"\u0130lk Say\u0131lar Kitab\u0131m (4-6 Ya\u015f)"},"content":{"rendered":"<p>Montessori Kazan\u0131mlar D\u00fcnyas\u0131 kitaplar\u0131ndaki etkinlik ve oyunlar Montessori Metodu&#8217;nun ilkelerinden yola \u00e7\u0131km\u0131\u015f ve k\u00fc\u00e7\u00fck \u00e7ocuklar\u0131n bili\u015fsel becerilerini art\u0131rmak i\u00e7in \u00f6zel olarak tasarlanm\u0131\u015ft\u0131r. \u00c7ocuklar, ilgi \u00e7ekici etkinlikler sayesinde \u015fekilleri, say\u0131lar\u0131 ve renkleri tan\u0131yacaklar ve d\u00fcnyay\u0131 ke\u015ffetmek i\u00e7in ilk ba\u011f\u0131ms\u0131z ad\u0131mlar\u0131n\u0131 atabilecekler.<\/p>\n","protected":false},"excerpt":{"rendered":"<p>Montessori Kazan\u0131mlar D\u00fcnyas\u0131 kitaplar\u0131ndaki etkinlik ve oyunlar Montessori Metodu&#8217;nun ilkelerinden yola \u00e7\u0131km\u0131\u015f ve k\u00fc\u00e7\u00fck \u00e7ocuklar\u0131n bili\u015fsel becerilerini art\u0131rmak i\u00e7in \u00f6zel olarak tasarlanm\u0131\u015ft\u0131r. \u00c7ocuklar, ilgi \u00e7ekici etkinlikler<span class=\"excerpt-hellip\"> [\u2026]<\/span><\/p>\n","protected":false},"featured_media":0,"template":"","meta":{"_monsterinsights_skip_tracking":false,"_monsterinsights_sitenote_active":false,"_monsterinsights_sitenote_note":"","_monsterinsights_sitenote_category":0},"product_brand":[],"product_cat":[12913,12274],"product_tag":[],"class_list":{"0":"post-745529","1":"product","2":"type-product","3":"status-publish","5":"product_cat-3-6-yas-kitaplari","6":"product_cat-cocuk-ve-genclik-kitaplari","7":"pa_cilt-ciltsiz","8":"pa_tur-kitap","9":"pa_yayinevi-altin-kitaplar-cocuk-kitaplari","10":"pa_yazar-chiara-piroddi","12":"first","13":"instock","14":"sale","15":"shipping-taxable","16":"purchasable","17":"product-type-simple"},"_links":{"self":[{"href":"https:\/\/roveyayinevi.com.tr\/index.php\/wp-json\/wp\/v2\/product\/745529","targetHints":{"allow":["GET"]}}],"collection":[{"href":"https:\/\/roveyayinevi.com.tr\/index.php\/wp-json\/wp\/v2\/product"}],"about":[{"href":"https:\/\/roveyayinevi.com.tr\/index.php\/wp-json\/wp\/v2\/types\/product"}],"wp:attachment":[{"href":"https:\/\/roveyayinevi.com.tr\/index.php\/wp-json\/wp\/v2\/media?parent=745529"}],"wp:term":[{"taxonomy":"product_brand","embeddable":true,"href":"https:\/\/roveyayinevi.com.tr\/index.php\/wp-json\/wp\/v2\/product_brand?post=745529"},{"taxonomy":"product_cat","embeddable":true,"href":"https:\/\/roveyayinevi.com.tr\/index.php\/wp-json\/wp\/v2\/product_cat?post=745529"},{"taxonomy":"product_tag","embeddable":true,"href":"https:\/\/roveyayinevi.com.tr\/index.php\/wp-json\/wp\/v2\/product_tag?post=745529"}],"curies":[{"name":"wp","href":"https:\/\/api.w.org\/{rel}","templated":true}]}}