{"id":745523,"date":"2025-08-28T02:21:54","date_gmt":"2025-08-27T23:21:54","guid":{"rendered":"https:\/\/roveyayinevi.com.tr\/index.php\/urun\/hata-neden-hata-yapmak-en-buyuk-yetenegimiz\/"},"modified":"2026-04-16T02:57:46","modified_gmt":"2026-04-15T23:57:46","slug":"hata-neden-hata-yapmak-en-buyuk-yetenegimiz","status":"publish","type":"product","link":"https:\/\/roveyayinevi.com.tr\/index.php\/urun\/hata-neden-hata-yapmak-en-buyuk-yetenegimiz\/","title":{"rendered":"Hata! &#8211; Neden Hata Yapmak En B\u00fcy\u00fck Yetene\u011fimiz?"},"content":{"rendered":"<p>Neden do\u011fru olmak bu kadar haz verirken, hata yapmak bizi \u00e7ileden \u00e7\u0131kar\u0131r?Hata yapmak insana \u00f6zg\u00fcd\u00fcr, yine de neredeyse her \u015fey konusunda hakl\u0131 oldu\u011fumuzu \u00fcst\u00fc kapal\u0131 bir \u015fekilde varsayma (ya da alenen bunda \u0131srarc\u0131 olma) e\u011filimindeyizdir.Pulitzer \u00f6d\u00fcll\u00fc Kathryn Schulz, hata yapman\u0131n insan do\u011fas\u0131n\u0131n en temel \u00f6zelliklerden biri oldu\u011funu ve bu \u015fekilde takdir g\u00f6rmesi gerekti\u011fini iddia ediyor. Darwin\u2019den, Freud\u2019dan ve Sokrates\u2019ten ABD Merkez Bankas\u0131\u2019n\u0131n eski ba\u015fkan\u0131 Alan Greenspan\u2019e kadar \u00e7e\u015fitli \u00f6rneklerle hata yapman\u0131n tarihi ve psikolojisine de\u011finen ve \u201chatabilim\u201d ad\u0131n\u0131 verdi\u011fi alan\u0131 g\u00f6zler \u00f6n\u00fcne seren yazar, hem korkun\u00e7 boyutlardaki hem de g\u00fcndelik \u00e7uvallamalar\u0131n\u0131z ve ba\u015far\u0131s\u0131zl\u0131klar\u0131n\u0131z\u0131 alg\u0131lama bi\u00e7iminizi, ili\u015fkilerinizi sonsuza dek de\u011fi\u015ftirecek.\u201cYapt\u0131\u011f\u0131m\u0131z hatalara dair \u00f6ng\u00f6r\u00fcl\u00fc ve keyifli bir tart\u0131\u015fma. Schulz kurnaz ve iyi bir g\u00f6zlemci, bilmemiz gereken ama bilmedi\u011fimiz \u015feylere dikkat \u00e7ekmekte usta.\u201d\u2014Daniel Gilbert, Mutluluk Beyinde Ba\u015flar\u2019\u0131n yazar\u0131\u201cZekice, keyifli ve s\u00fcrprizlerle dolu\u2026 Tamamen hakl\u0131 olmayabilece\u011fimiz fikrini kabul etmeye istekli olsayd\u0131k, kar\u015f\u0131la\u015ft\u0131\u011f\u0131m\u0131z \u00e7ok az sorunu ele al\u0131namayacak \u015feyler olarak g\u00f6rebilirdik.\u201d\u2014Bill McKibben, Do\u011fan\u0131n Sonu\u2019nun yazar\u0131\u201cEntelekt\u00fcalizm hi\u00e7 bu kadar e\u011flenceli olmam\u0131\u015ft\u0131! Schulz\u2019un, kusurlar\u0131 ve hatalar\u0131 potansiyel olarak faydal\u0131 kabul etme \u00e7a\u011fr\u0131s\u0131, kesinlikle dikkat \u00e7ekici.\u201d\u2014Newsweek<\/p>\n","protected":false},"excerpt":{"rendered":"<p>Neden do\u011fru olmak bu kadar haz verirken, hata yapmak bizi \u00e7ileden \u00e7\u0131kar\u0131r?Hata yapmak insana \u00f6zg\u00fcd\u00fcr, yine de neredeyse her \u015fey konusunda hakl\u0131 oldu\u011fumuzu \u00fcst\u00fc kapal\u0131 bir<span class=\"excerpt-hellip\"> [\u2026]<\/span><\/p>\n","protected":false},"featured_media":0,"template":"","meta":{"_monsterinsights_skip_tracking":false,"_monsterinsights_sitenote_active":false,"_monsterinsights_sitenote_note":"","_monsterinsights_sitenote_category":0},"product_brand":[],"product_cat":[12358,12357],"product_tag":[],"class_list":{"0":"post-745523","1":"product","2":"type-product","3":"status-publish","5":"product_cat-genel-psikoloji","6":"product_cat-psikoloji","7":"pa_cilt-ciltsiz","8":"pa_tur-kitap","9":"pa_yayinevi-nova-kitap","10":"pa_yazar-kathryn-schulz","12":"first","13":"instock","14":"sale","15":"shipping-taxable","16":"purchasable","17":"product-type-simple"},"_links":{"self":[{"href":"https:\/\/roveyayinevi.com.tr\/index.php\/wp-json\/wp\/v2\/product\/745523","targetHints":{"allow":["GET"]}}],"collection":[{"href":"https:\/\/roveyayinevi.com.tr\/index.php\/wp-json\/wp\/v2\/product"}],"about":[{"href":"https:\/\/roveyayinevi.com.tr\/index.php\/wp-json\/wp\/v2\/types\/product"}],"wp:attachment":[{"href":"https:\/\/roveyayinevi.com.tr\/index.php\/wp-json\/wp\/v2\/media?parent=745523"}],"wp:term":[{"taxonomy":"product_brand","embeddable":true,"href":"https:\/\/roveyayinevi.com.tr\/index.php\/wp-json\/wp\/v2\/product_brand?post=745523"},{"taxonomy":"product_cat","embeddable":true,"href":"https:\/\/roveyayinevi.com.tr\/index.php\/wp-json\/wp\/v2\/product_cat?post=745523"},{"taxonomy":"product_tag","embeddable":true,"href":"https:\/\/roveyayinevi.com.tr\/index.php\/wp-json\/wp\/v2\/product_tag?post=745523"}],"curies":[{"name":"wp","href":"https:\/\/api.w.org\/{rel}","templated":true}]}}