{"id":745511,"date":"2025-08-28T02:21:37","date_gmt":"2025-08-27T23:21:37","guid":{"rendered":"https:\/\/roveyayinevi.com.tr\/index.php\/urun\/araba-sevdasi-14\/"},"modified":"2025-09-18T02:39:27","modified_gmt":"2025-09-17T23:39:27","slug":"araba-sevdasi-14","status":"publish","type":"product","link":"https:\/\/roveyayinevi.com.tr\/index.php\/urun\/araba-sevdasi-14\/","title":{"rendered":"Araba Sevdas\u0131"},"content":{"rendered":"<p>ZAMANSIZ ESERLER &#8211; 16   \u201cSevda \u2212ki bir insan\u0131n yaln\u0131z g\u00f6nl\u00fcne de\u011fil, akl\u0131na, fikrine, iradesine k\u0131sacas\u0131 b\u00fct\u00fcn heveslerine, manevi kuvvetlerine h\u00e2kimdir\u2212 daima \u015f\u00fcphe ve kuruntular i\u00e7inde bulunmaktan zevk duydu\u011fundan kulak ve g\u00f6z, her duydu\u011fu, her g\u00f6rd\u00fc\u011f\u00fc \u015feyi onun karakterine g\u00f6re duyup g\u00f6rmeye, ak\u0131lsa her h\u00fckm\u00fcn\u00fc onun arzusuna g\u00f6re vermeye mecburdur.\u201d   <\/p>\n","protected":false},"excerpt":{"rendered":"<p>ZAMANSIZ ESERLER &#8211; 16 \u201cSevda \u2212ki bir insan\u0131n yaln\u0131z g\u00f6nl\u00fcne de\u011fil, akl\u0131na, fikrine, iradesine k\u0131sacas\u0131 b\u00fct\u00fcn heveslerine, manevi kuvvetlerine h\u00e2kimdir\u2212 daima \u015f\u00fcphe ve kuruntular i\u00e7inde bulunmaktan<span class=\"excerpt-hellip\"> [\u2026]<\/span><\/p>\n","protected":false},"featured_media":0,"template":"","meta":{"_monsterinsights_skip_tracking":false,"_monsterinsights_sitenote_active":false,"_monsterinsights_sitenote_note":"","_monsterinsights_sitenote_category":0},"product_brand":[],"product_cat":[12291,50487],"product_tag":[],"class_list":{"0":"post-745511","1":"product","2":"type-product","3":"status-publish","5":"product_cat-edebiyat","6":"product_cat-kurgu","7":"pa_cilt-ciltsiz","8":"pa_tur-kitap","9":"pa_yayinevi-the-kitap","10":"pa_yazar-recaizade-mahmut-ekrem","12":"first","13":"instock","14":"sale","15":"shipping-taxable","16":"purchasable","17":"product-type-simple"},"_links":{"self":[{"href":"https:\/\/roveyayinevi.com.tr\/index.php\/wp-json\/wp\/v2\/product\/745511","targetHints":{"allow":["GET"]}}],"collection":[{"href":"https:\/\/roveyayinevi.com.tr\/index.php\/wp-json\/wp\/v2\/product"}],"about":[{"href":"https:\/\/roveyayinevi.com.tr\/index.php\/wp-json\/wp\/v2\/types\/product"}],"wp:attachment":[{"href":"https:\/\/roveyayinevi.com.tr\/index.php\/wp-json\/wp\/v2\/media?parent=745511"}],"wp:term":[{"taxonomy":"product_brand","embeddable":true,"href":"https:\/\/roveyayinevi.com.tr\/index.php\/wp-json\/wp\/v2\/product_brand?post=745511"},{"taxonomy":"product_cat","embeddable":true,"href":"https:\/\/roveyayinevi.com.tr\/index.php\/wp-json\/wp\/v2\/product_cat?post=745511"},{"taxonomy":"product_tag","embeddable":true,"href":"https:\/\/roveyayinevi.com.tr\/index.php\/wp-json\/wp\/v2\/product_tag?post=745511"}],"curies":[{"name":"wp","href":"https:\/\/api.w.org\/{rel}","templated":true}]}}