{"id":745479,"date":"2025-08-28T02:20:54","date_gmt":"2025-08-27T23:20:54","guid":{"rendered":"https:\/\/roveyayinevi.com.tr\/index.php\/urun\/distopyaya-yolculuk\/"},"modified":"2026-04-16T02:57:44","modified_gmt":"2026-04-15T23:57:44","slug":"distopyaya-yolculuk","status":"publish","type":"product","link":"https:\/\/roveyayinevi.com.tr\/index.php\/urun\/distopyaya-yolculuk\/","title":{"rendered":"Distopyaya Yolculuk"},"content":{"rendered":"<p>On sekiz saat s\u00fcren bir eve d\u00f6n\u00fc\u015f maceras\u0131&#8230;  Kitap isimli g\u00fczel ve ak\u0131ll\u0131 k\u0131z\u0131n bir hayali var. Paralel Evren K\u00e2\u015fifi olmak. Acaba s\u00fcrprizlerle dolu ilk staj maceras\u0131n\u0131 ba\u015far\u0131 ile tamamlayabilecek mi? Kitap, yolculuk yapt\u0131\u011f\u0131 garip evrenin garip insanlar\u0131na al\u0131\u015fabilecek mi? \u0130lk ba\u015far\u0131s\u0131zl\u0131\u011f\u0131nda vazge\u00e7ip kendi g\u00fczel d\u00fcnyas\u0131na m\u0131 d\u00f6necek yoksa ba\u015far\u0131s\u0131zl\u0131klar onu daha da m\u0131 g\u00fc\u00e7lendirecek? Heyecan, mizah ve adrenalinin bol oldu\u011fu bu maceraya Kitap\u2019la birlikte \u00e7\u0131kmaya var m\u0131s\u0131n?<\/p>\n","protected":false},"excerpt":{"rendered":"<p>On sekiz saat s\u00fcren bir eve d\u00f6n\u00fc\u015f maceras\u0131&#8230; Kitap isimli g\u00fczel ve ak\u0131ll\u0131 k\u0131z\u0131n bir hayali var. Paralel Evren K\u00e2\u015fifi olmak. Acaba s\u00fcrprizlerle dolu ilk staj<span class=\"excerpt-hellip\"> [\u2026]<\/span><\/p>\n","protected":false},"featured_media":0,"template":"","meta":{"_monsterinsights_skip_tracking":false,"_monsterinsights_sitenote_active":false,"_monsterinsights_sitenote_note":"","_monsterinsights_sitenote_category":0},"product_brand":[],"product_cat":[12275,12274],"product_tag":[],"class_list":{"0":"post-745479","1":"product","2":"type-product","3":"status-publish","5":"product_cat-6-12-yas-kitaplari","6":"product_cat-cocuk-ve-genclik-kitaplari","7":"pa_cilt-ciltsiz","8":"pa_tur-kitap","9":"pa_yayinevi-epsilon-ozel-urun","10":"pa_yazar-sohret-dogruyol-sagbas","12":"first","13":"instock","14":"sale","15":"shipping-taxable","16":"purchasable","17":"product-type-simple"},"_links":{"self":[{"href":"https:\/\/roveyayinevi.com.tr\/index.php\/wp-json\/wp\/v2\/product\/745479","targetHints":{"allow":["GET"]}}],"collection":[{"href":"https:\/\/roveyayinevi.com.tr\/index.php\/wp-json\/wp\/v2\/product"}],"about":[{"href":"https:\/\/roveyayinevi.com.tr\/index.php\/wp-json\/wp\/v2\/types\/product"}],"wp:attachment":[{"href":"https:\/\/roveyayinevi.com.tr\/index.php\/wp-json\/wp\/v2\/media?parent=745479"}],"wp:term":[{"taxonomy":"product_brand","embeddable":true,"href":"https:\/\/roveyayinevi.com.tr\/index.php\/wp-json\/wp\/v2\/product_brand?post=745479"},{"taxonomy":"product_cat","embeddable":true,"href":"https:\/\/roveyayinevi.com.tr\/index.php\/wp-json\/wp\/v2\/product_cat?post=745479"},{"taxonomy":"product_tag","embeddable":true,"href":"https:\/\/roveyayinevi.com.tr\/index.php\/wp-json\/wp\/v2\/product_tag?post=745479"}],"curies":[{"name":"wp","href":"https:\/\/api.w.org\/{rel}","templated":true}]}}