{"id":745465,"date":"2025-08-28T02:20:35","date_gmt":"2025-08-27T23:20:35","guid":{"rendered":"https:\/\/roveyayinevi.com.tr\/index.php\/urun\/cinar-kulubu-tatilde\/"},"modified":"2026-04-16T02:57:44","modified_gmt":"2026-04-15T23:57:44","slug":"cinar-kulubu-tatilde","status":"publish","type":"product","link":"https:\/\/roveyayinevi.com.tr\/index.php\/urun\/cinar-kulubu-tatilde\/","title":{"rendered":"\u00c7\u0131nar Kul\u00fcb\u00fc Tatilde"},"content":{"rendered":"<p>Haydi macerac\u0131lar, alt\u0131 kafadarla siz de d\u00fc\u015f\u00fcn yollara!Alt\u0131 kafadar bir arada! Z\u00fcmra, Zeynep, Sena, Emre, G\u00f6khan ve Tamer\u2026 Hem ne\u015feliler hem de macerac\u0131lar. Onlarda heyecan bitmek bilmiyor.Bazen bir gezgin gibi tatil yollar\u0131ndalar,bazen bir orman yang\u0131n\u0131n tam ortas\u0131ndalar, bazen de ate\u015f b\u00f6ce\u011fi a\u011fac\u0131yla kar\u015f\u0131 kar\u015f\u0131yalar! Kimileri onlara ekip diyor, kimileri de tak\u0131m. Onlarsa kendilerine \u00c7\u0131nar Kul\u00fcb\u00fc diyor.Onlar Yemye\u015fil bir do\u011fa ve daha g\u00fczel bird\u00fcnya i\u00e7in herkesin bir \u015feyler yapabilece\u011fine inanan bu \u00e7ocuklar\u0131n umutlar\u0131, d\u00fc\u015fleri ve kendilerine g\u00fcvenleri var!<\/p>\n","protected":false},"excerpt":{"rendered":"<p>Haydi macerac\u0131lar, alt\u0131 kafadarla siz de d\u00fc\u015f\u00fcn yollara!Alt\u0131 kafadar bir arada! Z\u00fcmra, Zeynep, Sena, Emre, G\u00f6khan ve Tamer\u2026 Hem ne\u015feliler hem de macerac\u0131lar. Onlarda heyecan bitmek<span class=\"excerpt-hellip\"> [\u2026]<\/span><\/p>\n","protected":false},"featured_media":0,"template":"","meta":{"_monsterinsights_skip_tracking":false,"_monsterinsights_sitenote_active":false,"_monsterinsights_sitenote_note":"","_monsterinsights_sitenote_category":0},"product_brand":[],"product_cat":[12274,12284],"product_tag":[],"class_list":{"0":"post-745465","1":"product","2":"type-product","3":"status-publish","5":"product_cat-cocuk-ve-genclik-kitaplari","6":"product_cat-hikayeler","7":"pa_cilt-ciltsiz","8":"pa_tur-kitap","9":"pa_yayinevi-masalperest","10":"pa_yazar-mustafa-tunc","12":"first","13":"instock","14":"sale","15":"shipping-taxable","16":"purchasable","17":"product-type-simple"},"_links":{"self":[{"href":"https:\/\/roveyayinevi.com.tr\/index.php\/wp-json\/wp\/v2\/product\/745465","targetHints":{"allow":["GET"]}}],"collection":[{"href":"https:\/\/roveyayinevi.com.tr\/index.php\/wp-json\/wp\/v2\/product"}],"about":[{"href":"https:\/\/roveyayinevi.com.tr\/index.php\/wp-json\/wp\/v2\/types\/product"}],"wp:attachment":[{"href":"https:\/\/roveyayinevi.com.tr\/index.php\/wp-json\/wp\/v2\/media?parent=745465"}],"wp:term":[{"taxonomy":"product_brand","embeddable":true,"href":"https:\/\/roveyayinevi.com.tr\/index.php\/wp-json\/wp\/v2\/product_brand?post=745465"},{"taxonomy":"product_cat","embeddable":true,"href":"https:\/\/roveyayinevi.com.tr\/index.php\/wp-json\/wp\/v2\/product_cat?post=745465"},{"taxonomy":"product_tag","embeddable":true,"href":"https:\/\/roveyayinevi.com.tr\/index.php\/wp-json\/wp\/v2\/product_tag?post=745465"}],"curies":[{"name":"wp","href":"https:\/\/api.w.org\/{rel}","templated":true}]}}