{"id":745441,"date":"2025-08-28T02:20:02","date_gmt":"2025-08-27T23:20:02","guid":{"rendered":"https:\/\/roveyayinevi.com.tr\/index.php\/urun\/yiyecek-anatomisi\/"},"modified":"2026-04-16T02:57:43","modified_gmt":"2026-04-15T23:57:43","slug":"yiyecek-anatomisi","status":"publish","type":"product","link":"https:\/\/roveyayinevi.com.tr\/index.php\/urun\/yiyecek-anatomisi\/","title":{"rendered":"Yiyecek Anatomisi"},"content":{"rendered":"<p>DAMAK ZEVK\u0130N\u0130Z \u0130\u00c7\u0130N B\u0130R RENK C\u00dcMB\u00dc\u015e\u00dc Yiyeceklerin ve d\u00fcnya mutfaklar\u0131n\u0131n Julia Rothman\u2019\u0131n muhte\u015fem \u00e7izimleriyle tan\u0131t\u0131ld\u0131\u011f\u0131 g\u00f6rsel turla yiyecek d\u00fcnyas\u0131na dal\u0131n. Bu kitapta, t\u00fcm d\u00fcnyadaki yiyeceklerin tarihleri ve ilgin\u00e7 yanlar\u0131, Rothman\u2019\u0131n benzersiz ve \u00e7ekici tarz\u0131yla resmedilmi\u015ftir ve anlat\u0131lm\u0131\u015ft\u0131r. Ku\u015fkonmaz \u00e7atal\u0131 neye benzer? Hangi u\u0308lkede patates k\u0131zartmas\u0131n\u0131n u\u0308stu\u0308ne muz sosu d\u00f6ku\u0308lu\u0308r? Bal\u0131k filetosu ile bal\u0131k bifte\u011fi aras\u0131ndaki fark nedir? Her g\u00fcn bir tutam bilgiyle kendinizi \u015f\u0131mart\u0131n, e\u011flenmeyi de unutmay\u0131n. Julia Rothman bir \u00e7izer olmas\u0131n\u0131n yan\u0131 s\u0131ra kendine \u00f6zg\u00fc tarzda duvar k\u00e2\u011f\u0131d\u0131, \u00e7\u00f6mlek, kuma\u015f ve k\u0131rtasiye malzemeleri tasarlamaktad\u0131r. New York, Brooklyn\u2019de ya\u015fayan ve \u00e7al\u0131\u015fan tasar\u0131mc\u0131, New York Times\u2019da k\u00f6\u015fe yazarl\u0131\u011f\u0131 yapmaktad\u0131r. Ayr\u0131ca \u00c7iftlik Anatomisi, Okyanusun Anatomisi ve Do\u011fan\u0131n Anatomisi kitaplar\u0131n\u0131n da yazar\u0131d\u0131r. Rothman hakk\u0131nda daha fazla bilgiye juliarothman.com adresinden ula\u015fabilirsiniz. <\/p>\n","protected":false},"excerpt":{"rendered":"<p>DAMAK ZEVK\u0130N\u0130Z \u0130\u00c7\u0130N B\u0130R RENK C\u00dcMB\u00dc\u015e\u00dc Yiyeceklerin ve d\u00fcnya mutfaklar\u0131n\u0131n Julia Rothman\u2019\u0131n muhte\u015fem \u00e7izimleriyle tan\u0131t\u0131ld\u0131\u011f\u0131 g\u00f6rsel turla yiyecek d\u00fcnyas\u0131na dal\u0131n. Bu kitapta, t\u00fcm d\u00fcnyadaki yiyeceklerin tarihleri<span class=\"excerpt-hellip\"> [\u2026]<\/span><\/p>\n","protected":false},"featured_media":0,"template":"","meta":{"_monsterinsights_skip_tracking":false,"_monsterinsights_sitenote_active":false,"_monsterinsights_sitenote_note":"","_monsterinsights_sitenote_category":0},"product_brand":[],"product_cat":[12457],"product_tag":[],"class_list":{"0":"post-745441","1":"product","2":"type-product","3":"status-publish","5":"product_cat-yemek-kitaplari","6":"pa_cilt-ciltsiz","7":"pa_tur-kitap","8":"pa_yayinevi-odtu-gelistirme-vakfi-yayincilik","9":"pa_yazar-julia-rothman","11":"first","12":"instock","13":"sale","14":"shipping-taxable","15":"purchasable","16":"product-type-simple"},"_links":{"self":[{"href":"https:\/\/roveyayinevi.com.tr\/index.php\/wp-json\/wp\/v2\/product\/745441","targetHints":{"allow":["GET"]}}],"collection":[{"href":"https:\/\/roveyayinevi.com.tr\/index.php\/wp-json\/wp\/v2\/product"}],"about":[{"href":"https:\/\/roveyayinevi.com.tr\/index.php\/wp-json\/wp\/v2\/types\/product"}],"wp:attachment":[{"href":"https:\/\/roveyayinevi.com.tr\/index.php\/wp-json\/wp\/v2\/media?parent=745441"}],"wp:term":[{"taxonomy":"product_brand","embeddable":true,"href":"https:\/\/roveyayinevi.com.tr\/index.php\/wp-json\/wp\/v2\/product_brand?post=745441"},{"taxonomy":"product_cat","embeddable":true,"href":"https:\/\/roveyayinevi.com.tr\/index.php\/wp-json\/wp\/v2\/product_cat?post=745441"},{"taxonomy":"product_tag","embeddable":true,"href":"https:\/\/roveyayinevi.com.tr\/index.php\/wp-json\/wp\/v2\/product_tag?post=745441"}],"curies":[{"name":"wp","href":"https:\/\/api.w.org\/{rel}","templated":true}]}}