{"id":745428,"date":"2025-08-28T02:19:08","date_gmt":"2025-08-27T23:19:08","guid":{"rendered":"https:\/\/roveyayinevi.com.tr\/index.php\/urun\/dijital-ronesans\/"},"modified":"2026-04-16T02:57:42","modified_gmt":"2026-04-15T23:57:42","slug":"dijital-ronesans","status":"publish","type":"product","link":"https:\/\/roveyayinevi.com.tr\/index.php\/urun\/dijital-ronesans\/","title":{"rendered":"Dijital R\u00f6nesans"},"content":{"rendered":"<p>Dijital teknolojilerin ya\u015fam\u0131m\u0131z\u0131 sarmas\u0131, k\u00fclt\u00fcr\u00fcn \u00e7\u00f6k\u00fc\u015f\u00fcne mi k\u00fclt\u00fcr\u00fcn kabuk de\u011fi\u015ftirerek tazelenmesine mi i\u015faret? Geleneksel m\u00fczik, yay\u0131nc\u0131l\u0131k, televizyon, sinema, ekonomi, sanat, siyaset nas\u0131l da alt\u00fcst oluyor. Bir taraftan bir \u00e7\u00f6k\u00fc\u015fe tan\u0131kl\u0131k ederken di\u011fer taraftan dijital teknoloji tabanl\u0131 kurumlar i\u00e7in alt\u0131n bir \u00e7a\u011f\u0131n a\u00e7\u0131ld\u0131\u011f\u0131n\u0131 g\u00f6zlerimizle g\u00f6rebiliyoruz, \u00e2deta dijital r\u00f6nesans ya\u015f\u0131yoruz.   Dijital R\u00f6nesans&#8217;ta Joel Waldfogel, bu d\u00f6n\u00fc\u015f\u00fcm\u00fcn hik\u00e2yesini veriler \u00fczerinden anlat\u0131yor ve sosyo-k\u00fclt\u00fcrel kurumlar\u0131n gelece\u011fine ili\u015fkin ufuk a\u00e7\u0131c\u0131 d\u00fc\u015f\u00fcnceler ileri s\u00fcr\u00fcyor. Yeni bir d\u00fcnyaya haz\u0131rl\u0131k yapmak isteyenlerin Dijital R\u00f6nesans\u2019tan alaca\u011f\u0131 \u00e7ok ders var.     <\/p>\n","protected":false},"excerpt":{"rendered":"<p>Dijital teknolojilerin ya\u015fam\u0131m\u0131z\u0131 sarmas\u0131, k\u00fclt\u00fcr\u00fcn \u00e7\u00f6k\u00fc\u015f\u00fcne mi k\u00fclt\u00fcr\u00fcn kabuk de\u011fi\u015ftirerek tazelenmesine mi i\u015faret? Geleneksel m\u00fczik, yay\u0131nc\u0131l\u0131k, televizyon, sinema, ekonomi, sanat, siyaset nas\u0131l da alt\u00fcst oluyor. Bir<span class=\"excerpt-hellip\"> [\u2026]<\/span><\/p>\n","protected":false},"featured_media":0,"template":"","meta":{"_monsterinsights_skip_tracking":false,"_monsterinsights_sitenote_active":false,"_monsterinsights_sitenote_note":"","_monsterinsights_sitenote_category":0},"product_brand":[],"product_cat":[14841,13043],"product_tag":[],"class_list":{"0":"post-745428","1":"product","2":"type-product","3":"status-publish","5":"product_cat-arastirma-inceleme-kuram","6":"product_cat-ekonomi","7":"pa_cilt-ciltsiz","8":"pa_tur-kitap","9":"pa_yayinevi-gumbel-yayim","10":"pa_yazar-joel-waldfogel","12":"first","13":"instock","14":"sale","15":"shipping-taxable","16":"purchasable","17":"product-type-simple"},"_links":{"self":[{"href":"https:\/\/roveyayinevi.com.tr\/index.php\/wp-json\/wp\/v2\/product\/745428","targetHints":{"allow":["GET"]}}],"collection":[{"href":"https:\/\/roveyayinevi.com.tr\/index.php\/wp-json\/wp\/v2\/product"}],"about":[{"href":"https:\/\/roveyayinevi.com.tr\/index.php\/wp-json\/wp\/v2\/types\/product"}],"wp:attachment":[{"href":"https:\/\/roveyayinevi.com.tr\/index.php\/wp-json\/wp\/v2\/media?parent=745428"}],"wp:term":[{"taxonomy":"product_brand","embeddable":true,"href":"https:\/\/roveyayinevi.com.tr\/index.php\/wp-json\/wp\/v2\/product_brand?post=745428"},{"taxonomy":"product_cat","embeddable":true,"href":"https:\/\/roveyayinevi.com.tr\/index.php\/wp-json\/wp\/v2\/product_cat?post=745428"},{"taxonomy":"product_tag","embeddable":true,"href":"https:\/\/roveyayinevi.com.tr\/index.php\/wp-json\/wp\/v2\/product_tag?post=745428"}],"curies":[{"name":"wp","href":"https:\/\/api.w.org\/{rel}","templated":true}]}}