{"id":745412,"date":"2025-08-28T02:18:50","date_gmt":"2025-08-27T23:18:50","guid":{"rendered":"https:\/\/roveyayinevi.com.tr\/index.php\/urun\/tarih-unutmaz\/"},"modified":"2025-11-21T08:32:53","modified_gmt":"2025-11-21T05:32:53","slug":"tarih-unutmaz","status":"publish","type":"product","link":"https:\/\/roveyayinevi.com.tr\/index.php\/urun\/tarih-unutmaz\/","title":{"rendered":"Tarih Unutmaz"},"content":{"rendered":"<p>Tarih olmadan T\u00fcrkiye\u2019yi anlamak, anlatmak ve savunmak m\u00fcmk\u00fcn de\u011fildir. Bizdeki sosyal bilimler iddias\u0131 maalesef tarihsizlik, tarih anlay\u0131\u015f\u0131 da sosyal bilimsizlik anlam\u0131na gelmektedir. Do\u00e7. Dr. M\u00fccahit K\u00fc\u00e7\u00fcky\u0131lmaz \u00e7al\u0131\u015fmas\u0131nda bu ikisinin birlikteli\u011fini ve temel tarih\u00ee sorulara cevap vermeden bug\u00fcn\u00fcn T\u00fcrkiye\u2019sinin anla\u015f\u0131lamayaca\u011f\u0131n\u0131 \u00e7ok a\u00e7\u0131k bir \u015fekilde ortaya koyuyor. Dr. Murat Y\u0131lmaz Siyaset Bilimci   Tarihi unutmak karda uyumak gibidir. Nas\u0131l ki kar alt\u0131nda uyuyup kalmak sessiz sedas\u0131z gelen \u00f6l\u00fcm\u00fc g\u00f6rmemek gibiyse tarihi unutmak da \u00f6yledir. Bu durum b\u00fct\u00fcn ger\u00e7ekli\u011fiyle ortadayken insan ge\u00e7mi\u015fi unutmaya haz\u0131r. Oysa tarih unutmuyor, g\u00fc\u00e7l\u00fc haf\u0131zas\u0131nda b\u00fct\u00fcn s\u0131rlar\u0131yla birlikte saklamaya devam ediyor. \u00c7\u00fcnk\u00fc tarih sadece e\u011flence i\u00e7in meydana getirilen metinlerden olu\u015fmuyor ve hatta sadece tarih\u00e7ilerin kurdu\u011fu spek\u00fclasyonlardan ibaret de de\u011fil. Tarih \u00e7o\u011fu zaman gelece\u011fin kendisidir. Bu y\u00fczden yeniden yazmakta, s\u00fcrekli hat\u0131rlatmakta fayda var. M. M\u00fccahit K\u00fc\u00e7\u00fcky\u0131lmaz, bize tarihin bu y\u00f6n\u00fcyle ilgili k\u00fc\u00e7\u00fck bir kap\u0131 aral\u0131yor. Bildi\u011fimiz ya da bildi\u011fimizi sand\u0131\u011f\u0131m\u0131z pek \u00e7ok olay\u0131 bir ba\u015fka a\u00e7\u0131dan ele alarak aralad\u0131\u011f\u0131 kap\u0131dan \u015fa\u015f\u0131rt\u0131c\u0131 bir d\u00fcnyaya a\u00e7\u0131lmam\u0131z\u0131 sa\u011fl\u0131yor. \u201c\u00c7\u00fcnk\u00fc\u201d diyor K\u00fc\u00e7\u00fcky\u0131lmaz, \u201cHep ayn\u0131 sonu\u00e7lara ula\u015fmak bizi farkl\u0131 olan\u0131n in\u015fas\u0131ndan al\u0131koyar.\u201d Bu defa o, farkl\u0131 sonu\u00e7lara ula\u015fman\u0131n gayretiyle unutmayan tarihi yeniden ele al\u0131yor.    Prof. Dr. Tufan G\u00fcnd\u00fcz Tarih\u00e7i Yazar <\/p>\n","protected":false},"excerpt":{"rendered":"<p>Tarih olmadan T\u00fcrkiye\u2019yi anlamak, anlatmak ve savunmak m\u00fcmk\u00fcn de\u011fildir. Bizdeki sosyal bilimler iddias\u0131 maalesef tarihsizlik, tarih anlay\u0131\u015f\u0131 da sosyal bilimsizlik anlam\u0131na gelmektedir. Do\u00e7. Dr. M\u00fccahit K\u00fc\u00e7\u00fcky\u0131lmaz<span class=\"excerpt-hellip\"> [\u2026]<\/span><\/p>\n","protected":false},"featured_media":0,"template":"","meta":{"_monsterinsights_skip_tracking":false,"_monsterinsights_sitenote_active":false,"_monsterinsights_sitenote_note":"","_monsterinsights_sitenote_category":0},"product_brand":[],"product_cat":[12312,12304],"product_tag":[],"class_list":{"0":"post-745412","1":"product","2":"type-product","3":"status-publish","5":"product_cat-diger","6":"product_cat-tarih","7":"pa_cilt-ciltsiz","8":"pa_tur-kitap","9":"pa_yayinevi-turkuvaz-kitap","10":"pa_yazar-m-mucahit-kucukyilmaz","12":"first","13":"instock","14":"sale","15":"shipping-taxable","16":"purchasable","17":"product-type-simple"},"_links":{"self":[{"href":"https:\/\/roveyayinevi.com.tr\/index.php\/wp-json\/wp\/v2\/product\/745412","targetHints":{"allow":["GET"]}}],"collection":[{"href":"https:\/\/roveyayinevi.com.tr\/index.php\/wp-json\/wp\/v2\/product"}],"about":[{"href":"https:\/\/roveyayinevi.com.tr\/index.php\/wp-json\/wp\/v2\/types\/product"}],"wp:attachment":[{"href":"https:\/\/roveyayinevi.com.tr\/index.php\/wp-json\/wp\/v2\/media?parent=745412"}],"wp:term":[{"taxonomy":"product_brand","embeddable":true,"href":"https:\/\/roveyayinevi.com.tr\/index.php\/wp-json\/wp\/v2\/product_brand?post=745412"},{"taxonomy":"product_cat","embeddable":true,"href":"https:\/\/roveyayinevi.com.tr\/index.php\/wp-json\/wp\/v2\/product_cat?post=745412"},{"taxonomy":"product_tag","embeddable":true,"href":"https:\/\/roveyayinevi.com.tr\/index.php\/wp-json\/wp\/v2\/product_tag?post=745412"}],"curies":[{"name":"wp","href":"https:\/\/api.w.org\/{rel}","templated":true}]}}