{"id":745402,"date":"2025-08-28T02:18:38","date_gmt":"2025-08-27T23:18:38","guid":{"rendered":"https:\/\/roveyayinevi.com.tr\/index.php\/urun\/bilinmeyen-ulkelere-yolculuk\/"},"modified":"2026-03-04T03:25:19","modified_gmt":"2026-03-04T00:25:19","slug":"bilinmeyen-ulkelere-yolculuk","status":"publish","type":"product","link":"https:\/\/roveyayinevi.com.tr\/index.php\/urun\/bilinmeyen-ulkelere-yolculuk\/","title":{"rendered":"Bilinmeyen \u00dclkelere Yolculuk"},"content":{"rendered":"<p>Seyyah, d\u00fcnyay\u0131 gezmek ve insanlara yard\u0131m etmek i\u00e7in yola \u00e7\u0131kt\u0131. Nereden bilecekti ki bu macera dolu yolculukta kendini, k\u00f6klerini ve hatta dostlar\u0131n\u0131n k\u00f6klerini bulaca\u011f\u0131n\u0131\u2026 Hi\u00e7bir \u015eey Normal De\u011fil \u00dclkesinde ba\u015flayan macera d\u00f6nd\u00fc dola\u015ft\u0131 yine ayn\u0131 yerde son buldu\u2026 Yol boyunca neler oldu, neler! Siz de Seyyah ile birlikte maceradan maceraya ko\u015fmak, bilinmeyen \u00fclkelerin kap\u0131lar\u0131n\u0131 aralamak ister misiniz?  <\/p>\n","protected":false},"excerpt":{"rendered":"<p>Seyyah, d\u00fcnyay\u0131 gezmek ve insanlara yard\u0131m etmek i\u00e7in yola \u00e7\u0131kt\u0131. Nereden bilecekti ki bu macera dolu yolculukta kendini, k\u00f6klerini ve hatta dostlar\u0131n\u0131n k\u00f6klerini bulaca\u011f\u0131n\u0131\u2026 Hi\u00e7bir \u015eey<span class=\"excerpt-hellip\"> [\u2026]<\/span><\/p>\n","protected":false},"featured_media":0,"template":"","meta":{"_monsterinsights_skip_tracking":false,"_monsterinsights_sitenote_active":false,"_monsterinsights_sitenote_note":"","_monsterinsights_sitenote_category":0},"product_brand":[],"product_cat":[12274,12523],"product_tag":[],"class_list":{"0":"post-745402","1":"product","2":"type-product","3":"status-publish","5":"product_cat-cocuk-ve-genclik-kitaplari","6":"product_cat-masallar","7":"pa_cilt-ciltsiz","8":"pa_tur-kitap","9":"pa_yayinevi-enfalya-yayinlari","10":"pa_yazar-deniz-isik","12":"first","13":"instock","14":"sale","15":"shipping-taxable","16":"purchasable","17":"product-type-simple"},"_links":{"self":[{"href":"https:\/\/roveyayinevi.com.tr\/index.php\/wp-json\/wp\/v2\/product\/745402","targetHints":{"allow":["GET"]}}],"collection":[{"href":"https:\/\/roveyayinevi.com.tr\/index.php\/wp-json\/wp\/v2\/product"}],"about":[{"href":"https:\/\/roveyayinevi.com.tr\/index.php\/wp-json\/wp\/v2\/types\/product"}],"wp:attachment":[{"href":"https:\/\/roveyayinevi.com.tr\/index.php\/wp-json\/wp\/v2\/media?parent=745402"}],"wp:term":[{"taxonomy":"product_brand","embeddable":true,"href":"https:\/\/roveyayinevi.com.tr\/index.php\/wp-json\/wp\/v2\/product_brand?post=745402"},{"taxonomy":"product_cat","embeddable":true,"href":"https:\/\/roveyayinevi.com.tr\/index.php\/wp-json\/wp\/v2\/product_cat?post=745402"},{"taxonomy":"product_tag","embeddable":true,"href":"https:\/\/roveyayinevi.com.tr\/index.php\/wp-json\/wp\/v2\/product_tag?post=745402"}],"curies":[{"name":"wp","href":"https:\/\/api.w.org\/{rel}","templated":true}]}}