{"id":745384,"date":"2025-08-28T02:18:16","date_gmt":"2025-08-27T23:18:16","guid":{"rendered":"https:\/\/roveyayinevi.com.tr\/index.php\/urun\/cilgin-ve-inatci-rakamlar\/"},"modified":"2026-04-16T02:57:41","modified_gmt":"2026-04-15T23:57:41","slug":"cilgin-ve-inatci-rakamlar","status":"publish","type":"product","link":"https:\/\/roveyayinevi.com.tr\/index.php\/urun\/cilgin-ve-inatci-rakamlar\/","title":{"rendered":"\u00c7\u0131lg\u0131n ve \u0130nat\u00e7\u0131 Rakamlar"},"content":{"rendered":"<p>\u00dclkemizde ve t\u00fcm d\u00fcnyada rakamlar aniden ortadan kaybolur. Kimse onlar\u0131 geri d\u00f6nmeleri i\u00e7in ikna edemez. Rakamlar k\u0131rg\u0131n ve \u00f6fkelidirler.  U\u00e7aklar havalanamaz, trenler ve otob\u00fcsler hareket edemez, bilgisayar ve ileti\u015fim ara\u00e7lar\u0131 \u00e7al\u0131\u015fmaz. \u0130nsanlar \u015fa\u015fk\u0131nd\u0131r. Al\u0131\u015fveri\u015f yapamazlar, i\u015fe ve okula ne zaman gideceklerini kestiremezler. D\u00fcnya, b\u00fcy\u00fck bir kaosa s\u00fcr\u00fcklenmek \u00fczeredir. \u201cDo\u011fa Sava\u015f\u00e7\u0131lar\u0131\u201d dizisinin ikinci kitab\u0131nda kahramanlar\u0131m\u0131z Optik Pusat ve Val\u00f6r Parmak\u2019\u0131n yeni g\u00f6revleri olduk\u00e7a zordur. \u00d6ncelikle rakamlar\u0131n kime ve neden k\u0131r\u0131ld\u0131klar\u0131n\u0131 bulmalar\u0131 gerekmektedir. Alev topu f\u0131rlatan gizemli ara\u00e7, aniden yar\u0131lan toprak, gizemli \u0131\u015f\u0131klar ve anlamland\u0131ramad\u0131klar\u0131 bir dizi tehlikeyle kar\u015f\u0131la\u015fan kahramanlar\u0131m\u0131z bakal\u0131m rakamlar\u0131 geri d\u00f6nmeye ikna edebilecekler mi? <\/p>\n","protected":false},"excerpt":{"rendered":"<p>\u00dclkemizde ve t\u00fcm d\u00fcnyada rakamlar aniden ortadan kaybolur. Kimse onlar\u0131 geri d\u00f6nmeleri i\u00e7in ikna edemez. Rakamlar k\u0131rg\u0131n ve \u00f6fkelidirler. U\u00e7aklar havalanamaz, trenler ve otob\u00fcsler hareket edemez,<span class=\"excerpt-hellip\"> [\u2026]<\/span><\/p>\n","protected":false},"featured_media":0,"template":"","meta":{"_monsterinsights_skip_tracking":false,"_monsterinsights_sitenote_active":false,"_monsterinsights_sitenote_note":"","_monsterinsights_sitenote_category":0},"product_brand":[],"product_cat":[12274,12284],"product_tag":[],"class_list":{"0":"post-745384","1":"product","2":"type-product","3":"status-publish","5":"product_cat-cocuk-ve-genclik-kitaplari","6":"product_cat-hikayeler","7":"pa_cilt-ciltsiz","8":"pa_tur-kitap","9":"pa_yayinevi-cinaralti-yayinlari","10":"pa_yazar-ilknur-isik","12":"first","13":"instock","14":"sale","15":"shipping-taxable","16":"purchasable","17":"product-type-simple"},"_links":{"self":[{"href":"https:\/\/roveyayinevi.com.tr\/index.php\/wp-json\/wp\/v2\/product\/745384","targetHints":{"allow":["GET"]}}],"collection":[{"href":"https:\/\/roveyayinevi.com.tr\/index.php\/wp-json\/wp\/v2\/product"}],"about":[{"href":"https:\/\/roveyayinevi.com.tr\/index.php\/wp-json\/wp\/v2\/types\/product"}],"wp:attachment":[{"href":"https:\/\/roveyayinevi.com.tr\/index.php\/wp-json\/wp\/v2\/media?parent=745384"}],"wp:term":[{"taxonomy":"product_brand","embeddable":true,"href":"https:\/\/roveyayinevi.com.tr\/index.php\/wp-json\/wp\/v2\/product_brand?post=745384"},{"taxonomy":"product_cat","embeddable":true,"href":"https:\/\/roveyayinevi.com.tr\/index.php\/wp-json\/wp\/v2\/product_cat?post=745384"},{"taxonomy":"product_tag","embeddable":true,"href":"https:\/\/roveyayinevi.com.tr\/index.php\/wp-json\/wp\/v2\/product_tag?post=745384"}],"curies":[{"name":"wp","href":"https:\/\/api.w.org\/{rel}","templated":true}]}}