{"id":745373,"date":"2025-08-28T02:17:59","date_gmt":"2025-08-27T23:17:59","guid":{"rendered":"https:\/\/roveyayinevi.com.tr\/index.php\/urun\/kibarlik-budalasi-5\/"},"modified":"2026-04-16T02:57:40","modified_gmt":"2026-04-15T23:57:40","slug":"kibarlik-budalasi-5","status":"publish","type":"product","link":"https:\/\/roveyayinevi.com.tr\/index.php\/urun\/kibarlik-budalasi-5\/","title":{"rendered":"Kibarl\u0131k Budalas\u0131"},"content":{"rendered":"<p>Moli\u00e8re\u2019in tiyatro toplulu\u011fu taraf\u0131ndan XIV. Louis\u2019nin kar\u015f\u0131s\u0131nda temsil edilmi\u015f ve kral\u0131n takdirini kazanm\u0131\u015f Kibarl\u0131k Budalas\u0131, Fransa\u2019da burjuvalar\u0131n iyice palazlan\u0131p zenginli\u011fi ele ge\u00e7irmeye ba\u015flad\u0131klar\u0131 fakat asilzadelerin y\u00fcksek toplumsal stat\u00fcs\u00fcnden hen\u00fcz \u00e7ok uzak olduklar\u0131 bir d\u00f6nemin komedisi. Asillere hayran, paral\u0131 ama cahil ve k\u00fclt\u00fcrs\u00fcz M\u00f6sy\u00f6 Jourdain, onun asalet hayranl\u0131\u011f\u0131n\u0131 sonuna kadar s\u00f6m\u00fcren Kont, her biri kendi maddi \u00e7\u0131kar\u0131n\u0131n pe\u015findeki hocalar ve tabii ki k\u00fc\u00e7\u00fck a\u015fk hik\u00e2yeleri\u2026 Sivri kaleminin ele\u015ftiri oklar\u0131n\u0131 toplumun hi\u00e7bir kesiminden sak\u0131nmayan Moli\u00e8re, bu oyununda d\u00f6nemin yayg\u0131n Turquerie merak\u0131na uygun olarak Osmanl\u0131 saray\u0131na da selam \u00e7ak\u0131yor. \u201cBendeniz hat\u0131r\u0131 say\u0131l\u0131r mevkilerde bulunmu\u015f bir aileden geliyorum. Orduda alt\u0131 y\u0131l g\u00f6rev yapma \u015ferefine nail oldum. Epeyce param pulum da var, istesem kendime bir asalet san\u0131 payelendirirdim ama benim bu taraklarda bezim yoktur. Yerimde ba\u015fkas\u0131 olsa hakk\u0131md\u0131r deyip bir san yak\u0131\u015ft\u0131r\u0131verirdi kendine. Velhas\u0131l\u0131kelam, a\u00e7\u0131k\u00e7a derim ki ben asilzade de\u011filim.\u201d <\/p>\n","protected":false},"excerpt":{"rendered":"<p>Moli\u00e8re\u2019in tiyatro toplulu\u011fu taraf\u0131ndan XIV. Louis\u2019nin kar\u015f\u0131s\u0131nda temsil edilmi\u015f ve kral\u0131n takdirini kazanm\u0131\u015f Kibarl\u0131k Budalas\u0131, Fransa\u2019da burjuvalar\u0131n iyice palazlan\u0131p zenginli\u011fi ele ge\u00e7irmeye ba\u015flad\u0131klar\u0131 fakat asilzadelerin y\u00fcksek<span class=\"excerpt-hellip\"> [\u2026]<\/span><\/p>\n","protected":false},"featured_media":0,"template":"","meta":{"_monsterinsights_skip_tracking":false,"_monsterinsights_sitenote_active":false,"_monsterinsights_sitenote_note":"","_monsterinsights_sitenote_category":0},"product_brand":[],"product_cat":[12291,14272],"product_tag":[],"class_list":{"0":"post-745373","1":"product","2":"type-product","3":"status-publish","5":"product_cat-edebiyat","6":"product_cat-tiyatro","7":"pa_cilt-ciltsiz","8":"pa_tur-kitap","9":"pa_yayinevi-kirmizi-kedi-yayinevi","10":"pa_yazar-moliere","12":"first","13":"instock","14":"sale","15":"shipping-taxable","16":"purchasable","17":"product-type-simple"},"_links":{"self":[{"href":"https:\/\/roveyayinevi.com.tr\/index.php\/wp-json\/wp\/v2\/product\/745373","targetHints":{"allow":["GET"]}}],"collection":[{"href":"https:\/\/roveyayinevi.com.tr\/index.php\/wp-json\/wp\/v2\/product"}],"about":[{"href":"https:\/\/roveyayinevi.com.tr\/index.php\/wp-json\/wp\/v2\/types\/product"}],"wp:attachment":[{"href":"https:\/\/roveyayinevi.com.tr\/index.php\/wp-json\/wp\/v2\/media?parent=745373"}],"wp:term":[{"taxonomy":"product_brand","embeddable":true,"href":"https:\/\/roveyayinevi.com.tr\/index.php\/wp-json\/wp\/v2\/product_brand?post=745373"},{"taxonomy":"product_cat","embeddable":true,"href":"https:\/\/roveyayinevi.com.tr\/index.php\/wp-json\/wp\/v2\/product_cat?post=745373"},{"taxonomy":"product_tag","embeddable":true,"href":"https:\/\/roveyayinevi.com.tr\/index.php\/wp-json\/wp\/v2\/product_tag?post=745373"}],"curies":[{"name":"wp","href":"https:\/\/api.w.org\/{rel}","templated":true}]}}