{"id":745357,"date":"2025-08-28T02:17:40","date_gmt":"2025-08-27T23:17:40","guid":{"rendered":"https:\/\/roveyayinevi.com.tr\/index.php\/urun\/icindeki-matematikciyi-serbest-birak\/"},"modified":"2026-04-16T02:57:40","modified_gmt":"2026-04-15T23:57:40","slug":"icindeki-matematikciyi-serbest-birak","status":"publish","type":"product","link":"https:\/\/roveyayinevi.com.tr\/index.php\/urun\/icindeki-matematikciyi-serbest-birak\/","title":{"rendered":"\u0130\u00e7indeki Matematik\u00e7iyi Serbest B\u0131rak"},"content":{"rendered":"<p>\u0130\u00e7indeki Matematik\u00e7iyi Serbest B\u0131rak\u2019ta korkuyu, \u00f6zg\u00fcrl\u00fc\u011f\u00fc, \u00fcz\u00fcnt\u00fcy\u00fc ve ne\u015feyi matematiksel bir yolla y\u00f6netebilmeyi \u00f6\u011freneceksiniz. D\u2019Agostino, y\u0131llar s\u00fcren matematik \u00f6\u011fretmenli\u011finin getirdi\u011fi pratik anlay\u0131\u015f sayesinde, ilgin\u00e7 matematik konular\u0131n\u0131 300\u2019den fazla \u00e7izimle a\u00e7\u0131klayarak ele al\u0131yor. Okuru; rutinlerini de\u011fi\u015ftirmek, k\u0131yaslamalara direnmek, inan\u00e7l\u0131 olmak, g\u00fczelli\u011fi aramak, hayal d\u00fcnyalar\u0131n\u0131 geli\u015ftirmek ve kendilerine ba\u015far\u0131 hedefi koymak i\u00e7in y\u00fcreklendiriyor.     Ya\u015f\u0131 veya matematik ge\u00e7mi\u015fi ne olursa olsun, matematik \u00f6\u011frencileri ve heveslileri bu kitapta kendi yolculuklar\u0131nda cesaretlerini beslemek i\u00e7in tavsiyeler bulacak. \u0130\u00e7indeki Matematik\u00e7iyi Serbest B\u0131rak, yaln\u0131zca ilgi \u00e7ekici bir i\u00e7erik sunmakla kalmay\u0131p ayn\u0131 zamanda matematiksel ba\u015far\u0131ya ula\u015fman\u0131n do\u011fu\u015ftan gelen beceriden ziyade, merak ve kararl\u0131l\u0131kla m\u00fcmk\u00fcn oldu\u011fu konusunda g\u00fcven veriyor.<\/p>\n","protected":false},"excerpt":{"rendered":"<p>\u0130\u00e7indeki Matematik\u00e7iyi Serbest B\u0131rak\u2019ta korkuyu, \u00f6zg\u00fcrl\u00fc\u011f\u00fc, \u00fcz\u00fcnt\u00fcy\u00fc ve ne\u015feyi matematiksel bir yolla y\u00f6netebilmeyi \u00f6\u011freneceksiniz. D\u2019Agostino, y\u0131llar s\u00fcren matematik \u00f6\u011fretmenli\u011finin getirdi\u011fi pratik anlay\u0131\u015f sayesinde, ilgin\u00e7 matematik konular\u0131n\u0131<span class=\"excerpt-hellip\"> [\u2026]<\/span><\/p>\n","protected":false},"featured_media":0,"template":"","meta":{"_monsterinsights_skip_tracking":false,"_monsterinsights_sitenote_active":false,"_monsterinsights_sitenote_note":"","_monsterinsights_sitenote_category":0},"product_brand":[],"product_cat":[13005,16724],"product_tag":[],"class_list":{"0":"post-745357","1":"product","2":"type-product","3":"status-publish","5":"product_cat-bilim-muhendislik","6":"product_cat-matematik","7":"pa_cilt-ciltsiz","8":"pa_tur-kitap","9":"pa_yayinevi-nora-kitap","10":"pa_yazar-susan-dagostino","12":"first","13":"instock","14":"sale","15":"shipping-taxable","16":"purchasable","17":"product-type-simple"},"_links":{"self":[{"href":"https:\/\/roveyayinevi.com.tr\/index.php\/wp-json\/wp\/v2\/product\/745357","targetHints":{"allow":["GET"]}}],"collection":[{"href":"https:\/\/roveyayinevi.com.tr\/index.php\/wp-json\/wp\/v2\/product"}],"about":[{"href":"https:\/\/roveyayinevi.com.tr\/index.php\/wp-json\/wp\/v2\/types\/product"}],"wp:attachment":[{"href":"https:\/\/roveyayinevi.com.tr\/index.php\/wp-json\/wp\/v2\/media?parent=745357"}],"wp:term":[{"taxonomy":"product_brand","embeddable":true,"href":"https:\/\/roveyayinevi.com.tr\/index.php\/wp-json\/wp\/v2\/product_brand?post=745357"},{"taxonomy":"product_cat","embeddable":true,"href":"https:\/\/roveyayinevi.com.tr\/index.php\/wp-json\/wp\/v2\/product_cat?post=745357"},{"taxonomy":"product_tag","embeddable":true,"href":"https:\/\/roveyayinevi.com.tr\/index.php\/wp-json\/wp\/v2\/product_tag?post=745357"}],"curies":[{"name":"wp","href":"https:\/\/api.w.org\/{rel}","templated":true}]}}