{"id":745350,"date":"2025-08-28T02:17:31","date_gmt":"2025-08-27T23:17:31","guid":{"rendered":"https:\/\/roveyayinevi.com.tr\/index.php\/urun\/psikanaliz-defterleri-9-cocuk-ve-ergen-calismalari-cocuk-ergen-ve-bedeni\/"},"modified":"2026-04-16T02:57:39","modified_gmt":"2026-04-15T23:57:39","slug":"psikanaliz-defterleri-9-cocuk-ve-ergen-calismalari-cocuk-ergen-ve-bedeni","status":"publish","type":"product","link":"https:\/\/roveyayinevi.com.tr\/index.php\/urun\/psikanaliz-defterleri-9-cocuk-ve-ergen-calismalari-cocuk-ergen-ve-bedeni\/","title":{"rendered":"Psikanaliz Defterleri 9- \u00c7ocuk ve Ergen \u00c7al\u0131\u015fmalar\u0131 \/ \u00c7ocuk, Ergen ve Bedeni"},"content":{"rendered":"<p>Elsa Schmid-Kitsikis Beden ve Ruhsall\u0131k: Kuramsalla\u015ft\u0131rma   M. Egl\u00e9 Laufer \u0130\u00e7sel Nesne Olarak Beden   Talat Parman \u00c7ocukluktan Ergenli\u011fe Mast\u00fcrbasyon   Neslihan Zabc\u0131 Bedensel Ruhsal Geli\u015fimde Kapsanma Eksikli\u011fi Olarak Hiperaktivite   P\u0131nar Arslant\u00fcrk &#8211; Ece Naz Ermi\u015f \u201cFakat yara hi\u00e7 iyile\u015fmedi\u011finden akmaya devam ediyor\u2026\u201d   T\u00fcrk\u00fc \u015eahin Ergen, Beden ve Giysinin S\u0131n\u0131rlar\u0131 Aras\u0131nda: \u0130\u011frence Dair Bir Deneme   Sezai Halifeo\u011flu Spor Yapan Hayvan   Alper \u015eahin Ergenin Bedeni, Hastal\u0131klar\u0131: Psikanalitik Psikosomatik Bir Bak\u0131\u015f   Diran Donab\u00e9dian Ergenlik D\u00f6nemi Psikosomati\u011finde Duygulan\u0131m\u0131n Yeri   J.-C. Elbez Ergenlik ve Kanser   Myriam Boubli &#8211; Jean-Claude Elbez Ergenlikte Hipokondri Bozuklu\u011fu: Bir \u0130\u00e7selle\u015ftirme \u00c7al\u0131\u015fmas\u0131 m\u0131?   Myriam Boubli Bebekleri Hastaneye Kald\u0131r\u0131lan Annebabalarda \u00d6zde\u015fle\u015fim Bi\u00e7imleri ve Savunma Y\u00f6ntemleri   Ir\u00e8ne Nigolian Ergenlik ve Psikosomatik <\/p>\n","protected":false},"excerpt":{"rendered":"<p>Elsa Schmid-Kitsikis Beden ve Ruhsall\u0131k: Kuramsalla\u015ft\u0131rma M. Egl\u00e9 Laufer \u0130\u00e7sel Nesne Olarak Beden Talat Parman \u00c7ocukluktan Ergenli\u011fe Mast\u00fcrbasyon Neslihan Zabc\u0131 Bedensel Ruhsal Geli\u015fimde Kapsanma Eksikli\u011fi Olarak<span class=\"excerpt-hellip\"> [\u2026]<\/span><\/p>\n","protected":false},"featured_media":0,"template":"","meta":{"_monsterinsights_skip_tracking":false,"_monsterinsights_sitenote_active":false,"_monsterinsights_sitenote_note":"","_monsterinsights_sitenote_category":0},"product_brand":[],"product_cat":[20502,12357],"product_tag":[],"class_list":{"0":"post-745350","1":"product","2":"type-product","3":"status-publish","5":"product_cat-basvuru-kitaplari-psikoloji","6":"product_cat-psikoloji","7":"pa_cilt-ciltsiz","8":"pa_tur-kitap","9":"pa_yayinevi-yapi-kredi-yayinlari","10":"pa_yazar-kolektif","12":"first","13":"instock","14":"sale","15":"shipping-taxable","16":"purchasable","17":"product-type-simple"},"_links":{"self":[{"href":"https:\/\/roveyayinevi.com.tr\/index.php\/wp-json\/wp\/v2\/product\/745350","targetHints":{"allow":["GET"]}}],"collection":[{"href":"https:\/\/roveyayinevi.com.tr\/index.php\/wp-json\/wp\/v2\/product"}],"about":[{"href":"https:\/\/roveyayinevi.com.tr\/index.php\/wp-json\/wp\/v2\/types\/product"}],"wp:attachment":[{"href":"https:\/\/roveyayinevi.com.tr\/index.php\/wp-json\/wp\/v2\/media?parent=745350"}],"wp:term":[{"taxonomy":"product_brand","embeddable":true,"href":"https:\/\/roveyayinevi.com.tr\/index.php\/wp-json\/wp\/v2\/product_brand?post=745350"},{"taxonomy":"product_cat","embeddable":true,"href":"https:\/\/roveyayinevi.com.tr\/index.php\/wp-json\/wp\/v2\/product_cat?post=745350"},{"taxonomy":"product_tag","embeddable":true,"href":"https:\/\/roveyayinevi.com.tr\/index.php\/wp-json\/wp\/v2\/product_tag?post=745350"}],"curies":[{"name":"wp","href":"https:\/\/api.w.org\/{rel}","templated":true}]}}