{"id":745347,"date":"2025-08-28T02:17:29","date_gmt":"2025-08-27T23:17:29","guid":{"rendered":"https:\/\/roveyayinevi.com.tr\/index.php\/urun\/cocuklarla-sanat-ve-felsefe\/"},"modified":"2026-03-12T03:05:39","modified_gmt":"2026-03-12T00:05:39","slug":"cocuklarla-sanat-ve-felsefe","status":"publish","type":"product","link":"https:\/\/roveyayinevi.com.tr\/index.php\/urun\/cocuklarla-sanat-ve-felsefe\/","title":{"rendered":"\u00c7ocuklarla Sanat ve Felsefe"},"content":{"rendered":"<p>\u0130nsanl\u0131\u011f\u0131n her g\u00fcn yeni bir \u00fcr\u00fcn\u00fcyle tan\u0131\u015ft\u0131\u011f\u0131 dijital teknolojiye uyum s\u00fcrecinde duygusal zek\u00e2n\u0131n, sorgulay\u0131c\u0131 ve \u00e7\u00f6z\u00fcmleyici d\u00fc\u015f\u00fcnmenin \u00f6nemini halen korudu\u011funun bilincinde olanlara hitap eden \u00c7ocuklarla Sanat ve Felsefe, gelecek nesillerin kendilerini ve birbirlerini birer makine de\u011fil canl\u0131 olarak g\u00f6rebilmelerine y\u00f6nelik bir i\u00e7erik sunuyor.   \u00c7ocuklarla Sanat ve Felsefe, ebeveyn, bak\u0131m veren, veli ve \u00f6\u011fretmenlerin \u00e7ocuklar\u0131n kendi duygular\u0131n\u0131, d\u00fc\u015f\u00fcncelerini tan\u0131malar\u0131n\u0131, ya\u015fam\u0131 sorgulamalar\u0131n\u0131, analiz becerilerinin geli\u015fmesini sa\u011flamak i\u00e7in sanat\u0131 ve felsefeyi arac\u0131 olarak kullanmalar\u0131na yard\u0131mc\u0131 oluyor. Farkl\u0131 d\u00f6nemlerden, ak\u0131mlardan se\u00e7ilen 20 sanat\u00e7\u0131n\u0131n 20 eseri \u00fczerinden \u00e7ocuklarla yap\u0131lan soru\u015fturma uygulamalar\u0131na yer verilen kitapta, bir esere bakma deneyiminden hareketle \u00e7ocuklar\u0131n de\u011ferler ve toplumsal ele\u015ftiri alan\u0131nda bilgi-becerilerinin geli\u015fmesine katk\u0131da bulunuluyor.     Felsefeci ve \u00f6\u011fretmen Nur\u015fah Y\u0131lmaz ile Y\u0131lmaz Murat Bilican\u2019\u0131n \u00e7ocuklarla bizzat uygulad\u0131klar\u0131 \u00e7al\u0131\u015fmalardan yola \u00e7\u0131karak kaleme ald\u0131klar\u0131 \u00c7ocuklarla Felsefe ve Sanat, bu t\u00fcr \u00e7al\u0131\u015fmalar s\u0131ras\u0131nda kolayla\u015ft\u0131r\u0131c\u0131lar\u0131n dikkat etmesi gereken hususlar\u0131, \u00e7e\u015fitli ya\u015f gruplar\u0131yla \u00e7al\u0131\u015fma yaparken \u00fczerinde durulmas\u0131 gerekenleri, farkl\u0131 uygulama \u00f6rneklerini ayr\u0131nt\u0131yla anlat\u0131yor. Kitap, bug\u00fcn\u00fcn \u00e7ocuklar\u0131n\u0131n ileride d\u00fc\u015f\u00fcnmekten ve sorgulamaktan ho\u015flanan, davran\u0131\u015flar\u0131n\u0131n arkas\u0131nda duran birer yeti\u015fkin olmalar\u0131n\u0131 isteyenler i\u00e7in bir ba\u015flang\u0131\u00e7 noktas\u0131 olu\u015fturuyor. <\/p>\n","protected":false},"excerpt":{"rendered":"<p>\u0130nsanl\u0131\u011f\u0131n her g\u00fcn yeni bir \u00fcr\u00fcn\u00fcyle tan\u0131\u015ft\u0131\u011f\u0131 dijital teknolojiye uyum s\u00fcrecinde duygusal zek\u00e2n\u0131n, sorgulay\u0131c\u0131 ve \u00e7\u00f6z\u00fcmleyici d\u00fc\u015f\u00fcnmenin \u00f6nemini halen korudu\u011funun bilincinde olanlara hitap eden \u00c7ocuklarla Sanat<span class=\"excerpt-hellip\"> [\u2026]<\/span><\/p>\n","protected":false},"featured_media":0,"template":"","meta":{"_monsterinsights_skip_tracking":false,"_monsterinsights_sitenote_active":false,"_monsterinsights_sitenote_note":"","_monsterinsights_sitenote_category":0},"product_brand":[],"product_cat":[44608,12408],"product_tag":[],"class_list":{"0":"post-745347","1":"product","2":"type-product","3":"status-publish","5":"product_cat-diger-sanat","6":"product_cat-sanat","7":"pa_cilt-ciltsiz","8":"pa_tur-kitap","9":"pa_yayinevi-hayalperest-yayinlari","10":"pa_yazar-nursah-yilmaz-yilmaz-murat-bilican","12":"first","13":"instock","14":"sale","15":"shipping-taxable","16":"purchasable","17":"product-type-simple"},"_links":{"self":[{"href":"https:\/\/roveyayinevi.com.tr\/index.php\/wp-json\/wp\/v2\/product\/745347","targetHints":{"allow":["GET"]}}],"collection":[{"href":"https:\/\/roveyayinevi.com.tr\/index.php\/wp-json\/wp\/v2\/product"}],"about":[{"href":"https:\/\/roveyayinevi.com.tr\/index.php\/wp-json\/wp\/v2\/types\/product"}],"wp:attachment":[{"href":"https:\/\/roveyayinevi.com.tr\/index.php\/wp-json\/wp\/v2\/media?parent=745347"}],"wp:term":[{"taxonomy":"product_brand","embeddable":true,"href":"https:\/\/roveyayinevi.com.tr\/index.php\/wp-json\/wp\/v2\/product_brand?post=745347"},{"taxonomy":"product_cat","embeddable":true,"href":"https:\/\/roveyayinevi.com.tr\/index.php\/wp-json\/wp\/v2\/product_cat?post=745347"},{"taxonomy":"product_tag","embeddable":true,"href":"https:\/\/roveyayinevi.com.tr\/index.php\/wp-json\/wp\/v2\/product_tag?post=745347"}],"curies":[{"name":"wp","href":"https:\/\/api.w.org\/{rel}","templated":true}]}}